000
CXUS54 KFWD 010830
CF6RPH
PRELIMINARY LOCAL CLIMATOLOGICAL DATA (WS FORM: F-6)
STATION: GRAHAM
MONTH: NOVEMBER
YEAR: 2022
LATITUDE: 33 6 N
LONGITUDE: 98 30 W
TEMPERATURE IN F: :PCPN: SNOW: WIND :SUNSHINE: SKY :PK WND
================================================================================
1 2 3 4 5 6A 6B 7 8 9 10 11 12 13 14 15 16 17 18
12Z AVG MX 2MIN
DY MAX MIN AVG DEP HDD CDD WTR SNW DPTH SPD SPD DIR MIN PSBL S-S WX SPD DR
================================================================================
1 77 49 63 4 2 0 0.00 M M 3.7 9 140 M M 1 M M
2 76 54 65 7 0 0 0.00 M M 6.6 13 140 M M 2 21 140
3 82 62 72 14 0 7 0.00 M M 9.0 13 160 M M 5 1 26 160
4 83 46 65 7 0 0 T M M 10.2 25 300 M M 6 39 M
5 73 35 54 -3 11 0 0.00 M M 6.7 15 230 M M 0 22 230
6 83 57 70 13 0 5 0.00 M M 7.5 12 220 M M 0 17 220
7 76 47 62 5 3 0 0.02 M M 2.3 6 99 M M 3 M M
8 77 67 72 16 0 7 0.01 M M 7.6 12 140 M M 5 20 150
9 82 66 74 18 0 9 0.00 M M 8.6 15 130 M M 4 18 23 160
10 75 63 69 14 0 4 0.00 M M 7.0 13 130 M M 4 18 150
11 65 34 50 -5 15 0 T M M 13.2 23 350 M M 8 1 32 M
12 53 27 40 -14 25 0 0.00 M M 4.7 9 10 M M 0 8 17 20
13 55 24 40 -14 25 0 0.00 M M 5.4 12 110 M M 0 1 20 110
14 44 35 40 -14 25 0 T M M 6.6 17 320 M M 8 1 25 310
15 49 28 39 -14 26 0 0.00 M M 6.8 15 350 M M 1 21 360
16 55 28 42 -11 23 0 0.00 M M 2.1 9 340 M M 4 M M
17 61 25 43 -9 22 0 0.00 M M 3.0 10 260 M M 0 17 230
18 44 30 37 -15 28 0 T M M 6.9 13 20 M M 7 4 21 20
19 47 25 36 -16 29 0 0.00 M M 3.7 10 350 M M 7 17 340
20 52 19 36 -15 29 0 T M M 2.8 7 99 M M 5 M M
21 57 37 47 -4 18 0 T M M 2.4 7 99 M M 6 M M
22 60 33 47 -3 18 0 0.00 M M 3.2 8 120 M M 3 M M
23 59 50 55 5 10 0 0.01 M M 6.1 10 140 M M 10 1 16 130
24 60 49 55 6 10 0 0.02 M M 6.1 14 20 M M 10 1 22 20
25 49 44 47 -2 18 0 0.02 M M 9.4 14 350 M M 10 1 24 30
26 48 44 46 -3 19 0 0.19 M M 6.6 12 280 M M 9 1 18 280
27 59 35 47 -1 18 0 0.00 M M 4.9 10 310 M M 0 17 310
28 73 30 52 4 13 0 0.00 M M 6.4 14 200 M M 0 22 200
29 80 38 59 11 6 0 T M M 11.0 23 350 M M 0 33 350
30 49 28 39 -8 26 0 0.00 M M 6.9 17 360 M M 0 M M
================================================================================
SM 1903 1209 419 32 0.27 M 187.4 M 118
================================================================================
AV 63.4 40.3 6.2 FASTST M M 4 MAX(MPH)
MISC ----> 25 300 39 9999
================================================================================
NOTES:
# LAST OF SEVERAL OCCURRENCES
COLUMN 17 PEAK WIND IN M.P.H.
PRELIMINARY LOCAL CLIMATOLOGICAL DATA (WS FORM: F-6) , PAGE 2
STATION: GRAHAM
MONTH: NOVEMBER
YEAR: 2022
LATITUDE: 33 6 N
LONGITUDE: 98 30 W
[TEMPERATURE DATA] [PRECIPITATION DATA] SYMBOLS USED IN COLUMN 16
AVERAGE MONTHLY: 51.9 TOTAL FOR MONTH: 0.27 1 = FOG OR MIST
DPTR FM NORMAL: -1.1 DPTR FM NORMAL: -1.62 2 = FOG REDUCING VISIBILITY
HIGHEST: 83 ON 6, 4 GRTST 24HR 0.19 ON 26-26 TO 1/4 MILE OR LESS
LOWEST: 19 ON 20 3 = THUNDER
SNOW, ICE PELLETS, HAIL 4 = ICE PELLETS
TOTAL MONTH: M 5 = HAIL
GRTST 24HR M ON M 6 = FREEZING RAIN OR DRIZZLE
GRTST DEPTH: M ON M 7 = DUSTSTORM OR SANDSTORM:
VSBY 1/2 MILE OR LESS
8 = SMOKE OR HAZE
[NO. OF DAYS WITH] [WEATHER - DAYS WITH] 9 = BLOWING SNOW
X = TORNADO
MAX 32 OR BELOW: 0 0.01 INCH OR MORE: 6
MAX 90 OR ABOVE: 0 0.10 INCH OR MORE: 1
MIN 32 OR BELOW: 10 0.50 INCH OR MORE: 0
MIN 0 OR BELOW: 0 1.00 INCH OR MORE: 0
[HDD (BASE 65) ]
TOTAL THIS MO. 419 CLEAR (SCALE 0-3) 14
DPTR FM NORMAL 48 PTCLDY (SCALE 4-7) 11
TOTAL FM JUL 1 496 CLOUDY (SCALE 8-10) 5
DPTR FM NORMAL -9
[CDD (BASE 65) ]
TOTAL THIS MO. 32
DPTR FM NORMAL 21 [PRESSURE DATA]
TOTAL FM JAN 1 3140 HIGHEST SLP M ON M
DPTR FM NORMAL 841 LOWEST SLP M ON M
[REMARKS]
#FINAL-11-22#