000
CXUS56 KFGZ 010910
CF6RQE
PRELIMINARY LOCAL CLIMATOLOGICAL DATA (WS FORM: F-6)
STATION: WINDOW ROCK AZ AIRPORT
MONTH: MARCH
YEAR: 2023
LATITUDE: 35 39 N
LONGITUDE: 109 4 W
TEMPERATURE IN F: :PCPN: SNOW: WIND :SUNSHINE: SKY :PK WND
================================================================================
1 2 3 4 5 6A 6B 7 8 9 10 11 12 13 14 15 16 17 18
12Z AVG MX 2MIN
DY MAX MIN AVG DEP HDD CDD WTR SNW DPTH SPD SPD DIR MIN PSBL S-S WX SPD DR
================================================================================
1 37 26 32 -5 33 0 0.11 M M 10.4 25 220 M M 9 18 37 220
2 M M M M M M 0.21 M M 8.3 24 260 M M 4 12 31 270
3 43 25 34 -4 31 0 0.00 M M 6.8 15 280 M M 0 20 270
4 52 18 35 -3 30 0 0.00 M M 10.3 30 230 M M 0 39 230
5 52 33 43 5 22 0 0.00 M M 17.6 35 230 M M 0 43 220
6 57 30 44 6 21 0 0.00 M M 10.3 29 240 M M 0 37 230
7 55 32 44 5 21 0 0.00 M M 9.5 25 230 M M 0 36 220
8 58 31 45 6 20 0 0.00 M M 14.1 32 230 M M 0 44 220
9 54 24 39 0 26 0 0.00 M M 3.8 12 190 M M 0 17 170
10 58 24 41 2 24 0 T M M 10.6 31 230 M M 5 37 230
11 56 35 46 6 19 0 0.22 M M 16.2 35 250 M M 7 13 43 250
12 54 34 44 4 21 0 0.11 M M 7.4 21 230 M M 8 1 26 250
13 50 28 39 -1 26 0 T M M 4.8 23 310 M M 5 28 310
14 57 23 40 0 25 0 0.00 M M 5.6 23 230 M M 3 1 30 230
15 45 37 41 1 24 0 0.05 M M 9.8 23 230 M M 10 33 230
16 45 29 37 -4 28 0 0.17 M M 7.1 24 240 M M 8 1 30 240
17 41 25 33 -8 32 0 0.08 M M 4.6 13 80 M M 8 18 17 70
18 45 20 33 -8 32 0 0.00 M M 2.8 13 80 M M 1 17 60
19 47 22 35 -6 30 0 0.03 M M 7.0 26 230 M M 3 1 33 230
20 39 32 36 -6 29 0 0.11 M M 7.9 20 230 M M 8 1 24 230
21 42 32 37 -5 28 0 0.55 M M 9.0 24 230 M M 10 1 30 240
22 46 28 37 -5 28 0 0.13 M M 15.8 36 210 M M 9 1 52 210
23 43 24 34 -8 31 0 0.00 M M 4.8 22 230 M M 3 28 250
24 41 27 34 -8 31 0 0.11 M M 12.3 29 270 M M 8 128 37 260
25 38 23 31 -12 34 0 0.00 M M 7.3 24 250 M M 4 32 240
26 39 20 30 -13 35 0 T M M 7.0 24 240 M M 7 18 30 240
27 41 20 31 -12 34 0 0.00 M M 6.6 18 60 M M 0 23 80
28 58 15 37 -6 28 0 0.00 M M 3.5 20 230 M M 0 8 28 220
29 63 22 43 0 22 0 0.00 M M 8.3 28 230 M M 0 36 210
30 48 26 37 -7 28 0 0.14 M M 15.1 38 230 M M 6 128 50 200
31 47 20 34 -10 31 0 T M M 9.7 22 250 M M 2 27 260
================================================================================
SM 1451 785 824 0 2.02 M 274.3 M 128
================================================================================
AV 48.4 26.2 8.8 FASTST M M 4 MAX(MPH)
MISC ----> 38 230 52 210
================================================================================
NOTES:
# LAST OF SEVERAL OCCURRENCES
COLUMN 17 PEAK WIND IN M.P.H.
PRELIMINARY LOCAL CLIMATOLOGICAL DATA (WS FORM: F-6) , PAGE 2
STATION: WINDOW ROCK AZ AIRPORT
MONTH: MARCH
YEAR: 2023
LATITUDE: 35 39 N
LONGITUDE: 109 4 W
[TEMPERATURE DATA] [PRECIPITATION DATA] SYMBOLS USED IN COLUMN 16
AVERAGE MONTHLY: 37.3 TOTAL FOR MONTH: 2.02 1 = FOG OR MIST
DPTR FM NORMAL: -3.4 DPTR FM NORMAL: 1.36 2 = FOG REDUCING VISIBILITY
HIGHEST: 63 ON 29 GRTST 24HR 0.55 ON 21-21 TO 1/4 MILE OR LESS
LOWEST: 15 ON 28 3 = THUNDER
SNOW, ICE PELLETS, HAIL 4 = ICE PELLETS
TOTAL MONTH: M 5 = HAIL
GRTST 24HR M ON M 6 = FREEZING RAIN OR DRIZZLE
GRTST DEPTH: M ON M 7 = DUSTSTORM OR SANDSTORM:
VSBY 1/2 MILE OR LESS
8 = SMOKE OR HAZE
[NO. OF DAYS WITH] [WEATHER - DAYS WITH] 9 = BLOWING SNOW
X = TORNADO
MAX 32 OR BELOW: 0 0.01 INCH OR MORE: 13
MAX 90 OR ABOVE: 0 0.10 INCH OR MORE: 10
MIN 32 OR BELOW: 26 0.50 INCH OR MORE: 1
MIN 0 OR BELOW: 0 1.00 INCH OR MORE: 0
[HDD (BASE 65) ]
TOTAL THIS MO. 824 CLEAR (SCALE 0-3) 14
DPTR FM NORMAL 69 PTCLDY (SCALE 4-7) 12
TOTAL FM JUL 1 5411 CLOUDY (SCALE 8-10) 5
DPTR FM NORMAL 172
[CDD (BASE 65) ]
TOTAL THIS MO. 0
DPTR FM NORMAL 0 [PRESSURE DATA]
TOTAL FM JAN 1 0 HIGHEST SLP M ON M
DPTR FM NORMAL 0 LOWEST SLP 29.50 ON 2
[REMARKS]
#FINAL-03-23#