000
CXUS53 KGRB 230804
CF6RRL
PRELIMINARY LOCAL CLIMATOLOGICAL DATA (WS FORM: F-6)
STATION: MERRILL MUNICIPAL AI
MONTH: DECEMBER
YEAR: 2019
LATITUDE: 45 10 N
LONGITUDE: 89 42 W
TEMPERATURE IN F: :PCPN: SNOW: WIND :SUNSHINE: SKY :PK WND
================================================================================
1 2 3 4 5 6A 6B 7 8 9 10 11 12 13 14 15 16 17 18
12Z AVG MX 2MIN
DY MAX MIN AVG DEP HDD CDD WTR SNW DPTH SPD SPD DIR MIN PSBL S-S WX SPD DR
================================================================================
1 30 23 27 M 38 0 0.09 M 0 10.2 14 30 M M 9 20 20
2 32 6 19 M 46 0 0.00 0.0 0 2.9 8 350 M M 1 1 M M
3 32 14 23 M 42 0 0.00 0.0 0 4.1 9 270 M M 7 M M
4 34 23 29 M 36 0 0.00 0.0 0 9.4 16 320 M M 8 23 320
5 32 22 27 M 38 0 0.00 0.0 0 2.8 8 340 M M 10 M M
6 30 17 24 M 41 0 0.00 0.0 0 7.0 15 350 M M 6 23 340
7 34 17 26 M 39 0 0.00 0.0 0 4.9 10 200 M M 4 17 200
8 37 31 34 M 31 0 0.00 0.0 0 5.6 13 220 M M 8 20 210
9 34 12 23 M 42 0 0.04 M 0 8.0 15 360 M M 10 1 22 340
10 12 -10 1 M 64 0 0.00 0.0 0 6.5 13 270 M M 3 M M
11 6 -15 -4 M 69 0 0.00 0.0 0 4.5 9 240 M M 2 M M
12 19 -1 9 M 56 0 0.12 M 0 2.4 7 100 M M 10 M M
13 24 16 20 M 45 0 0.06 M 0 0.0 M M M M 10 1 M M
14 22 6 14 M 51 0 0.00 0.0 0 5.4 10 320 M M 8 1 16 320
15 11 -9 1 M 64 0 0.00 0.0 0 0.9 7 270 M M 7 M M
16 M M M M M M M M M M M M M M M M M
17 23 0 12 M 53 0 0.00 0.0 0 7.2 14 360 M M 7 1 20 360
18 8 -14 -3 M 68 0 0.00 0.0 0 3.5 7 180 M M 3 M M
19 26 3 15 M 50 0 0.00 0.0 0 0.7 8 120 M M 5 M M
20 32 19 26 M 39 0 0.00 0.0 0 8.1 14 160 M M 6 1 22 160
21 33 15 24 M 41 0 0.00 0.0 0 3.2 6 230 M M 3 1 M M
22 41 10 26 M 39 0 0.00 0.0 0 2.1 9 230 M M 3 12 M M
================================================================================
SM 552 185 992 0 0.31 0.0 99.4 M 130
================================================================================
AV 26.3 8.8 4.7 FASTST M M 6 MAX(MPH)
MISC ----> # 16 320 # 23 320
================================================================================
NOTES:
# LAST OF SEVERAL OCCURRENCES
COLUMN 17 PEAK WIND IN M.P.H.
PRELIMINARY LOCAL CLIMATOLOGICAL DATA (WS FORM: F-6) , PAGE 2
STATION: MERRILL MUNICIPAL AI
MONTH: DECEMBER
YEAR: 2019
LATITUDE: 45 10 N
LONGITUDE: 89 42 W
[TEMPERATURE DATA] [PRECIPITATION DATA] SYMBOLS USED IN COLUMN 16
AVERAGE MONTHLY: 17.6 TOTAL FOR MONTH: 0.31 1 = FOG OR MIST
DPTR FM NORMAL: M DPTR FM NORMAL: M 2 = FOG REDUCING VISIBILITY
HIGHEST: 41 ON 22 GRTST 24HR 0.12 ON 12-12 TO 1/4 MILE OR LESS
LOWEST: -15 ON 11 3 = THUNDER
SNOW, ICE PELLETS, HAIL 4 = ICE PELLETS
TOTAL MONTH: 0.0 INCH 5 = HAIL
GRTST 24HR 0.0 6 = FREEZING RAIN OR DRIZZLE
GRTST DEPTH: 0 7 = DUSTSTORM OR SANDSTORM:
VSBY 1/2 MILE OR LESS
8 = SMOKE OR HAZE
[NO. OF DAYS WITH] [WEATHER - DAYS WITH] 9 = BLOWING SNOW
X = TORNADO
MAX 32 OR BELOW: 15 0.01 INCH OR MORE: 4
MAX 90 OR ABOVE: 0 0.10 INCH OR MORE: 1
MIN 32 OR BELOW: 21 0.50 INCH OR MORE: 0
MIN 0 OR BELOW: 6 1.00 INCH OR MORE: 0
[HDD (BASE 65) ]
TOTAL THIS MO. 992 CLEAR (SCALE 0-3) 5
DPTR FM NORMAL M PTCLDY (SCALE 4-7) 9
TOTAL FM JUL 1 3116 CLOUDY (SCALE 8-10) 7
DPTR FM NORMAL M
[CDD (BASE 65) ]
TOTAL THIS MO. 0
DPTR FM NORMAL M [PRESSURE DATA]
TOTAL FM JAN 1 228 HIGHEST SLP M ON M
DPTR FM NORMAL 228 LOWEST SLP M ON M
[REMARKS]