000
CXUS55 KPIH 020608
CF6RXE
PRELIMINARY LOCAL CLIMATOLOGICAL DATA (WS FORM: F-6)
STATION: REXBURG ID
MONTH: SEPTEMBER
YEAR: 2020
LATITUDE: 43 49 N
LONGITUDE: 111 48 W
TEMPERATURE IN F: :PCPN: SNOW: WIND :SUNSHINE: SKY :PK WND
================================================================================
1 2 3 4 5 6A 6B 7 8 9 10 11 12 13 14 15 16 17 18
12Z AVG MX 2MIN
DY MAX MIN AVG DEP HDD CDD WTR SNW DPTH SPD SPD DIR MIN PSBL S-S WX SPD DR
================================================================================
1 71 37 54 -8 11 0 0.00 M M 5.4 15 190 M M 1 1 19 200
2 84 43 64 3 1 0 0.00 M M 8.8 23 200 M M 0 30 210
3 87 46 67 6 0 2 0.00 M M 5.0 14 210 M M 0 20 240
4 89 48 69 9 0 4 0.00 M M 3.6 9 260 M M 0 12 260
5 94 47 71 11 0 6 0.00 M M 5.8 17 240 M M 0 22 190
6 88 48 68 8 0 3 0.00 M M 7.0 14 200 M M 0 8 20 210
7 78 M M M M M M M M M M M M M M 18 M M
8 59 38 49 -10 16 0 0.00 M M 16.5 35 30 M M 1 47 40
9 73 33 53 -5 12 0 0.00 M M 6.0 20 30 M M 0 25 60
10 74 37 56 -2 9 0 0.00 M M 4.8 12 200 M M 0 15 180
11 77 38 58 1 7 0 0.00 M M 6.2 15 200 M M 0 21 190
12 82 40 61 4 4 0 0.00 M M 4.6 14 240 M M 0 19 260
13 81 41 61 4 4 0 0.00 M M 3.9 9 240 M M 3 8 12 230
14 85 40 63 7 2 0 0.00 M M 5.7 15 240 M M 0 8 19 210
15 84 41 63 7 2 0 0.00 M M 4.7 13 210 M M 0 16 200
16 81 43 62 7 3 0 0.00 M M 3.3 9 220 M M 4 8 12 200
17 86 43 65 10 0 0 0.00 M M 2.4 8 220 M M 0 8 11 210
18 79 45 62 7 3 0 0.00 M M 3.6 12 200 M M 1 8 17 170
19 65 46 56 2 9 0 0.32 M M 8.6 26 250 M M 5 138 36 280
20 66 39 53 -1 12 0 0.00 M M 4.6 14 240 M M 1 22 220
21 77 40 59 5 6 0 0.00 M M 4.0 9 260 M M 0 12 270
22 81 43 62 9 3 0 0.00 M M 6.4 17 230 M M 0 21 220
23 78 42 60 7 5 0 0.00 M M 6.7 17 210 M M 0 24 210
24 79 48 64 12 1 0 0.00 M M 13.3 30 220 M M 0 8 39 230
25 68 52 60 8 5 0 0.00 M M 14.3 26 230 M M 2 36 230
26 66 45 56 4 9 0 T M M 11.0 25 210 M M 5 40 220
27 62 37 50 -1 15 0 T M M 4.2 14 20 M M 2 17 30
28 65 30 48 -3 17 0 0.00 M M 3.3 10 60 M M 0 13 70
29 72 32 52 1 13 0 0.00 M M 3.6 12 250 M M 0 16 210
30 76 34 55 5 10 0 0.00 M M 3.1 9 190 M M 0 13 230
================================================================================
SM 2307 1196 179 15 0.32 M 180.4 M 25
================================================================================
AV 76.9 41.2 6.2 FASTST M M 1 MAX(MPH)
MISC ----> # 35 30 # 47 40
================================================================================
NOTES:
# LAST OF SEVERAL OCCURRENCES
PRECIPITATION SUSPECT DURING FREEZING/FROZEN EVENTS
COLUMN 17 PEAK WIND IN M.P.H.
7TH: HIGH WIND EVENT. LOSS OF POWER FROM 0700 MST TO 1200 MST.
PRELIMINARY LOCAL CLIMATOLOGICAL DATA (WS FORM: F-6) , PAGE 2
STATION: REXBURG ID
MONTH: SEPTEMBER
YEAR: 2020
LATITUDE: 43 49 N
LONGITUDE: 111 48 W
[TEMPERATURE DATA] [PRECIPITATION DATA] SYMBOLS USED IN COLUMN 16
AVERAGE MONTHLY: 59.1 TOTAL FOR MONTH: 0.32 1 = FOG OR MIST
DPTR FM NORMAL: 3.4 DPTR FM NORMAL: -0.64 2 = FOG REDUCING VISIBILITY
HIGHEST: 94 ON 5 GRTST 24HR 0.32 ON 19-19 TO 1/4 MILE OR LESS
LOWEST: 30 ON 28 3 = THUNDER
SNOW, ICE PELLETS, HAIL 4 = ICE PELLETS
TOTAL MONTH: M 5 = HAIL
GRTST 24HR M ON M 6 = FREEZING RAIN OR DRIZZLE
GRTST DEPTH: M ON M 7 = DUSTSTORM OR SANDSTORM:
VSBY 1/2 MILE OR LESS
8 = SMOKE OR HAZE
[NO. OF DAYS WITH] [WEATHER - DAYS WITH] 9 = BLOWING SNOW
X = TORNADO
MAX 32 OR BELOW: 0 0.01 INCH OR MORE: 1
MAX 90 OR ABOVE: 1 0.10 INCH OR MORE: 1
MIN 32 OR BELOW: 2 0.50 INCH OR MORE: 0
MIN 0 OR BELOW: 0 1.00 INCH OR MORE: 0
[HDD (BASE 65) ]
TOTAL THIS MO. 179 CLEAR (SCALE 0-3) 25
DPTR FM NORMAL -106 PTCLDY (SCALE 4-7) 4
TOTAL FM JUL 1 209 CLOUDY (SCALE 8-10) 0
DPTR FM NORMAL -149
[CDD (BASE 65) ]
TOTAL THIS MO. 15
DPTR FM NORMAL 9 [PRESSURE DATA]
TOTAL FM JAN 1 349 HIGHEST SLP 30.54 ON 28
DPTR FM NORMAL 141 LOWEST SLP 29.67 ON 7
[REMARKS]
#FINAL-09-20#