000
CXUS55 KPIH 011100
CF6RXE
PRELIMINARY LOCAL CLIMATOLOGICAL DATA (WS FORM: F-6)
STATION: REXBURG
MONTH: OCTOBER
YEAR: 2023
LATITUDE: 43 49 N
LONGITUDE: 111 48 W
TEMPERATURE IN F: :PCPN: SNOW: WIND :SUNSHINE: SKY :PK WND
================================================================================
1 2 3 4 5 6A 6B 7 8 9 10 11 12 13 14 15 16 17 18
12Z AVG MX 2MIN
DY MAX MIN AVG DEP HDD CDD WTR SNW DPTH SPD SPD DIR MIN PSBL S-S WX SPD DR
================================================================================
1 63 41 52 1 13 0 0.14 M M 5.7 26 190 M M 4 3 39 190
2 49 39 44 -7 21 0 0.10 M M 5.4 15 210 M M 8 12 21 220
3 56 45 51 1 14 0 0.37 M M 8.9 17 230 M M 9 13 25 210
4 59 43 51 1 14 0 0.00 M M 7.0 15 210 M M 9 22 220
5 65 41 53 3 12 0 0.00 M M 3.1 10 210 M M 4 1 14 200
6 68 40 54 5 11 0 0.00 M M 2.6 8 60 M M 0 11 80
7 72 38 55 6 10 0 0.00 M M 3.0 8 240 M M 0 12 240
8 73 39 56 8 9 0 0.00 M M 2.8 9 210 M M 0 12 210
9 75 40 58 10 7 0 0.00 M M 2.4 10 280 M M 0 19 280
10 71 44 58 11 7 0 T M M 7.4 24 260 M M 4 39 270
11 54 44 49 2 16 0 0.43 M M 8.1 21 200 M M 9 13 29 200
12 54 41 48 2 17 0 0.20 M M 4.2 12 320 M M 8 1 21 310
13 59 33 46 0 19 0 0.00 M M 2.6 13 200 M M 3 1 18 200
14 60 39 50 4 15 0 0.00 M M 3.0 9 240 M M 2 14 230
15 66 37 52 7 13 0 0.00 M M 3.8 8 60 M M 1 10 70
16 72 38 55 10 10 0 0.00 M M 2.3 8 200 M M 0 11 20
17 70 42 56 12 9 0 0.00 M M 9.9 24 240 M M 1 8 37 250
18 66 39 53 9 12 0 0.00 M M 5.4 10 200 M M 0 15 210
19 70 37 54 11 11 0 0.00 M M 2.9 10 220 M M 0 16 240
20 71 38 55 12 10 0 0.00 M M 3.5 12 240 M M 0 16 240
21 70 39 55 12 10 0 0.00 M M 2.9 14 240 M M 0 18 240
22 71 37 54 12 11 0 T M M 3.1 9 30 M M 1 13 30
23 56 44 50 8 15 0 0.04 M M 5.8 13 220 M M 7 21 200
24 58 45 52 11 13 0 0.00 M M 10.6 21 230 M M 4 31 240
25 53 43 48 7 17 0 0.25 M M 11.9 21 200 M M 8 31 170
26 43 29 36 -4 29 0 0.15 M M 10.6 25 200 M M 8 128 37 200
27 42 26 34 -6 31 0 T M M 5.7 14 60 M M 5 22 20
28 39 23 31 -9 34 0 T M M 6.1 13 60 M M 4 17 60
29 38 19 29 -10 36 0 0.00 M M 4.0 13 60 M M 0 8 18 60
30 41 17 29 -10 36 0 0.00 M M 2.4 8 250 M M 0 11 230
31 49 20 35 -3 30 0 0.00 M M 2.3 7 240 M M 0 8 11 260
================================================================================
SM 1853 1140 512 0 1.68 M 159.4 M 99
================================================================================
AV 59.8 36.8 5.1 FASTST M M 3 MAX(MPH)
MISC ----> 26 190 # 39 190
================================================================================
NOTES:
# LAST OF SEVERAL OCCURRENCES
COLUMN 17 PEAK WIND IN M.P.H.
PRELIMINARY LOCAL CLIMATOLOGICAL DATA (WS FORM: F-6) , PAGE 2
STATION: REXBURG
MONTH: OCTOBER
YEAR: 2023
LATITUDE: 43 49 N
LONGITUDE: 111 48 W
[TEMPERATURE DATA] [PRECIPITATION DATA] SYMBOLS USED IN COLUMN 16
AVERAGE MONTHLY: 48.3 TOTAL FOR MONTH: 1.68 1 = FOG OR MIST
DPTR FM NORMAL: 3.5 DPTR FM NORMAL: 0.65 2 = FOG REDUCING VISIBILITY
HIGHEST: 75 ON 9 GRTST 24HR 0.61 ON 11-12 TO 1/4 MILE OR LESS
LOWEST: 17 ON 30 3 = THUNDER
SNOW, ICE PELLETS, HAIL 4 = ICE PELLETS
TOTAL MONTH: M 5 = HAIL
GRTST 24HR M ON M 6 = FREEZING RAIN OR DRIZZLE
GRTST DEPTH: M ON M 7 = DUSTSTORM OR SANDSTORM:
VSBY 1/2 MILE OR LESS
8 = SMOKE OR HAZE
[NO. OF DAYS WITH] [WEATHER - DAYS WITH] 9 = BLOWING SNOW
X = TORNADO
MAX 32 OR BELOW: 0 0.01 INCH OR MORE: 8
MAX 90 OR ABOVE: 0 0.10 INCH OR MORE: 7
MIN 32 OR BELOW: 6 0.50 INCH OR MORE: 0
MIN 0 OR BELOW: 0 1.00 INCH OR MORE: 0
[HDD (BASE 65) ]
TOTAL THIS MO. 512 CLEAR (SCALE 0-3) 16
DPTR FM NORMAL -116 PTCLDY (SCALE 4-7) 10
TOTAL FM JUL 1 655 CLOUDY (SCALE 8-10) 5
DPTR FM NORMAL -275
[CDD (BASE 65) ]
TOTAL THIS MO. 0
DPTR FM NORMAL 0 [PRESSURE DATA]
TOTAL FM JAN 1 404 HIGHEST SLP 30.63 ON 29
DPTR FM NORMAL 147 LOWEST SLP 29.49 ON 11
[REMARKS]
#FINAL-10-23#