000
CXUS54 KEWX 011010
CF6SAT
PRELIMINARY LOCAL CLIMATOLOGICAL DATA (WS FORM: F-6)
STATION: SAN ANTONIO
MONTH: MARCH
YEAR: 2020
LATITUDE: 29 31 N
LONGITUDE: 98 28 W
TEMPERATURE IN F: :PCPN: SNOW: WIND :SUNSHINE: SKY :PK WND
================================================================================
1 2 3 4 5 6A 6B 7 8 9 10 11 12 13 14 15 16 17 18
12Z AVG MX 2MIN
DY MAX MIN AVG DEP HDD CDD WTR SNW DPTH SPD SPD DIR MIN PSBL S-S WX SPD DR
================================================================================
1 76 56 66 7 0 1 0.00 0.0 0 7.6 15 200 M M 8 21 200
2 75 64 70 11 0 5 0.00 0.0 0 5.9 15 30 M M 10 1 20 30
3 76 61 69 10 0 4 T 0.0 0 5.8 20 90 M M 10 1 24 100
4 70 54 62 3 3 0 0.48 0.0 0 12.9 28 310 M M 8 13 37 310
5 75 48 62 2 3 0 0.00 0.0 0 9.2 20 350 M M 3 29 10
6 72 47 60 0 5 0 0.00 0.0 0 8.6 17 70 M M 5 26 40
7 67 49 58 -2 7 0 0.00 0.0 0 6.8 18 120 M M 7 22 130
8 76 48 62 2 3 0 T 0.0 0 11.3 25 140 M M 9 1 33 150
9 73 64 69 9 0 4 0.03 0.0 0 7.2 16 170 M M 10 1 23 160
10 79 64 72 11 0 7 0.00 0.0 0 5.8 17 170 M M 9 1 24 170
11 86 65 76 15 0 11 T 0.0 0 9.1 20 140 M M 8 12 27 140
12 87 65 76 15 0 11 0.00 0.0 0 9.8 21 140 M M 8 26 140
13 85 67 76 14 0 11 0.00 0.0 0 11.5 24 130 M M 9 32 110
14 84 69 77 15 0 12 0.00 0.0 0 11.5 20 130 M M 10 34 150
15 71 64 68 6 0 3 T 0.0 0 7.3 14 70 M M 10 1 19 70
16 79 64 72 10 0 7 T 0.0 0 7.8 21 120 M M 9 1 27 120
17 83 67 75 13 0 10 T 0.0 0 12.6 25 140 M M 9 3 32 130
18 87 69 78 15 0 13 0.01 0.0 0 13.3 24 130 M M 9 32 130
19 83 69 76 13 0 11 0.16 0.0 0 9.2 25 140 M M 10 3 35 140
20 72 54 63 0 2 0 0.25 0.0 0 14.0 28 130 M M 10 13 40 140
21 54 50 52 -11 13 0 0.51 0.0 0 8.7 18 20 M M 10 13 26 30
22 65 54 60 -4 5 0 0.01 0.0 0 3.2 7 40 M M 10 12 11 60
23 81 63 72 8 0 7 0.00 0.0 0 6.4 17 150 M M 9 12 23 140
24 92 63 78 14 0 13 0.00 0.0 0 4.6 16 150 M M 6 1 21 140
25 87 51 69 5 0 4 0.00 0.0 0 6.9 17 160 M M 2 12 23 140
26 90 67 79 15 0 14 0.00 0.0 0 12.5 21 120 M M 6 1 30 170
27 89 68 79 14 0 14 0.00 0.0 0 10.7 20 170 M M 8 1 31 170
28 83 53 68 3 0 3 0.06 0.0 0 8.8 30 330 M M 8 13 41 340
29 81 50 66 1 0 1 T 0.0 0 8.3 18 110 M M 6 28 100
30 75 60 68 3 0 3 0.01 0.0 0 4.7 12 100 M M 10 18 16 110
31 79 54 67 1 0 2 0.00 0.0 0 7.1 13 30 M M 5 1 21 10
================================================================================
SM 2432 1841 41 171 1.52 0.0 269.1 M 251
================================================================================
AV 78.5 59.4 8.7 FASTST M M 8 MAX(MPH)
MISC ----> # 30 330 # 41 340
================================================================================
NOTES:
# LAST OF SEVERAL OCCURRENCES
COLUMN 17 PEAK WIND IN M.P.H.
PRELIMINARY LOCAL CLIMATOLOGICAL DATA (WS FORM: F-6) , PAGE 2
STATION: SAN ANTONIO
MONTH: MARCH
YEAR: 2020
LATITUDE: 29 31 N
LONGITUDE: 98 28 W
[TEMPERATURE DATA] [PRECIPITATION DATA] SYMBOLS USED IN COLUMN 16
AVERAGE MONTHLY: 68.9 TOTAL FOR MONTH: 1.52 1 = FOG OR MIST
DPTR FM NORMAL: 6.7 DPTR FM NORMAL: -0.79 2 = FOG REDUCING VISIBILITY
HIGHEST: 92 ON 24 GRTST 24HR 0.51 ON 21-21 TO 1/4 MILE OR LESS
LOWEST: 47 ON 6 3 = THUNDER
SNOW, ICE PELLETS, HAIL 4 = ICE PELLETS
TOTAL MONTH: 0.0 INCH 5 = HAIL
GRTST 24HR 0.0 6 = FREEZING RAIN OR DRIZZLE
GRTST DEPTH: 0 7 = DUSTSTORM OR SANDSTORM:
VSBY 1/2 MILE OR LESS
8 = SMOKE OR HAZE
[NO. OF DAYS WITH] [WEATHER - DAYS WITH] 9 = BLOWING SNOW
X = TORNADO
MAX 32 OR BELOW: 0 0.01 INCH OR MORE: 9
MAX 90 OR ABOVE: 2 0.10 INCH OR MORE: 4
MIN 32 OR BELOW: 0 0.50 INCH OR MORE: 1
MIN 0 OR BELOW: 0 1.00 INCH OR MORE: 0
[HDD (BASE 65) ]
TOTAL THIS MO. 41 CLEAR (SCALE 0-3) 2
DPTR FM NORMAL -113 PTCLDY (SCALE 4-7) 11
TOTAL FM JUL 1 1163 CLOUDY (SCALE 8-10) 18
DPTR FM NORMAL -292
[CDD (BASE 65) ]
TOTAL THIS MO. 171
DPTR FM NORMAL 106 [PRESSURE DATA]
TOTAL FM JAN 1 209 HIGHEST SLP 30.51 ON 6
DPTR FM NORMAL 118 LOWEST SLP 29.61 ON 27
[REMARKS]
#FINAL-03-20#