000
CXUS56 KLOX 011155
CF6SBA
PRELIMINARY LOCAL CLIMATOLOGICAL DATA (WS FORM: F-6)
STATION: SANTA BARBARA AIRPORT CA
MONTH: JULY
YEAR: 2023
LATITUDE: 34 25 N
LONGITUDE: 119 50 W
TEMPERATURE IN F: :PCPN: SNOW: WIND :SUNSHINE: SKY :PK WND
================================================================================
1 2 3 4 5 6A 6B 7 8 9 10 11 12 13 14 15 16 17 18
12Z AVG MX 2MIN
DY MAX MIN AVG DEP HDD CDD WTR SNW DPTH SPD SPD DIR MIN PSBL S-S WX SPD DR
================================================================================
1 69 58 64 0 1 0 0.00 M M 6.8 14 250 M M 8 18 17 260
2 70 58 64 0 1 0 0.00 M M 6.4 17 260 M M 8 18 21 250
3 70 58 64 -1 1 0 0.00 M M 4.8 10 140 M M 6 18 13 130
4 68 58 63 -2 2 0 0.00 M M 8.9 17 260 M M 6 18 21 260
5 69 56 63 -2 2 0 0.00 M M 6.7 16 240 M M 6 18 19 230
6 71 54 63 -2 2 0 0.00 M M 6.6 15 150 M M 2 18 19 120
7 69 53 61 -4 4 0 0.00 M M 5.3 12 160 M M 4 18 14 160
8 70 53 62 -3 3 0 0.00 M M 5.5 16 120 M M 1 18 21 130
9 75 54 65 0 0 0 0.00 M M 5.1 15 130 M M 0 18 18 140
10 74 57 66 1 0 1 0.00 M M 6.6 15 260 M M 0 17 260
11 68 57 63 -3 2 0 0.00 M M 4.6 13 250 M M 7 128 15 240
12 75 56 66 0 0 1 0.00 M M 4.6 10 230 M M 4 128 12 250
13 77 58 68 2 0 3 0.00 M M 5.9 13 130 M M 2 18 16 120
14 78 56 67 1 0 2 0.00 M M 4.6 10 140 M M 0 8 13 140
15 75 58 67 1 0 2 0.00 M M 4.7 10 130 M M 1 18 13 130
16 74 58 66 0 0 1 0.00 M M 4.4 12 240 M M 5 128 14 240
17 74 60 67 1 0 2 0.00 M M 4.8 12 250 M M 4 1 14 250
18 75 61 68 2 0 3 0.00 M M 4.6 14 260 M M 3 18 16 240
19 77 60 69 3 0 4 0.00 M M 5.1 12 240 M M 4 128 14 250
20 78 58 68 2 0 3 0.00 M M 4.1 12 140 M M 1 8 15 260
21 75 62 69 3 0 4 0.00 M M 6.0 14 140 M M 2 18 16 150
22 75 60 68 2 0 3 0.00 M M 7.2 16 140 M M 6 128 19 120
23 76 61 69 3 0 4 0.00 M M 7.5 17 130 M M 4 128 21 130
24 75 62 69 3 0 4 0.00 M M 5.7 16 240 M M 4 128 19 240
25 82 63 73 7 0 8 0.00 M M 5.5 15 260 M M 2 18 18 260
26 82 61 72 6 0 7 0.00 M M 5.1 10 240 M M 0 8 15 240
27 79 61 70 4 0 5 0.00 M M 4.8 10 130 M M 0 18 13 200
28 80 62 71 5 0 6 0.00 M M 4.5 10 140 M M 0 18 14 150
29 78 61 70 4 0 5 0.00 M M 4.6 15 240 M M 0 18 18 240
30 77 62 70 4 0 5 0.00 M M 5.8 15 140 M M 0 18 19 140
31 80 63 72 6 0 7 0.00 M M 5.9 13 110 M M 1 18 17 110
================================================================================
SM 2315 1819 18 80 0.00 M 172.7 M 91
================================================================================
AV 74.7 58.7 5.6 FASTST M M 3 MAX(MPH)
MISC ----> # 17 260 # 21 250
================================================================================
NOTES:
# LAST OF SEVERAL OCCURRENCES
COLUMN 17 PEAK WIND IN M.P.H.
PRELIMINARY LOCAL CLIMATOLOGICAL DATA (WS FORM: F-6) , PAGE 2
STATION: SANTA BARBARA AIRPORT CA
MONTH: JULY
YEAR: 2023
LATITUDE: 34 25 N
LONGITUDE: 119 50 W
[TEMPERATURE DATA] [PRECIPITATION DATA] SYMBOLS USED IN COLUMN 16
AVERAGE MONTHLY: 66.7 TOTAL FOR MONTH: 0.00 1 = FOG OR MIST
DPTR FM NORMAL: 1.0 DPTR FM NORMAL: -0.02 2 = FOG REDUCING VISIBILITY
HIGHEST: 82 ON 26,25 GRTST 24HR T ON 30-30 TO 1/4 MILE OR LESS
LOWEST: 53 ON 8, 7 3 = THUNDER
SNOW, ICE PELLETS, HAIL 4 = ICE PELLETS
TOTAL MONTH: M 5 = HAIL
GRTST 24HR M ON M 6 = FREEZING RAIN OR DRIZZLE
GRTST DEPTH: M ON M 7 = DUSTSTORM OR SANDSTORM:
VSBY 1/2 MILE OR LESS
8 = SMOKE OR HAZE
[NO. OF DAYS WITH] [WEATHER - DAYS WITH] 9 = BLOWING SNOW
X = TORNADO
MAX 32 OR BELOW: 0 0.01 INCH OR MORE: 0
MAX 90 OR ABOVE: 0 0.10 INCH OR MORE: 0
MIN 32 OR BELOW: 0 0.50 INCH OR MORE: 0
MIN 0 OR BELOW: 0 1.00 INCH OR MORE: 0
[HDD (BASE 65) ]
TOTAL THIS MO. 18 CLEAR (SCALE 0-3) 16
DPTR FM NORMAL -11 PTCLDY (SCALE 4-7) 14
TOTAL FM JUL 1 18 CLOUDY (SCALE 8-10) 1
DPTR FM NORMAL -15
[CDD (BASE 65) ]
TOTAL THIS MO. 80
DPTR FM NORMAL 29 [PRESSURE DATA]
TOTAL FM JAN 1 80 HIGHEST SLP 30.01 ON 24
DPTR FM NORMAL -2 LOWEST SLP 29.78 ON 7
[REMARKS]
#FINAL-07-23#