000
CXUS53 KMKX 010810
CF6SBM
PRELIMINARY LOCAL CLIMATOLOGICAL DATA (WS FORM: F-6)
STATION: SHEBOYGAN WI
MONTH: OCTOBER
YEAR: 2021
LATITUDE: 43 46 N
LONGITUDE: 87 51 W
TEMPERATURE IN F: :PCPN: SNOW: WIND :SUNSHINE: SKY :PK WND
================================================================================
1 2 3 4 5 6A 6B 7 8 9 10 11 12 13 14 15 16 17 18
12Z AVG MX 2MIN
DY MAX MIN AVG DEP HDD CDD WTR SNW DPTH SPD SPD DIR MIN PSBL S-S WX SPD DR
================================================================================
1 79 50 65 10 0 0 0.00 M M 3.1 12 180 M M 4 12 17 140
2 81 57 69 15 0 4 0.05 M M 4.6 12 170 M M 4 12 15 180
3 71 62 67 13 0 2 0.69 M M 2.4 12 320 M M 8 138 16 320
4 67 62 65 12 0 0 0.00 M M 8.4 16 30 M M 10 1 21 20
5 69 57 63 10 2 0 0.00 M M 9.0 17 50 M M 8 1 22 50
6 69 52 61 8 4 0 0.00 M M 5.6 13 70 M M 2 12 16 50
7 67 61 64 12 1 0 0.19 M M 6.4 14 70 M M 10 1 17 70
8 73 59 66 14 0 1 0.17 M M 3.9 10 170 M M 7 123 16 170
9 72 60 66 15 0 1 0.00 M M 4.4 12 150 M M 8 12 16 150
10 74 61 68 17 0 3 T M M 10.0 21 190 M M 3 1 28 180
11 72 59 66 16 0 1 0.13 M M 4.2 18 220 M M 5 18 25 210
12 71 62 67 17 0 2 0.02 M M 7.0 16 270 M M 9 1 22 270
13 68 61 65 15 0 0 T M M 8.8 24 180 M M 8 1 38 170
14 68 45 57 8 8 0 T M M 7.7 17 250 M M 3 1 23 240
15 56 44 50 1 15 0 T M M 6.1 13 330 M M 2 19 320
16 59 43 51 3 14 0 T M M 10.9 24 310 M M 2 35 290
17 65 41 53 5 12 0 0.00 M M 9.5 21 290 M M 0 31 320
18 69 39 54 6 11 0 0.00 M M 3.7 12 180 M M 0 1 15 130
19 75 44 60 13 5 0 0.00 M M 6.0 17 210 M M 0 1 22 220
20 69 49 59 12 6 0 0.04 M M 6.3 16 70 M M 5 13 23 90
21 60 36 48 2 17 0 0.09 M M 8.2 20 260 M M 8 12 26 350
22 49 33 41 -5 24 0 0.00 M M 4.6 13 330 M M 3 19 340
23 54 32 43 -3 22 0 0.00 M M 4.9 13 320 M M 3 18 300
24 53 30 42 -3 23 0 0.00 M M 11.5 28 60 M M 4 39 50
25 55 43 49 4 16 0 0.04 M M 17.9 30 40 M M 7 39 50
26 53 33 43 -1 22 0 0.00 0.0 0 6.3 15 30 M M 1 20 20
27 54 31 43 -1 22 0 0.00 M M 5.7 14 120 M M 8 24 140
28 57 52 55 11 10 0 0.17 M M 8.7 18 60 M M 8 1 24 70
29 55 51 53 10 12 0 0.14 M M 13.1 28 40 M M 10 36 40
30 59 39 49 6 16 0 0.00 M M 8.6 15 340 M M 4 23 360
31 52 35 44 2 21 0 0.00 M M 11.2 22 310 M M 4 35 300
================================================================================
SM 1995 1483 283 14 1.73 0.0 228.7 M 158
================================================================================
AV 64.4 47.8 7.4 FASTST M M 5 MAX(MPH)
MISC ----> 30 40 # 39 50
================================================================================
NOTES:
# LAST OF SEVERAL OCCURRENCES
COLUMN 17 PEAK WIND IN M.P.H.
PRELIMINARY LOCAL CLIMATOLOGICAL DATA (WS FORM: F-6) , PAGE 2
STATION: SHEBOYGAN WI
MONTH: OCTOBER
YEAR: 2021
LATITUDE: 43 46 N
LONGITUDE: 87 51 W
[TEMPERATURE DATA] [PRECIPITATION DATA] SYMBOLS USED IN COLUMN 16
AVERAGE MONTHLY: 56.1 TOTAL FOR MONTH: 1.73 1 = FOG OR MIST
DPTR FM NORMAL: 7.6 DPTR FM NORMAL: -1.03 2 = FOG REDUCING VISIBILITY
HIGHEST: 81 ON 2 GRTST 24HR 0.69 ON 3- 3 TO 1/4 MILE OR LESS
LOWEST: 30 ON 24 3 = THUNDER
SNOW, ICE PELLETS, HAIL 4 = ICE PELLETS
TOTAL MONTH: 0.0 INCH 5 = HAIL
GRTST 24HR 0.0 6 = FREEZING RAIN OR DRIZZLE
GRTST DEPTH: 0 7 = DUSTSTORM OR SANDSTORM:
VSBY 1/2 MILE OR LESS
8 = SMOKE OR HAZE
[NO. OF DAYS WITH] [WEATHER - DAYS WITH] 9 = BLOWING SNOW
X = TORNADO
MAX 32 OR BELOW: 0 0.01 INCH OR MORE: 11
MAX 90 OR ABOVE: 0 0.10 INCH OR MORE: 6
MIN 32 OR BELOW: 3 0.50 INCH OR MORE: 1
MIN 0 OR BELOW: 0 1.00 INCH OR MORE: 0
[HDD (BASE 65) ]
TOTAL THIS MO. 283 CLEAR (SCALE 0-3) 10
DPTR FM NORMAL -231 PTCLDY (SCALE 4-7) 16
TOTAL FM JUL 1 365 CLOUDY (SCALE 8-10) 5
DPTR FM NORMAL -383
[CDD (BASE 65) ]
TOTAL THIS MO. 14
DPTR FM NORMAL 11 [PRESSURE DATA]
TOTAL FM JAN 1 677 HIGHEST SLP M ON M
DPTR FM NORMAL 271 LOWEST SLP 29.61 ON 10
[REMARKS]
#FINAL-10-21#