000
CXUS53 KMKX 010810
CF6SBM
PRELIMINARY LOCAL CLIMATOLOGICAL DATA (WS FORM: F-6)
STATION: SHEBOYGAN WI
MONTH: JUNE
YEAR: 2021
LATITUDE: 43 46 N
LONGITUDE: 87 51 W
TEMPERATURE IN F: :PCPN: SNOW: WIND :SUNSHINE: SKY :PK WND
================================================================================
1 2 3 4 5 6A 6B 7 8 9 10 11 12 13 14 15 16 17 18
12Z AVG MX 2MIN
DY MAX MIN AVG DEP HDD CDD WTR SNW DPTH SPD SPD DIR MIN PSBL S-S WX SPD DR
================================================================================
1 71 46 59 -1 6 0 0.00 M M 5.6 15 170 M M 1 20 160
2 77 51 64 4 1 0 0.00 M M 4.3 14 180 M M 0 20 170
3 88 52 70 9 0 5 0.02 M M 9.3 22 350 M M 4 8 33 350
4 94 65 80 19 0 15 0.00 M M 17.7 29 240 M M 1 8 39 230
5 96 73 85 23 0 20 0.00 M M 15.0 23 230 M M 0 33 240
6 91 69 80 18 0 15 0.00 0.0 0 11.4 23 170 M M 1 31 210
7 87 68 78 16 0 13 0.00 0.0 0 8.0 16 170 M M 2 18 21 170
8 88 65 77 15 0 12 0.00 M M 4.4 14 180 M M 0 18 18 180
9 84 63 74 11 0 9 0.00 M M 5.2 16 50 M M 0 128 20 60
10 85 63 74 11 0 9 0.00 M M 4.7 14 310 M M 0 1 21 310
11 90 63 77 14 0 12 0.00 M M 5.7 18 70 M M 0 23 70
12 89 60 75 11 0 10 0.00 M M 4.0 14 300 M M 1 1 20 320
13 88 57 73 9 0 8 0.00 M M 7.9 28 50 M M 1 1 38 50
14 82 56 69 5 0 4 0.01 M M 7.7 22 20 M M 2 3 30 40
15 76 53 65 0 0 0 0.00 M M 8.3 20 60 M M 1 26 50
16 76 48 62 -3 3 0 0.00 M M 4.2 12 120 M M 0 17 100
17 87 52 70 5 0 5 0.24 M M 9.7 22 180 M M 2 13 30 180
18 88 62 75 10 0 10 0.83 M M 9.1 32 170 M M 3 138 43 150
19 73 57 65 -1 0 0 T M M 6.6 18 340 M M 2 13 27 340
20 80 55 68 2 0 3 0.26 M M 3.8 16 200 M M 5 1 22 200
21 68 49 59 -7 6 0 T M M 11.9 24 320 M M 6 1 37 300
22 72 46 59 -7 6 0 T M M 6.9 18 260 M M 4 26 280
23 79 52 66 -1 0 1 T M M 8.1 21 210 M M 6 26 200
24 73 63 68 1 0 3 0.80 M M 10.4 25 180 M M 6 13 33 190
25 80 64 72 5 0 7 0.00 M M 5.6 17 180 M M 7 128 23 210
26 75 61 68 1 0 3 0.33 M M 4.5 12 60 M M 10 12 15 60
27 76 62 69 1 0 4 T M M 6.5 20 250 M M 7 1 27 250
28 77 63 70 2 0 5 T M M 4.3 13 170 M M 4 16 170
29 79 67 73 5 0 8 0.85 M M 4.0 15 320 M M 7 1 21 320
30 85 63 74 6 0 9 T M M 6.7 22 50 M M 1 13 30 50
================================================================================
SM 2454 1768 22 190 3.34 0.0 221.5 M 84
================================================================================
AV 81.8 58.9 7.4 FASTST M M 3 MAX(MPH)
MISC ----> 32 170 43 150
================================================================================
NOTES:
# LAST OF SEVERAL OCCURRENCES
COLUMN 17 PEAK WIND IN M.P.H.
PRELIMINARY LOCAL CLIMATOLOGICAL DATA (WS FORM: F-6) , PAGE 2
STATION: SHEBOYGAN WI
MONTH: JUNE
YEAR: 2021
LATITUDE: 43 46 N
LONGITUDE: 87 51 W
[TEMPERATURE DATA] [PRECIPITATION DATA] SYMBOLS USED IN COLUMN 16
AVERAGE MONTHLY: 70.4 TOTAL FOR MONTH: 3.34 1 = FOG OR MIST
DPTR FM NORMAL: 5.9 DPTR FM NORMAL: -0.43 2 = FOG REDUCING VISIBILITY
HIGHEST: 96 ON 5 GRTST 24HR 1.07 ON 17-18 TO 1/4 MILE OR LESS
LOWEST: 46 ON 22, 1 3 = THUNDER
SNOW, ICE PELLETS, HAIL 4 = ICE PELLETS
TOTAL MONTH: 0.0 INCH 5 = HAIL
GRTST 24HR 0.0 6 = FREEZING RAIN OR DRIZZLE
GRTST DEPTH: 0 7 = DUSTSTORM OR SANDSTORM:
VSBY 1/2 MILE OR LESS
8 = SMOKE OR HAZE
[NO. OF DAYS WITH] [WEATHER - DAYS WITH] 9 = BLOWING SNOW
X = TORNADO
MAX 32 OR BELOW: 0 0.01 INCH OR MORE: 8
MAX 90 OR ABOVE: 4 0.10 INCH OR MORE: 6
MIN 32 OR BELOW: 0 0.50 INCH OR MORE: 3
MIN 0 OR BELOW: 0 1.00 INCH OR MORE: 0
[HDD (BASE 65) ]
TOTAL THIS MO. 22 CLEAR (SCALE 0-3) 19
DPTR FM NORMAL -71 PTCLDY (SCALE 4-7) 10
TOTAL FM JUL 1 6788 CLOUDY (SCALE 8-10) 1
DPTR FM NORMAL -783
[CDD (BASE 65) ]
TOTAL THIS MO. 190
DPTR FM NORMAL 112 [PRESSURE DATA]
TOTAL FM JAN 1 224 HIGHEST SLP M ON M
DPTR FM NORMAL 133 LOWEST SLP 29.39 ON 20
[REMARKS]
#FINAL-06-21#