000
CDUS43 KIWX 240524
CLISBN


CLIMATE REPORT
NATIONAL WEATHER SERVICE NORTHERN INDIANA
123 AM EDT TUE APR 24 2018


...................................

...THE SOUTH BEND CLIMATE SUMMARY FOR APRIL 23 2018...

CLIMATE NORMAL PERIOD 1981 TO 2010
CLIMATE RECORD PERIOD 1893 TO 2018


WEATHER ITEM   OBSERVED TIME   RECORD YEAR NORMAL DEPARTURE LAST
                VALUE   (LST)  VALUE       VALUE  FROM      YEAR
                                                  NORMAL
..................................................................
TEMPERATURE (F)
 YESTERDAY
  MAXIMUM         72    303 PM  86    1960  63      9       69
                                      1925
  MINIMUM         41    534 AM  20    1936  41      0       31
  AVERAGE         57                        52      5       50

PRECIPITATION (IN)
  YESTERDAY        T             1.07 1966   0.11  -0.11     0.00
  MONTH TO DATE    2.92                      2.44   0.48     2.02
  SINCE MAR 1      4.70                      4.86  -0.16     6.25
  SINCE JAN 1     14.71                      9.10   5.61    13.24

SNOWFALL (IN)
  YESTERDAY        0.0           2.9  1967   0.0    0.0      0.0
  MONTH TO DATE    1.5                       1.3    0.2      0.6
  SINCE MAR 1      9.1                       8.4    0.7      8.5
  SINCE JUL 1     93.1                      66.5   26.6     42.2
  SNOW DEPTH       0

DEGREE DAYS
 HEATING
  YESTERDAY        8                        14     -6       15
  MONTH TO DATE  617                       403    214      327
  SINCE MAR 1   1564                      1258    306     1189
  SINCE JUL 1   6257                      5947    310     5166

 COOLING
  YESTERDAY        0                         0      0        0
  MONTH TO DATE    0                         0      0        4
  SINCE MAR 1      0                         1     -1        4
  SINCE JAN 1      0                         1     -1        4
..................................................................


WIND (MPH)
  HIGHEST WIND SPEED    20   HIGHEST WIND DIRECTION    SE (140)
  HIGHEST GUST SPEED    24   HIGHEST GUST DIRECTION    SE (120)
  AVERAGE WIND SPEED     8.9


SKY COVER
  AVERAGE SKY COVER 0.3


WEATHER CONDITIONS
 THE FOLLOWING WEATHER WAS RECORDED YESTERDAY.
  LIGHT RAIN


RELATIVE HUMIDITY (PERCENT)
 HIGHEST    86           900 PM
 LOWEST     31          1200 AM
 AVERAGE    59

..........................................................


THE SOUTH BEND CLIMATE NORMALS FOR TODAY
                         NORMAL    RECORD    YEAR
 MAXIMUM TEMPERATURE (F)   63        85      2009
                                             1994
                                             1990
 MINIMUM TEMPERATURE (F)   42        25      1930


SUNRISE AND SUNSET
APRIL 24 2018.........SUNRISE   652 AM EDT   SUNSET   836 PM EDT
APRIL 25 2018.........SUNRISE   650 AM EDT   SUNSET   837 PM EDT


-  INDICATES NEGATIVE NUMBERS.
R  INDICATES RECORD WAS SET OR TIED.
MM INDICATES DATA IS MISSING.
T  INDICATES TRACE AMOUNT.




$$
