000
CDUS43 KIWX 230545
CLISBN


CLIMATE REPORT
NATIONAL WEATHER SERVICE NORTHERN INDIANA
143 AM EDT WED MAY 23 2018


...................................

...THE SOUTH BEND CLIMATE SUMMARY FOR MAY 22 2018...

CLIMATE NORMAL PERIOD 1981 TO 2010
CLIMATE RECORD PERIOD 1893 TO 2018


WEATHER ITEM   OBSERVED TIME   RECORD YEAR NORMAL DEPARTURE LAST
                VALUE   (LST)  VALUE       VALUE  FROM      YEAR
                                                  NORMAL
..................................................................
TEMPERATURE (F)
 YESTERDAY
  MAXIMUM         68   1101 AM  92    1925  72     -4       71
  MINIMUM         48   1159 PM  32    1997  51     -3       48
  AVERAGE         58                        61     -3       60

PRECIPITATION (IN)
  YESTERDAY        0.00          2.79 1982   0.12  -0.12     0.00
  MONTH TO DATE    7.30                      2.65   4.65     3.97
  SINCE MAR 1     12.08                      8.30   3.78    11.29
  SINCE JAN 1     22.09                     12.54   9.55    18.28

SNOWFALL (IN)
  YESTERDAY        0.0           0.0  2002   0.0    0.0      0.0
                                      2001
  MONTH TO DATE    0.0                       0.0    0.0      0.0
  SINCE MAR 1      9.1                       8.5    0.6      8.5
  SINCE JUL 1     93.1                      66.6   26.5     42.2
  SNOW DEPTH       0

DEGREE DAYS
 HEATING
  YESTERDAY        7                         6      1        5
  MONTH TO DATE   81                       182   -101      239
  SINCE MAR 1   1774                      1524    250     1491
  SINCE JUL 1   6467                      6213    254     5468

 COOLING
  YESTERDAY        0                         2     -2        0
  MONTH TO DATE   22                        26     -4       25
  SINCE MAR 1     22                        36    -14       36
  SINCE JAN 1     22                        36    -14       36
..................................................................


WIND (MPH)
  HIGHEST WIND SPEED    16   HIGHEST WIND DIRECTION    NW (310)
  HIGHEST GUST SPEED    18   HIGHEST GUST DIRECTION    NW (310)
  AVERAGE WIND SPEED     7.2


SKY COVER
  AVERAGE SKY COVER 0.8


WEATHER CONDITIONS
 THE FOLLOWING WEATHER WAS RECORDED YESTERDAY.
  FOG
  FOG W/VISIBILITY <= 1/4 MILE


RELATIVE HUMIDITY (PERCENT)
 HIGHEST   100           600 AM
 LOWEST     76          1100 AM
 AVERAGE    88

..........................................................


THE SOUTH BEND CLIMATE NORMALS FOR TODAY
                         NORMAL    RECORD    YEAR
 MAXIMUM TEMPERATURE (F)   72        92      1921
 MINIMUM TEMPERATURE (F)   51        31      1963


SUNRISE AND SUNSET
MAY 23 2018...........SUNRISE   619 AM EDT   SUNSET   906 PM EDT
MAY 24 2018...........SUNRISE   618 AM EDT   SUNSET   907 PM EDT


-  INDICATES NEGATIVE NUMBERS.
R  INDICATES RECORD WAS SET OR TIED.
MM INDICATES DATA IS MISSING.
T  INDICATES TRACE AMOUNT.




$$
