000
CDUS43 KIWX 160536
CLISBN


CLIMATE REPORT
NATIONAL WEATHER SERVICE NORTHERN INDIANA
135 AM EDT WED MAY 16 2018


...................................

...THE SOUTH BEND CLIMATE SUMMARY FOR MAY 15 2018...

CLIMATE NORMAL PERIOD 1981 TO 2010
CLIMATE RECORD PERIOD 1893 TO 2018


WEATHER ITEM   OBSERVED TIME   RECORD YEAR NORMAL DEPARTURE LAST
                VALUE   (LST)  VALUE       VALUE  FROM      YEAR
                                                  NORMAL
..................................................................
TEMPERATURE (F)
 YESTERDAY
  MAXIMUM         72    310 PM  90    1991  70      2       78
  MINIMUM         53   1159 PM  31    2016  48      5       48
  AVERAGE         63                        59      4       63

PRECIPITATION (IN)
  YESTERDAY        0.29          1.44 1916   0.12   0.17     0.00
  MONTH TO DATE    6.03                      1.77   4.26     2.78
  SINCE MAR 1     10.81                      7.42   3.39    10.10
  SINCE JAN 1     20.82                     11.66   9.16    17.09

SNOWFALL (IN)
  YESTERDAY        0.0           0.0  2002   0.0    0.0      0.0
                                      2001
  MONTH TO DATE    0.0                       0.0    0.0      0.0
  SINCE MAR 1      9.1                       8.5    0.6      8.5
  SINCE JUL 1     93.1                      66.6   26.5     42.2
  SNOW DEPTH       0

DEGREE DAYS
 HEATING
  YESTERDAY        2                         7     -5        2
  MONTH TO DATE   56                       137    -81      207
  SINCE MAR 1   1749                      1479    270     1459
  SINCE JUL 1   6442                      6168    274     5436

 COOLING
  YESTERDAY        0                         1     -1        0
  MONTH TO DATE   21                        13      8        0
  SINCE MAR 1     21                        23     -2       11
  SINCE JAN 1     21                        23     -2       11
..................................................................


WIND (MPH)
  HIGHEST WIND SPEED    17   HIGHEST WIND DIRECTION    NW (330)
  HIGHEST GUST SPEED    20   HIGHEST GUST DIRECTION    NW (330)
  AVERAGE WIND SPEED     8.1


SKY COVER
  AVERAGE SKY COVER 0.5


WEATHER CONDITIONS
 THE FOLLOWING WEATHER WAS RECORDED YESTERDAY.
  THUNDERSTORM
  HEAVY RAIN
  RAIN
  LIGHT RAIN
  FOG


RELATIVE HUMIDITY (PERCENT)
 HIGHEST   100           300 AM
 LOWEST     73           200 PM
 AVERAGE    87

..........................................................


THE SOUTH BEND CLIMATE NORMALS FOR TODAY
                         NORMAL    RECORD    YEAR
 MAXIMUM TEMPERATURE (F)   70        89      1962
                                             1900
 MINIMUM TEMPERATURE (F)   49        30      1904


SUNRISE AND SUNSET
MAY 16 2018...........SUNRISE   625 AM EDT   SUNSET   859 PM EDT
MAY 17 2018...........SUNRISE   624 AM EDT   SUNSET   900 PM EDT


-  INDICATES NEGATIVE NUMBERS.
R  INDICATES RECORD WAS SET OR TIED.
MM INDICATES DATA IS MISSING.
T  INDICATES TRACE AMOUNT.




$$
