615
CDUS43 KIWX 180023
CLISBN


CLIMATE REPORT
NATIONAL WEATHER SERVICE NORTHERN INDIANA
823 PM EDT TUE APR 17 2018


...................................

...THE SOUTH BEND CLIMATE SUMMARY FOR APRIL 17 2018...
VALID AS OF 0800 PM LOCAL TIME.

CLIMATE NORMAL PERIOD 1981 TO 2010
CLIMATE RECORD PERIOD 1893 TO 2018


WEATHER ITEM   OBSERVED TIME   RECORD YEAR NORMAL DEPARTURE LAST
                VALUE   (LST)  VALUE       VALUE  FROM      YEAR
                                                  NORMAL
..................................................................
TEMPERATURE (F)
 TODAY
  MAXIMUM         37    545 PM  85    1977  60    -23       69
                                      1896
  MINIMUM         28    542 AM  23    1904  39    -11       39
  AVERAGE         33                        50    -17       54

PRECIPITATION (IN)
  TODAY            T             1.07 1969   0.11  -0.11     0.00
  MONTH TO DATE    2.67                      1.79   0.88     1.39
  SINCE MAR 1      4.45                      4.21   0.24     5.62
  SINCE JAN 1     14.46                      8.45   6.01    12.61

SNOWFALL (IN)
  TODAY            T             1.8  1961   0.0    0.0      0.0
  MONTH TO DATE    1.3                       1.1    0.2      0.6
  SINCE MAR 1      8.9                       8.2    0.7      8.5
  SINCE JUL 1     92.9                      66.3   26.6     42.2
  SNOW DEPTH       0

DEGREE DAYS
 HEATING
  TODAY           32                        16     16       11
  MONTH TO DATE  483                       316    167      265
  SINCE MAR 1   1430                      1171    259     1127
  SINCE JUL 1   6123                      5860    263     5104

 COOLING
  TODAY            0                         0      0        0
  MONTH TO DATE    0                         0      0        4
  SINCE MAR 1      0                         1     -1        4
  SINCE JAN 1      0                         1     -1        4
..................................................................


WIND (MPH)
  RESULTANT WIND SPEED  15   RESULTANT WIND DIRECTION  NW (300)
  HIGHEST WIND SPEED    24   HIGHEST WIND DIRECTION    NW (300)
  HIGHEST GUST SPEED    30   HIGHEST GUST DIRECTION    NW (310)
  AVERAGE WIND SPEED    16.2


SKY COVER
  POSSIBLE SUNSHINE  MM
  AVERAGE SKY COVER 0.8


WEATHER CONDITIONS
 THE FOLLOWING WEATHER WAS RECORDED TODAY.
  LIGHT SNOW


RELATIVE HUMIDITY (PERCENT)
 HIGHEST    78           100 AM
 LOWEST     48           500 PM
 AVERAGE    63

..........................................................


THE SOUTH BEND CLIMATE NORMALS FOR TOMORROW
                         NORMAL    RECORD    YEAR
 MAXIMUM TEMPERATURE (F)   61        87      2004
 MINIMUM TEMPERATURE (F)   40        23      1926


SUNRISE AND SUNSET
APRIL 17 2018.........SUNRISE   702 AM EDT   SUNSET   828 PM EDT
APRIL 18 2018.........SUNRISE   701 AM EDT   SUNSET   829 PM EDT


-  INDICATES NEGATIVE NUMBERS.
R  INDICATES RECORD WAS SET OR TIED.
MM INDICATES DATA IS MISSING.
T  INDICATES TRACE AMOUNT.




$$
