000
CDUS43 KIWX 190527
CLISBN


CLIMATE REPORT
NATIONAL WEATHER SERVICE NORTHERN INDIANA
126 AM EDT THU APR 19 2018


...................................

...THE SOUTH BEND CLIMATE SUMMARY FOR APRIL 18 2018...

CLIMATE NORMAL PERIOD 1981 TO 2010
CLIMATE RECORD PERIOD 1893 TO 2018


WEATHER ITEM   OBSERVED TIME   RECORD YEAR NORMAL DEPARTURE LAST
                VALUE   (LST)  VALUE       VALUE  FROM      YEAR
                                                  NORMAL
..................................................................
TEMPERATURE (F)
 YESTERDAY
  MAXIMUM         41   1228 PM  87    2004  61    -20       74
  MINIMUM         20R   428 AM  23    1926  40    -20       45
  AVERAGE         31                        50    -19       60

PRECIPITATION (IN)
  YESTERDAY        0.11          1.95 1975   0.11   0.00     0.00
  MONTH TO DATE    2.78                      1.90   0.88     1.39
  SINCE MAR 1      4.56                      4.32   0.24     5.62
  SINCE JAN 1     14.57                      8.56   6.01    12.61

SNOWFALL (IN)
  YESTERDAY        0.0           1.5  1989   0.1   -0.1      0.0
  MONTH TO DATE    1.3                       1.2    0.1      0.6
  SINCE MAR 1      8.9                       8.3    0.6      8.5
  SINCE JUL 1     92.9                      66.4   26.5     42.2
  SNOW DEPTH       0

DEGREE DAYS
 HEATING
  YESTERDAY       34                        15     19        5
  MONTH TO DATE  520                       331    189      270
  SINCE MAR 1   1467                      1186    281     1132
  SINCE JUL 1   6160                      5875    285     5109

 COOLING
  YESTERDAY        0                         0      0        0
  MONTH TO DATE    0                         0      0        4
  SINCE MAR 1      0                         1     -1        4
  SINCE JAN 1      0                         1     -1        4
..................................................................


WIND (MPH)
  HIGHEST WIND SPEED    17   HIGHEST WIND DIRECTION     E (100)
  HIGHEST GUST SPEED    22   HIGHEST GUST DIRECTION     E (80)
  AVERAGE WIND SPEED     5.7


SKY COVER
  AVERAGE SKY COVER 0.6


WEATHER CONDITIONS
 THE FOLLOWING WEATHER WAS RECORDED YESTERDAY.
  LIGHT RAIN
  FOG


RELATIVE HUMIDITY (PERCENT)
 HIGHEST   100           700 PM
 LOWEST     51          1200 PM
 AVERAGE    76

..........................................................


THE SOUTH BEND CLIMATE NORMALS FOR TODAY
                         NORMAL    RECORD    YEAR
 MAXIMUM TEMPERATURE (F)   61        84      1985
 MINIMUM TEMPERATURE (F)   40        20      1926


SUNRISE AND SUNSET
APRIL 19 2018.........SUNRISE   659 AM EDT   SUNSET   830 PM EDT
APRIL 20 2018.........SUNRISE   658 AM EDT   SUNSET   831 PM EDT


-  INDICATES NEGATIVE NUMBERS.
R  INDICATES RECORD WAS SET OR TIED.
MM INDICATES DATA IS MISSING.
T  INDICATES TRACE AMOUNT.




$$
