000
CDUS43 KIWX 170522
CLISBN


CLIMATE REPORT
NATIONAL WEATHER SERVICE NORTHERN INDIANA
122 AM EDT TUE APR 17 2018


...................................

...THE SOUTH BEND CLIMATE SUMMARY FOR APRIL 16 2018...

CLIMATE NORMAL PERIOD 1981 TO 2010
CLIMATE RECORD PERIOD 1893 TO 2018


WEATHER ITEM   OBSERVED TIME   RECORD YEAR NORMAL DEPARTURE LAST
                VALUE   (LST)  VALUE       VALUE  FROM      YEAR
                                                  NORMAL
..................................................................
TEMPERATURE (F)
 YESTERDAY
  MAXIMUM         34   1214 AM  86    1976  60    -26       71
                                      1896
  MINIMUM         28    846 AM  22    1935  39    -11       45
  AVERAGE         31                        49    -18       58

PRECIPITATION (IN)
  YESTERDAY        0.05          1.75 1930   0.11  -0.06     0.03
  MONTH TO DATE    2.67                      1.68   0.99     1.39
  SINCE MAR 1      4.45                      4.10   0.35     5.62
  SINCE JAN 1     14.46                      8.34   6.12    12.61

SNOWFALL (IN)
  YESTERDAY        0.1           8.1  1961   0.0    0.1      0.0
  MONTH TO DATE    1.3                       1.1    0.2      0.6
  SINCE MAR 1      8.9                       8.2    0.7      8.5
  SINCE JUL 1     92.9                      66.3   26.6     42.2
  SNOW DEPTH       0

DEGREE DAYS
 HEATING
  YESTERDAY       34                        16     18        7
  MONTH TO DATE  451                       300    151      254
  SINCE MAR 1   1398                      1155    243     1116
  SINCE JUL 1   6091                      5844    247     5093

 COOLING
  YESTERDAY        0                         0      0        0
  MONTH TO DATE    0                         0      0        4
  SINCE MAR 1      0                         1     -1        4
  SINCE JAN 1      0                         1     -1        4
..................................................................


WIND (MPH)
  HIGHEST WIND SPEED    22   HIGHEST WIND DIRECTION     W (290)
  HIGHEST GUST SPEED    28   HIGHEST GUST DIRECTION     W (270)
  AVERAGE WIND SPEED    15.2


SKY COVER
  AVERAGE SKY COVER 0.8


WEATHER CONDITIONS
 THE FOLLOWING WEATHER WAS RECORDED YESTERDAY.
  LIGHT SNOW
  FOG


RELATIVE HUMIDITY (PERCENT)
 HIGHEST    92           300 AM
 LOWEST     72          1000 PM
 AVERAGE    82

..........................................................


THE SOUTH BEND CLIMATE NORMALS FOR TODAY
                         NORMAL    RECORD    YEAR
 MAXIMUM TEMPERATURE (F)   60        85      1977
                                             1896
 MINIMUM TEMPERATURE (F)   39        23      1904


SUNRISE AND SUNSET
APRIL 17 2018.........SUNRISE   702 AM EDT   SUNSET   828 PM EDT
APRIL 18 2018.........SUNRISE   701 AM EDT   SUNSET   829 PM EDT


-  INDICATES NEGATIVE NUMBERS.
R  INDICATES RECORD WAS SET OR TIED.
MM INDICATES DATA IS MISSING.
T  INDICATES TRACE AMOUNT.




$$
