000
CDUS43 KIWX 102022
CLISBN


CLIMATE REPORT
NATIONAL WEATHER SERVICE NORTHERN INDIANA
422 PM EDT TUE APR 10 2018


...................................

...THE SOUTH BEND CLIMATE SUMMARY FOR APRIL 10 2018...
VALID TODAY AS OF 0400 PM LOCAL TIME.

CLIMATE NORMAL PERIOD 1981 TO 2010
CLIMATE RECORD PERIOD 1893 TO 2018


WEATHER ITEM   OBSERVED TIME   RECORD YEAR NORMAL DEPARTURE LAST
                VALUE   (LST)  VALUE       VALUE  FROM      YEAR
                                                  NORMAL
..................................................................
TEMPERATURE (F)
 TODAY
  MAXIMUM         44    153 PM  86    1930  57    -13       72
  MINIMUM         20    342 AM  15    1909  37    -17       54
  AVERAGE         32                        47    -15       63

PRECIPITATION (IN)
  TODAY            0.00          1.04 2008   0.11  -0.11     0.12
  MONTH TO DATE    0.37                      1.02  -0.65     1.13
  SINCE MAR 1      2.15                      3.44  -1.29     5.36
  SINCE JAN 1     12.16                      7.68   4.48    12.35

SNOWFALL (IN)
  TODAY            0.0           0.9  1982   0.0    0.0      0.0
  MONTH TO DATE    1.1                       0.8    0.3      0.6
  SINCE MAR 1      8.7                       7.9    0.8      8.5
  SINCE JUL 1     92.7                      66.0   26.7     42.2
  SNOW DEPTH       0

DEGREE DAYS
 HEATING
  TODAY           33                        18     15        2
  MONTH TO DATE  345                       199    146      182
  SINCE MAR 1   1292                      1054    238     1044
  SINCE JUL 1   5985                      5743    242     5021

 COOLING
  TODAY            0                         0      0        0
  MONTH TO DATE    0                         0      0        0
  SINCE MAR 1      0                         1     -1        0
  SINCE JAN 1      0                         1     -1        0
..................................................................


WIND (MPH)
  HIGHEST WIND SPEED    13   HIGHEST WIND DIRECTION     W (280)
  HIGHEST GUST SPEED    19   HIGHEST GUST DIRECTION     W (260)
  AVERAGE WIND SPEED     5.0


SKY COVER
  POSSIBLE SUNSHINE  MM
  AVERAGE SKY COVER 0.4


WEATHER CONDITIONS
 THE FOLLOWING WEATHER WAS RECORDED TODAY.
  FOG
  HAZE


RELATIVE HUMIDITY (PERCENT)
 HIGHEST   100           600 AM
 LOWEST     34           300 PM
 AVERAGE    67

..........................................................


THE SOUTH BEND CLIMATE NORMALS FOR TOMORROW
                         NORMAL    RECORD    YEAR
 MAXIMUM TEMPERATURE (F)   58        90      1930
 MINIMUM TEMPERATURE (F)   37        16      1909


SUNRISE AND SUNSET
APRIL 10 2018.........SUNRISE   713 AM EDT   SUNSET   821 PM EDT
APRIL 11 2018.........SUNRISE   712 AM EDT   SUNSET   822 PM EDT


-  INDICATES NEGATIVE NUMBERS.
R  INDICATES RECORD WAS SET OR TIED.
MM INDICATES DATA IS MISSING.
T  INDICATES TRACE AMOUNT.




$$
