000
CDUS43 KIWX 120524
CLISBN


CLIMATE REPORT
NATIONAL WEATHER SERVICE NORTHERN INDIANA
123 AM EDT THU APR 12 2018


...................................

...THE SOUTH BEND CLIMATE SUMMARY FOR APRIL 11 2018...

CLIMATE NORMAL PERIOD 1981 TO 2010
CLIMATE RECORD PERIOD 1893 TO 2018


WEATHER ITEM   OBSERVED TIME   RECORD YEAR NORMAL DEPARTURE LAST
                VALUE   (LST)  VALUE       VALUE  FROM      YEAR
                                                  NORMAL
..................................................................
TEMPERATURE (F)
 YESTERDAY
  MAXIMUM         65    334 PM  90    1930  58      7       54
  MINIMUM         35    451 AM  16    1909  37     -2       40
  AVERAGE         50                        47      3       47

PRECIPITATION (IN)
  YESTERDAY        T             1.75 1922   0.11  -0.11     0.00
  MONTH TO DATE    0.37                      1.13  -0.76     1.13
  SINCE MAR 1      2.15                      3.55  -1.40     5.36
  SINCE JAN 1     12.16                      7.79   4.37    12.35

SNOWFALL (IN)
  YESTERDAY        T             3.6  2007   0.1   -0.1      0.0
  MONTH TO DATE    1.1                       0.9    0.2      0.6
  SINCE MAR 1      8.7                       8.0    0.7      8.5
  SINCE JUL 1     92.7                      66.1   26.6     42.2
  SNOW DEPTH       0

DEGREE DAYS
 HEATING
  YESTERDAY       15                        18     -3       18
  MONTH TO DATE  360                       217    143      200
  SINCE MAR 1   1307                      1072    235     1062
  SINCE JUL 1   6000                      5761    239     5039

 COOLING
  YESTERDAY        0                         0      0        0
  MONTH TO DATE    0                         0      0        0
  SINCE MAR 1      0                         1     -1        0
  SINCE JAN 1      0                         1     -1        0
..................................................................


WIND (MPH)
  HIGHEST WIND SPEED    23   HIGHEST WIND DIRECTION    SW (220)
  HIGHEST GUST SPEED    29   HIGHEST GUST DIRECTION    SW (220)
  AVERAGE WIND SPEED    11.0


SKY COVER
  AVERAGE SKY COVER 0.7


WEATHER CONDITIONS
 THE FOLLOWING WEATHER WAS RECORDED YESTERDAY.
  LIGHT SNOW


RELATIVE HUMIDITY (PERCENT)
 HIGHEST    82           400 AM
 LOWEST     36           200 PM
 AVERAGE    59

..........................................................


THE SOUTH BEND CLIMATE NORMALS FOR TODAY
                         NORMAL    RECORD    YEAR
 MAXIMUM TEMPERATURE (F)   58        84      1977
 MINIMUM TEMPERATURE (F)   37        21      1950
                                             1940


SUNRISE AND SUNSET
APRIL 12 2018.........SUNRISE   710 AM EDT   SUNSET   823 PM EDT
APRIL 13 2018.........SUNRISE   708 AM EDT   SUNSET   824 PM EDT


-  INDICATES NEGATIVE NUMBERS.
R  INDICATES RECORD WAS SET OR TIED.
MM INDICATES DATA IS MISSING.
T  INDICATES TRACE AMOUNT.




$$
