000
CDUS43 KIWX 130523
CLISBN


CLIMATE REPORT
NATIONAL WEATHER SERVICE NORTHERN INDIANA
121 AM EDT FRI APR 13 2018


...................................

...THE SOUTH BEND CLIMATE SUMMARY FOR APRIL 12 2018...

CLIMATE NORMAL PERIOD 1981 TO 2010
CLIMATE RECORD PERIOD 1893 TO 2018


WEATHER ITEM   OBSERVED TIME   RECORD YEAR NORMAL DEPARTURE LAST
                VALUE   (LST)  VALUE       VALUE  FROM      YEAR
                                                  NORMAL
..................................................................
TEMPERATURE (F)
 YESTERDAY
  MAXIMUM         73    204 PM  84    1977  58     15       58
  MINIMUM         49    532 AM  21    1950  37     12       30
                                      1940
  AVERAGE         61                        48     13       44

PRECIPITATION (IN)
  YESTERDAY        0.12          0.90 1962   0.11   0.01     0.00
  MONTH TO DATE    0.49                      1.24  -0.75     1.13
  SINCE MAR 1      2.27                      3.66  -1.39     5.36
  SINCE JAN 1     12.28                      7.90   4.38    12.35

SNOWFALL (IN)
  YESTERDAY        0.0           1.4  1950   0.0    0.0      0.0
  MONTH TO DATE    1.2                       0.9    0.3      0.6
  SINCE MAR 1      8.8                       8.0    0.8      8.5
  SINCE JUL 1     92.8                      66.1   26.7     42.2
  SNOW DEPTH       0

DEGREE DAYS
 HEATING
  YESTERDAY        4                        17    -13       21
  MONTH TO DATE  364                       234    130      221
  SINCE MAR 1   1311                      1089    222     1083
  SINCE JUL 1   6004                      5778    226     5060

 COOLING
  YESTERDAY        0                         0      0        0
  MONTH TO DATE    0                         0      0        0
  SINCE MAR 1      0                         1     -1        0
  SINCE JAN 1      0                         1     -1        0
..................................................................


WIND (MPH)
  HIGHEST WIND SPEED    30   HIGHEST WIND DIRECTION    SW (230)
  HIGHEST GUST SPEED    36   HIGHEST GUST DIRECTION    SW (240)
  AVERAGE WIND SPEED    13.3


SKY COVER
  AVERAGE SKY COVER 0.4


WEATHER CONDITIONS
 THE FOLLOWING WEATHER WAS RECORDED YESTERDAY.
  RAIN
  LIGHT RAIN
  FOG


RELATIVE HUMIDITY (PERCENT)
 HIGHEST    83           200 AM
 LOWEST     38           200 PM
 AVERAGE    61

..........................................................


THE SOUTH BEND CLIMATE NORMALS FOR TODAY
                         NORMAL    RECORD    YEAR
 MAXIMUM TEMPERATURE (F)   59        85      1941
 MINIMUM TEMPERATURE (F)   38        18      1950


SUNRISE AND SUNSET
APRIL 13 2018.........SUNRISE   708 AM EDT   SUNSET   824 PM EDT
APRIL 14 2018.........SUNRISE   707 AM EDT   SUNSET   825 PM EDT


-  INDICATES NEGATIVE NUMBERS.
R  INDICATES RECORD WAS SET OR TIED.
MM INDICATES DATA IS MISSING.
T  INDICATES TRACE AMOUNT.




$$
