000
CDUS43 KIWX 122030
CLISBN


CLIMATE REPORT
NATIONAL WEATHER SERVICE NORTHERN INDIANA
429 PM EDT SAT MAY 12 2018


...................................

...THE SOUTH BEND CLIMATE SUMMARY FOR MAY 12 2018...
VALID TODAY AS OF 0400 PM LOCAL TIME.

CLIMATE NORMAL PERIOD 1981 TO 2010
CLIMATE RECORD PERIOD 1893 TO 2018


WEATHER ITEM   OBSERVED TIME   RECORD YEAR NORMAL DEPARTURE LAST
                VALUE   (LST)  VALUE       VALUE  FROM      YEAR
                                                  NORMAL
..................................................................
TEMPERATURE (F)
 TODAY
  MAXIMUM         59    152 PM  88    1985  69    -10       70
  MINIMUM         46    248 AM  29    1928  47     -1       41
                                      1907
  AVERAGE         53                        58     -5       56

PRECIPITATION (IN)
  TODAY            0.01          2.30 1905   0.12  -0.11     0.00
  MONTH TO DATE    2.85                      1.41   1.44     2.78
  SINCE MAR 1      7.63                      7.06   0.57    10.10
  SINCE JAN 1     17.64                     11.30   6.34    17.09

DEGREE DAYS
 HEATING
  TODAY           12                         8      4        9
  MONTH TO DATE   48                       114    -66      192
  SINCE MAR 1   1741                      1456    285     1444
  SINCE JUL 1   6434                      6145    289     5421

 COOLING
  TODAY            0                         1     -1        0
  MONTH TO DATE   17                        10      7        0
  SINCE MAR 1     17                        20     -3       11
  SINCE JAN 1     17                        20     -3       11
..................................................................


WIND (MPH)
  HIGHEST WIND SPEED    15   HIGHEST WIND DIRECTION     E (100)
  HIGHEST GUST SPEED    19   HIGHEST GUST DIRECTION     E (100)
  AVERAGE WIND SPEED     6.9


SKY COVER
  POSSIBLE SUNSHINE  MM
  AVERAGE SKY COVER 0.8


WEATHER CONDITIONS
 THE FOLLOWING WEATHER WAS RECORDED TODAY.
  LIGHT RAIN


RELATIVE HUMIDITY (PERCENT)
 HIGHEST    86           500 AM
 LOWEST     72           200 PM
 AVERAGE    79

..........................................................


THE SOUTH BEND CLIMATE NORMALS FOR TOMORROW
                         NORMAL    RECORD    YEAR
 MAXIMUM TEMPERATURE (F)   69        88      1991
 MINIMUM TEMPERATURE (F)   48        30      2013
                                             1996
                                             1928


SUNRISE AND SUNSET
MAY 12 2018...........SUNRISE   629 AM EDT   SUNSET   855 PM EDT
MAY 13 2018...........SUNRISE   628 AM EDT   SUNSET   856 PM EDT


-  INDICATES NEGATIVE NUMBERS.
R  INDICATES RECORD WAS SET OR TIED.
MM INDICATES DATA IS MISSING.
T  INDICATES TRACE AMOUNT.




$$
