000
CDUS43 KIWX 120027
CLISBN


CLIMATE REPORT
NATIONAL WEATHER SERVICE NORTHERN INDIANA
827 PM EDT FRI MAY 11 2018


...................................

...THE SOUTH BEND CLIMATE SUMMARY FOR MAY 11 2018...
VALID AS OF 0800 PM LOCAL TIME.

CLIMATE NORMAL PERIOD 1981 TO 2010
CLIMATE RECORD PERIOD 1893 TO 2018


WEATHER ITEM   OBSERVED TIME   RECORD YEAR NORMAL DEPARTURE LAST
                VALUE   (LST)  VALUE       VALUE  FROM      YEAR
                                                  NORMAL
..................................................................
TEMPERATURE (F)
 TODAY
  MAXIMUM         56    323 AM  88    1896  69    -13       66
  MINIMUM         50    119 PM  26    1907  47      3       45
  AVERAGE         53                        58     -5       56

PRECIPITATION (IN)
  TODAY            0.03          1.50 1966   0.12  -0.09     0.05
  MONTH TO DATE    2.84                      1.29   1.55     2.78
  SINCE MAR 1      7.62                      6.94   0.68    10.10
  SINCE JAN 1     17.63                     11.18   6.45    17.09

SNOWFALL (IN)
  TODAY            0.0           0.6  1966   0.0    0.0      0.0
  MONTH TO DATE    0.0                       0.0    0.0      0.0
  SINCE MAR 1      9.1                       8.5    0.6      8.5
  SINCE JUL 1     93.1                      66.6   26.5     42.2
  SNOW DEPTH       0

DEGREE DAYS
 HEATING
  TODAY           12                         8      4        9
  MONTH TO DATE   35                       106    -71      183
  SINCE MAR 1   1728                      1448    280     1435
  SINCE JUL 1   6421                      6137    284     5412

 COOLING
  TODAY            0                         1     -1        0
  MONTH TO DATE   17                         9      8        0
  SINCE MAR 1     17                        19     -2       11
  SINCE JAN 1     17                        19     -2       11
..................................................................


WIND (MPH)
  RESULTANT WIND SPEED  11   RESULTANT WIND DIRECTION   E (90)
  HIGHEST WIND SPEED    21   HIGHEST WIND DIRECTION     E (100)
  HIGHEST GUST SPEED    27   HIGHEST GUST DIRECTION     E (100)
  AVERAGE WIND SPEED    11.2


SKY COVER
  POSSIBLE SUNSHINE  MM
  AVERAGE SKY COVER 0.9


WEATHER CONDITIONS
 THE FOLLOWING WEATHER WAS RECORDED TODAY.
  LIGHT RAIN


RELATIVE HUMIDITY (PERCENT)
 HIGHEST    77          1200 AM
 LOWEST     59           600 AM
 AVERAGE    68

..........................................................


THE SOUTH BEND CLIMATE NORMALS FOR TOMORROW
                         NORMAL    RECORD    YEAR
 MAXIMUM TEMPERATURE (F)   69        88      1985
 MINIMUM TEMPERATURE (F)   47        29      1928
                                             1907


SUNRISE AND SUNSET
MAY 11 2018...........SUNRISE   630 AM EDT   SUNSET   854 PM EDT
MAY 12 2018...........SUNRISE   629 AM EDT   SUNSET   855 PM EDT


-  INDICATES NEGATIVE NUMBERS.
R  INDICATES RECORD WAS SET OR TIED.
MM INDICATES DATA IS MISSING.
T  INDICATES TRACE AMOUNT.




$$
