000
CDUS43 KIWX 182020
CLISBN


CLIMATE REPORT
NATIONAL WEATHER SERVICE NORTHERN INDIANA
420 PM EDT FRI MAY 18 2018


...................................

...THE SOUTH BEND CLIMATE SUMMARY FOR MAY 18 2018...
VALID TODAY AS OF 0400 PM LOCAL TIME.

CLIMATE NORMAL PERIOD 1981 TO 2010
CLIMATE RECORD PERIOD 1893 TO 2018


WEATHER ITEM   OBSERVED TIME   RECORD YEAR NORMAL DEPARTURE LAST
                VALUE   (LST)  VALUE       VALUE  FROM      YEAR
                                                  NORMAL
..................................................................
TEMPERATURE (F)
 TODAY
  MAXIMUM         74    219 PM  91    1962  71      3       85
                                      1934
                                      1911
  MINIMUM         56    634 AM  30    1925  49      7       55
  AVERAGE         65                        60      5       70

PRECIPITATION (IN)
  TODAY            T             1.30 2000   0.12  -0.12     0.00
  MONTH TO DATE    6.03                      2.14   3.89     2.78
  SINCE MAR 1     10.81                      7.79   3.02    10.10
  SINCE JAN 1     20.82                     12.03   8.79    17.09

DEGREE DAYS
 HEATING
  TODAY            0                         7     -7        0
  MONTH TO DATE   57                       158   -101      207
  SINCE MAR 1   1750                      1500    250     1459
  SINCE JUL 1   6443                      6189    254     5436

 COOLING
  TODAY            0                         2     -2        5
  MONTH TO DATE   22                        18      4       25
  SINCE MAR 1     22                        28     -6       36
  SINCE JAN 1     22                        28     -6       36
..................................................................


WIND (MPH)
  HIGHEST WIND SPEED    21   HIGHEST WIND DIRECTION     E (110)
  HIGHEST GUST SPEED    25   HIGHEST GUST DIRECTION     E (110)
  AVERAGE WIND SPEED    11.0


SKY COVER
  POSSIBLE SUNSHINE  MM
  AVERAGE SKY COVER 0.2


WEATHER CONDITIONS
 THE FOLLOWING WEATHER WAS RECORDED TODAY.
  NO SIGNIFICANT WEATHER WAS OBSERVED.


RELATIVE HUMIDITY (PERCENT)
 HIGHEST    64           100 AM
 LOWEST     53           200 PM
 AVERAGE    59

..........................................................


THE SOUTH BEND CLIMATE NORMALS FOR TOMORROW
                         NORMAL    RECORD    YEAR
 MAXIMUM TEMPERATURE (F)   71        94      1934
 MINIMUM TEMPERATURE (F)   50        32      2002


SUNRISE AND SUNSET
MAY 18 2018...........SUNRISE   623 AM EDT   SUNSET   901 PM EDT
MAY 19 2018...........SUNRISE   622 AM EDT   SUNSET   902 PM EDT


-  INDICATES NEGATIVE NUMBERS.
R  INDICATES RECORD WAS SET OR TIED.
MM INDICATES DATA IS MISSING.
T  INDICATES TRACE AMOUNT.




$$
