000
CDUS43 KIWX 100521
CLISBN


CLIMATE REPORT
NATIONAL WEATHER SERVICE NORTHERN INDIANA
121 AM EDT TUE APR 10 2018


...................................

...THE SOUTH BEND CLIMATE SUMMARY FOR APRIL 9 2018...

CLIMATE NORMAL PERIOD 1981 TO 2010
CLIMATE RECORD PERIOD 1893 TO 2018


WEATHER ITEM   OBSERVED TIME   RECORD YEAR NORMAL DEPARTURE LAST
                VALUE   (LST)  VALUE       VALUE  FROM      YEAR
                                                  NORMAL
..................................................................
TEMPERATURE (F)
 YESTERDAY
  MAXIMUM         40    509 PM  78    1931  57    -17       76
  MINIMUM         22   1113 PM  14    1985  36    -14       49
  AVERAGE         31                        47    -16       63

PRECIPITATION (IN)
  YESTERDAY        0.01          1.19 1995   0.11  -0.10     0.00
  MONTH TO DATE    0.37                      0.91  -0.54     1.01
  SINCE MAR 1      2.15                      3.33  -1.18     5.24
  SINCE JAN 1     12.16                      7.57   4.59    12.23

SNOWFALL (IN)
  YESTERDAY        0.1           2.3  2016   0.1    0.0      0.0
  MONTH TO DATE    1.1                       0.8    0.3      0.6
  SINCE MAR 1      8.7                       7.9    0.8      8.5
  SINCE JUL 1     92.7                      66.0   26.7     42.2
  SNOW DEPTH       0

DEGREE DAYS
 HEATING
  YESTERDAY       34                        19     15        2
  MONTH TO DATE  312                       181    131      180
  SINCE MAR 1   1259                      1036    223     1042
  SINCE JUL 1   5952                      5725    227     5019

 COOLING
  YESTERDAY        0                         0      0        0
  MONTH TO DATE    0                         0      0        0
  SINCE MAR 1      0                         1     -1        0
  SINCE JAN 1      0                         1     -1        0
..................................................................


WIND (MPH)
  HIGHEST WIND SPEED    15   HIGHEST WIND DIRECTION     N (340)
  HIGHEST GUST SPEED    20   HIGHEST GUST DIRECTION    NW (320)
  AVERAGE WIND SPEED     3.9


SKY COVER
  AVERAGE SKY COVER 0.8


WEATHER CONDITIONS
 THE FOLLOWING WEATHER WAS RECORDED YESTERDAY.
  LIGHT SNOW
  FOG
  HAZE


RELATIVE HUMIDITY (PERCENT)
 HIGHEST    92           700 AM
 LOWEST     49          1200 AM
 AVERAGE    71

..........................................................


THE SOUTH BEND CLIMATE NORMALS FOR TODAY
                         NORMAL    RECORD    YEAR
 MAXIMUM TEMPERATURE (F)   57        86      1930
 MINIMUM TEMPERATURE (F)   37        15      1909


SUNRISE AND SUNSET
APRIL 10 2018.........SUNRISE   713 AM EDT   SUNSET   821 PM EDT
APRIL 11 2018.........SUNRISE   712 AM EDT   SUNSET   822 PM EDT


-  INDICATES NEGATIVE NUMBERS.
R  INDICATES RECORD WAS SET OR TIED.
MM INDICATES DATA IS MISSING.
T  INDICATES TRACE AMOUNT.




$$
