000
CDUS43 KIWX 140522
CLISBN


CLIMATE REPORT
NATIONAL WEATHER SERVICE NORTHERN INDIANA
121 AM EDT SAT APR 14 2018


...................................

...THE SOUTH BEND CLIMATE SUMMARY FOR APRIL 13 2018...

CLIMATE NORMAL PERIOD 1981 TO 2010
CLIMATE RECORD PERIOD 1893 TO 2018


WEATHER ITEM   OBSERVED TIME   RECORD YEAR NORMAL DEPARTURE LAST
                VALUE   (LST)  VALUE       VALUE  FROM      YEAR
                                                  NORMAL
..................................................................
TEMPERATURE (F)
 YESTERDAY
  MAXIMUM         72   1247 PM  85    1941  59     13       56
  MINIMUM         48    513 AM  18    1950  38     10       37
  AVERAGE         60                        48     12       47

PRECIPITATION (IN)
  YESTERDAY        T             1.23 1909   0.11  -0.11     0.06
  MONTH TO DATE    0.49                      1.35  -0.86     1.19
  SINCE MAR 1      2.27                      3.77  -1.50     5.42
  SINCE JAN 1     12.28                      8.01   4.27    12.41

SNOWFALL (IN)
  YESTERDAY        0.0           1.4  1962   0.1   -0.1      0.0
  MONTH TO DATE    1.2                       1.0    0.2      0.6
  SINCE MAR 1      8.8                       8.1    0.7      8.5
  SINCE JUL 1     92.8                      66.2   26.6     42.2
  SNOW DEPTH       0

DEGREE DAYS
 HEATING
  YESTERDAY        5                        17    -12       18
  MONTH TO DATE  369                       251    118      239
  SINCE MAR 1   1316                      1106    210     1101
  SINCE JUL 1   6009                      5795    214     5078

 COOLING
  YESTERDAY        0                         0      0        0
  MONTH TO DATE    0                         0      0        0
  SINCE MAR 1      0                         1     -1        0
  SINCE JAN 1      0                         1     -1        0
..................................................................


WIND (MPH)
  HIGHEST WIND SPEED    22   HIGHEST WIND DIRECTION    SW (220)
  HIGHEST GUST SPEED    30   HIGHEST GUST DIRECTION    SW (210)
  AVERAGE WIND SPEED     8.2


SKY COVER
  AVERAGE SKY COVER 0.6


WEATHER CONDITIONS
 THE FOLLOWING WEATHER WAS RECORDED YESTERDAY.
  LIGHT RAIN


RELATIVE HUMIDITY (PERCENT)
 HIGHEST    84           900 PM
 LOWEST     47          1100 AM
 AVERAGE    66

..........................................................


THE SOUTH BEND CLIMATE NORMALS FOR TODAY
                         NORMAL    RECORD    YEAR
 MAXIMUM TEMPERATURE (F)   59        81      2003
                                             1941
 MINIMUM TEMPERATURE (F)   38        19      1940
                                             1917


SUNRISE AND SUNSET
APRIL 14 2018.........SUNRISE   707 AM EDT   SUNSET   825 PM EDT
APRIL 15 2018.........SUNRISE   705 AM EDT   SUNSET   826 PM EDT


-  INDICATES NEGATIVE NUMBERS.
R  INDICATES RECORD WAS SET OR TIED.
MM INDICATES DATA IS MISSING.
T  INDICATES TRACE AMOUNT.




$$
