000
CDUS43 KIWX 070521
CLISBN


CLIMATE REPORT
NATIONAL WEATHER SERVICE NORTHERN INDIANA
121 AM EDT SAT APR 7 2018


...................................

...THE SOUTH BEND CLIMATE SUMMARY FOR APRIL 6 2018...

CLIMATE NORMAL PERIOD 1981 TO 2010
CLIMATE RECORD PERIOD 1893 TO 2018


WEATHER ITEM   OBSERVED TIME   RECORD YEAR NORMAL DEPARTURE LAST
                VALUE   (LST)  VALUE       VALUE  FROM      YEAR
                                                  NORMAL
..................................................................
TEMPERATURE (F)
 YESTERDAY
  MAXIMUM         38   1210 PM  83    1929  56    -18       42
  MINIMUM         23   1137 PM  14    1920  35    -12       32
  AVERAGE         31                        46    -15       37

PRECIPITATION (IN)
  YESTERDAY        T             1.96 1942   0.10  -0.10     0.41
  MONTH TO DATE    0.36                      0.59  -0.23     1.01
  SINCE MAR 1      2.14                      3.01  -0.87     5.24
  SINCE JAN 1     12.15                      7.25   4.90    12.23

SNOWFALL (IN)
  YESTERDAY        T             1.5  1966   0.1   -0.1      0.6
  MONTH TO DATE    1.0                       0.6    0.4      0.6
  SINCE MAR 1      8.6                       7.7    0.9      8.5
  SINCE JUL 1     92.6                      65.8   26.8     42.2
  SNOW DEPTH       0

DEGREE DAYS
 HEATING
  YESTERDAY       34                        20     14       28
  MONTH TO DATE  201                       124     77      130
  SINCE MAR 1   1148                       979    169      992
  SINCE JUL 1   5841                      5668    173     4969

 COOLING
  YESTERDAY        0                         0      0        0
  MONTH TO DATE    0                         0      0        0
  SINCE MAR 1      0                         1     -1        0
  SINCE JAN 1      0                         1     -1        0
..................................................................


WIND (MPH)
  HIGHEST WIND SPEED    24   HIGHEST WIND DIRECTION    NW (320)
  HIGHEST GUST SPEED    31   HIGHEST GUST DIRECTION     N (340)
  AVERAGE WIND SPEED    13.0


SKY COVER
  AVERAGE SKY COVER 0.7


WEATHER CONDITIONS
 THE FOLLOWING WEATHER WAS RECORDED YESTERDAY.
  LIGHT SNOW
  FOG
  HAZE


RELATIVE HUMIDITY (PERCENT)
 HIGHEST   100           200 AM
 LOWEST     50           800 PM
 AVERAGE    75

..........................................................


THE SOUTH BEND CLIMATE NORMALS FOR TODAY
                         NORMAL    RECORD    YEAR
 MAXIMUM TEMPERATURE (F)   56        80      1991
 MINIMUM TEMPERATURE (F)   36        13      1982


SUNRISE AND SUNSET
APRIL  7 2018.........SUNRISE   718 AM EDT   SUNSET   817 PM EDT
APRIL  8 2018.........SUNRISE   717 AM EDT   SUNSET   818 PM EDT


-  INDICATES NEGATIVE NUMBERS.
R  INDICATES RECORD WAS SET OR TIED.
MM INDICATES DATA IS MISSING.
T  INDICATES TRACE AMOUNT.




$$
