000
CDUS43 KIWX 160523
CLISBN


CLIMATE REPORT
NATIONAL WEATHER SERVICE NORTHERN INDIANA
123 AM EDT MON APR 16 2018


...................................

...THE SOUTH BEND CLIMATE SUMMARY FOR APRIL 15 2018...

CLIMATE NORMAL PERIOD 1981 TO 2010
CLIMATE RECORD PERIOD 1893 TO 2018


WEATHER ITEM   OBSERVED TIME   RECORD YEAR NORMAL DEPARTURE LAST
                VALUE   (LST)  VALUE       VALUE  FROM      YEAR
                                                  NORMAL
..................................................................
TEMPERATURE (F)
 YESTERDAY
  MAXIMUM         42    704 PM  87    2002  59    -17       80
  MINIMUM         33    915 AM  19    1928  39     -6       57
                                      1926
  AVERAGE         38                        49    -11       69

PRECIPITATION (IN)
  YESTERDAY        0.93          2.24 1937   0.11   0.82     0.12
  MONTH TO DATE    2.62                      1.57   1.05     1.36
  SINCE MAR 1      4.40                      3.99   0.41     5.59
  SINCE JAN 1     14.41                      8.23   6.18    12.58

SNOWFALL (IN)
  YESTERDAY        0.0           0.5  1961   0.1   -0.1      0.0
  MONTH TO DATE    1.2                       1.1    0.1      0.6
  SINCE MAR 1      8.8                       8.2    0.6      8.5
  SINCE JUL 1     92.8                      66.3   26.5     42.2
  SNOW DEPTH       0

DEGREE DAYS
 HEATING
  YESTERDAY       27                        16     11        0
  MONTH TO DATE  417                       284    133      247
  SINCE MAR 1   1364                      1139    225     1109
  SINCE JUL 1   6057                      5828    229     5086

 COOLING
  YESTERDAY        0                         0      0        4
  MONTH TO DATE    0                         0      0        4
  SINCE MAR 1      0                         1     -1        4
  SINCE JAN 1      0                         1     -1        4
..................................................................


WIND (MPH)
  HIGHEST WIND SPEED    26   HIGHEST WIND DIRECTION     E (100)
  HIGHEST GUST SPEED    35   HIGHEST GUST DIRECTION     E (100)
  AVERAGE WIND SPEED     9.8


SKY COVER
  AVERAGE SKY COVER 1.0


WEATHER CONDITIONS
 THE FOLLOWING WEATHER WAS RECORDED YESTERDAY.
  HEAVY RAIN
  RAIN
  LIGHT RAIN
  FOG


RELATIVE HUMIDITY (PERCENT)
 HIGHEST    96           400 AM
 LOWEST     85           200 PM
 AVERAGE    91

..........................................................


THE SOUTH BEND CLIMATE NORMALS FOR TODAY
                         NORMAL    RECORD    YEAR
 MAXIMUM TEMPERATURE (F)   60        86      1976
                                             1896
 MINIMUM TEMPERATURE (F)   39        22      1935


SUNRISE AND SUNSET
APRIL 16 2018.........SUNRISE   704 AM EDT   SUNSET   827 PM EDT
APRIL 17 2018.........SUNRISE   702 AM EDT   SUNSET   828 PM EDT


-  INDICATES NEGATIVE NUMBERS.
R  INDICATES RECORD WAS SET OR TIED.
MM INDICATES DATA IS MISSING.
T  INDICATES TRACE AMOUNT.




$$
