000
CDUS43 KIWX 140024
CLISBN


CLIMATE REPORT
NATIONAL WEATHER SERVICE NORTHERN INDIANA
824 PM EDT SUN MAY 13 2018


...................................

...THE SOUTH BEND CLIMATE SUMMARY FOR MAY 13 2018...
VALID AS OF 0800 PM LOCAL TIME.

CLIMATE NORMAL PERIOD 1981 TO 2010
CLIMATE RECORD PERIOD 1893 TO 2018


WEATHER ITEM   OBSERVED TIME   RECORD YEAR NORMAL DEPARTURE LAST
                VALUE   (LST)  VALUE       VALUE  FROM      YEAR
                                                  NORMAL
..................................................................
TEMPERATURE (F)
 TODAY
  MAXIMUM         69    438 PM  88    1991  69      0       73
  MINIMUM         49    250 AM  30    2013  48      1       40
                                      1996
                                      1928
  AVERAGE         59                        58      1       57

PRECIPITATION (IN)
  TODAY            0.52          1.03 1935   0.12   0.40      T
  MONTH TO DATE    3.48                      1.53   1.95     2.78
  SINCE MAR 1      8.26                      7.18   1.08    10.10
  SINCE JAN 1     18.27                     11.42   6.85    17.09

SNOWFALL (IN)
  TODAY            0.0          MM      MM   0.0    0.0      0.0
  MONTH TO DATE    0.0                       0.0    0.0      0.0
  SINCE MAR 1      9.1                       8.5    0.6      8.5
  SINCE JUL 1     93.1                      66.6   26.5     42.2
  SNOW DEPTH       0

DEGREE DAYS
 HEATING
  TODAY            6                         8     -2        8
  MONTH TO DATE   54                       122    -68      200
  SINCE MAR 1   1747                      1464    283     1452
  SINCE JUL 1   6440                      6153    287     5429

 COOLING
  TODAY            0                         1     -1        0
  MONTH TO DATE   17                        11      6        0
  SINCE MAR 1     17                        21     -4       11
  SINCE JAN 1     17                        21     -4       11
..................................................................


WIND (MPH)
  RESULTANT WIND SPEED   2   RESULTANT WIND DIRECTION  NE (60)
  HIGHEST WIND SPEED    21   HIGHEST WIND DIRECTION    SE (140)
  HIGHEST GUST SPEED    25   HIGHEST GUST DIRECTION    SE (140)
  AVERAGE WIND SPEED     4.7


SKY COVER
  POSSIBLE SUNSHINE  MM
  AVERAGE SKY COVER 0.8


WEATHER CONDITIONS
 THE FOLLOWING WEATHER WAS RECORDED TODAY.
  THUNDERSTORM
  HEAVY RAIN
  LIGHT RAIN
  FOG


RELATIVE HUMIDITY (PERCENT)
 HIGHEST    96           800 AM
 LOWEST     68           300 PM
 AVERAGE    82

..........................................................


THE SOUTH BEND CLIMATE NORMALS FOR TOMORROW
                         NORMAL    RECORD    YEAR
 MAXIMUM TEMPERATURE (F)   69        89      2007
                                             1982
                                             1962
 MINIMUM TEMPERATURE (F)   48        31      1936
                                             1920
                                             1910


SUNRISE AND SUNSET
MAY 13 2018...........SUNRISE   628 AM EDT   SUNSET   856 PM EDT
MAY 14 2018...........SUNRISE   627 AM EDT   SUNSET   857 PM EDT


-  INDICATES NEGATIVE NUMBERS.
R  INDICATES RECORD WAS SET OR TIED.
MM INDICATES DATA IS MISSING.
T  INDICATES TRACE AMOUNT.




$$
