000
CDUS43 KIWX 242024
CLISBN


CLIMATE REPORT
NATIONAL WEATHER SERVICE NORTHERN INDIANA
423 PM EDT TUE APR 24 2018


...................................

...THE SOUTH BEND CLIMATE SUMMARY FOR APRIL 24 2018...
VALID TODAY AS OF 0400 PM LOCAL TIME.

CLIMATE NORMAL PERIOD 1981 TO 2010
CLIMATE RECORD PERIOD 1893 TO 2018


WEATHER ITEM   OBSERVED TIME   RECORD YEAR NORMAL DEPARTURE LAST
                VALUE   (LST)  VALUE       VALUE  FROM      YEAR
                                                  NORMAL
..................................................................
TEMPERATURE (F)
 TODAY
  MAXIMUM         62    259 PM  85    2009  63     -1       72
                                      1994
                                      1990
  MINIMUM         51    735 AM  25    1930  42      9       37
  AVERAGE         57                        52      5       55

PRECIPITATION (IN)
  TODAY            T             1.64 1976   0.11  -0.11     0.00
  MONTH TO DATE    2.92                      2.55   0.37     2.02
  SINCE MAR 1      4.70                      4.97  -0.27     6.25
  SINCE JAN 1     14.71                      9.21   5.50    13.24

SNOWFALL (IN)
  TODAY            0.0           1.4  1968   0.0    0.0      0.0
  MONTH TO DATE    1.5                       1.3    0.2      0.6
  SINCE MAR 1      9.1                       8.4    0.7      8.5
  SINCE JUL 1     93.1                      66.5   26.6     42.2
  SNOW DEPTH       0

DEGREE DAYS
 HEATING
  TODAY            8                        13     -5       10
  MONTH TO DATE  625                       416    209      337
  SINCE MAR 1   1572                      1271    301     1199
  SINCE JUL 1   6265                      5960    305     5176

 COOLING
  TODAY            0                         0      0        0
  MONTH TO DATE    0                         0      0        4
  SINCE MAR 1      0                         1     -1        4
  SINCE JAN 1      0                         1     -1        4
..................................................................


WIND (MPH)
  HIGHEST WIND SPEED    14   HIGHEST WIND DIRECTION    SE (120)
  HIGHEST GUST SPEED    16   HIGHEST GUST DIRECTION    SE (120)
  AVERAGE WIND SPEED     5.9


SKY COVER
  POSSIBLE SUNSHINE  MM
  AVERAGE SKY COVER 0.9


WEATHER CONDITIONS
 THE FOLLOWING WEATHER WAS RECORDED TODAY.
  LIGHT RAIN


RELATIVE HUMIDITY (PERCENT)
 HIGHEST    89           800 AM
 LOWEST     64           300 PM
 AVERAGE    77

..........................................................


THE SOUTH BEND CLIMATE NORMALS FOR TOMORROW
                         NORMAL    RECORD    YEAR
 MAXIMUM TEMPERATURE (F)   63        87      1990
 MINIMUM TEMPERATURE (F)   42        23      1919


SUNRISE AND SUNSET
APRIL 24 2018.........SUNRISE   652 AM EDT   SUNSET   836 PM EDT
APRIL 25 2018.........SUNRISE   650 AM EDT   SUNSET   837 PM EDT


-  INDICATES NEGATIVE NUMBERS.
R  INDICATES RECORD WAS SET OR TIED.
MM INDICATES DATA IS MISSING.
T  INDICATES TRACE AMOUNT.




$$
