000
CDUS43 KIWX 110528
CLISBN


CLIMATE REPORT
NATIONAL WEATHER SERVICE NORTHERN INDIANA
128 AM EDT FRI MAY 11 2018


...................................

...THE SOUTH BEND CLIMATE SUMMARY FOR MAY 10 2018...

CLIMATE NORMAL PERIOD 1981 TO 2010
CLIMATE RECORD PERIOD 1893 TO 2018


WEATHER ITEM   OBSERVED TIME   RECORD YEAR NORMAL DEPARTURE LAST
                VALUE   (LST)  VALUE       VALUE  FROM      YEAR
                                                  NORMAL
..................................................................
TEMPERATURE (F)
 YESTERDAY
  MAXIMUM         66    457 PM  90    1895  68     -2       71
  MINIMUM         52   1150 PM  25    1947  47      5       48
  AVERAGE         59                        57      2       60

PRECIPITATION (IN)
  YESTERDAY        0.00          2.17 1981   0.12  -0.12     1.54
  MONTH TO DATE    2.81                      1.17   1.64     2.73
  SINCE MAR 1      7.59                      6.82   0.77    10.05
  SINCE JAN 1     17.60                     11.06   6.54    17.04

SNOWFALL (IN)
  YESTERDAY        0.0           0.0  2002   0.0    0.0      0.0
                                      2001
  MONTH TO DATE    0.0                       0.0    0.0      0.0
  SINCE MAR 1      9.1                       8.5    0.6      8.5
  SINCE JUL 1     93.1                      66.6   26.5     42.2
  SNOW DEPTH       0

DEGREE DAYS
 HEATING
  YESTERDAY        6                         9     -3        5
  MONTH TO DATE   23                        98    -75      174
  SINCE MAR 1   1716                      1440    276     1426
  SINCE JUL 1   6409                      6129    280     5403

 COOLING
  YESTERDAY        0                         1     -1        0
  MONTH TO DATE   17                         8      9        0
  SINCE MAR 1     17                        18     -1       11
  SINCE JAN 1     17                        18     -1       11
..................................................................


WIND (MPH)
  HIGHEST WIND SPEED    17   HIGHEST WIND DIRECTION    NW (310)
  HIGHEST GUST SPEED    21   HIGHEST GUST DIRECTION     W (290)
  AVERAGE WIND SPEED     8.1


SKY COVER
  AVERAGE SKY COVER 0.6


WEATHER CONDITIONS
 THE FOLLOWING WEATHER WAS RECORDED YESTERDAY.
  FOG


RELATIVE HUMIDITY (PERCENT)
 HIGHEST    93           600 AM
 LOWEST     63           400 PM
 AVERAGE    78

..........................................................


THE SOUTH BEND CLIMATE NORMALS FOR TODAY
                         NORMAL    RECORD    YEAR
 MAXIMUM TEMPERATURE (F)   69        88      1896
 MINIMUM TEMPERATURE (F)   47        26      1907


SUNRISE AND SUNSET
MAY 11 2018...........SUNRISE   630 AM EDT   SUNSET   854 PM EDT
MAY 12 2018...........SUNRISE   629 AM EDT   SUNSET   855 PM EDT


-  INDICATES NEGATIVE NUMBERS.
R  INDICATES RECORD WAS SET OR TIED.
MM INDICATES DATA IS MISSING.
T  INDICATES TRACE AMOUNT.




$$
