000
CDUS43 KIWX 072020
CLISBN


CLIMATE REPORT
NATIONAL WEATHER SERVICE NORTHERN INDIANA
420 PM EDT SAT APR 7 2018


...................................

...THE SOUTH BEND CLIMATE SUMMARY FOR APRIL 7 2018...
VALID TODAY AS OF 0400 PM LOCAL TIME.

CLIMATE NORMAL PERIOD 1981 TO 2010
CLIMATE RECORD PERIOD 1893 TO 2018


WEATHER ITEM   OBSERVED TIME   RECORD YEAR NORMAL DEPARTURE LAST
                VALUE   (LST)  VALUE       VALUE  FROM      YEAR
                                                  NORMAL
..................................................................
TEMPERATURE (F)
 TODAY
  MAXIMUM         32    240 PM  80    1991  56    -24       46
  MINIMUM         20    646 AM  13    1982  36    -16       28
  AVERAGE         26                        46    -20       37

PRECIPITATION (IN)
  TODAY            0.00          0.84 1951   0.10  -0.10     0.00
  MONTH TO DATE    0.36                      0.69  -0.33     1.01
  SINCE MAR 1      2.14                      3.11  -0.97     5.24
  SINCE JAN 1     12.15                      7.35   4.80    12.23

SNOWFALL (IN)
  TODAY            0.0           5.1  1957   0.0    0.0      0.0
  MONTH TO DATE    1.0                       0.6    0.4      0.6
  SINCE MAR 1      8.6                       7.7    0.9      8.5
  SINCE JUL 1     92.6                      65.8   26.8     42.2
  SNOW DEPTH       0

DEGREE DAYS
 HEATING
  TODAY           39                        19     20       28
  MONTH TO DATE  240                       143     97      158
  SINCE MAR 1   1187                       998    189     1020
  SINCE JUL 1   5880                      5687    193     4997

 COOLING
  TODAY            0                         0      0        0
  MONTH TO DATE    0                         0      0        0
  SINCE MAR 1      0                         1     -1        0
  SINCE JAN 1      0                         1     -1        0
..................................................................


WIND (MPH)
  HIGHEST WIND SPEED    18   HIGHEST WIND DIRECTION    NW (300)
  HIGHEST GUST SPEED    23   HIGHEST GUST DIRECTION    NW (300)
  AVERAGE WIND SPEED     9.3


SKY COVER
  POSSIBLE SUNSHINE  MM
  AVERAGE SKY COVER 0.5


WEATHER CONDITIONS
 THE FOLLOWING WEATHER WAS RECORDED TODAY.
  NO SIGNIFICANT WEATHER WAS OBSERVED.


RELATIVE HUMIDITY (PERCENT)
 HIGHEST    68          1200 AM
 LOWEST     43           300 PM
 AVERAGE    56

..........................................................


THE SOUTH BEND CLIMATE NORMALS FOR TOMORROW
                         NORMAL    RECORD    YEAR
 MAXIMUM TEMPERATURE (F)   57        79      1931
 MINIMUM TEMPERATURE (F)   36        11      1972


SUNRISE AND SUNSET
APRIL  7 2018.........SUNRISE   718 AM EDT   SUNSET   817 PM EDT
APRIL  8 2018.........SUNRISE   717 AM EDT   SUNSET   818 PM EDT


-  INDICATES NEGATIVE NUMBERS.
R  INDICATES RECORD WAS SET OR TIED.
MM INDICATES DATA IS MISSING.
T  INDICATES TRACE AMOUNT.




$$
