000
CXUS51 KAKQ 010810
CF6SBY
PRELIMINARY LOCAL CLIMATOLOGICAL DATA (WS FORM: F-6)
STATION: SALISBURY MD
MONTH: FEBRUARY
YEAR: 2022
LATITUDE: 38 20 N
LONGITUDE: 75 30 W
TEMPERATURE IN F: :PCPN: SNOW: WIND :SUNSHINE: SKY :PK WND
================================================================================
1 2 3 4 5 6A 6B 7 8 9 10 11 12 13 14 15 16 17 18
12Z AVG MX 2MIN
DY MAX MIN AVG DEP HDD CDD WTR SNW DPTH SPD SPD DIR MIN PSBL S-S WX SPD DR
================================================================================
1 42 23 33 -4 32 0 0.00 0.0 3 4.9 14 60 M M 1 12 18 70
2 49 24 37 0 28 0 0.00 0.0 3 1.7 8 120 M M 8 12 9 120
3 61 34 48 11 17 0 0.10 0.0 1 5.8 17 190 M M 8 12 23 190
4 65 34 50 13 15 0 0.50 0.0 0 15.0 30 200 M M 10 1 38 200
5 35 24 30 -7 35 0 0.00 0.0 0 13.9 29 330 M M 4 38 320
6 39 20 30 -7 35 0 T T 0 4.8 12 50 M M 5 14 30
7 46 36 41 3 24 0 0.54 0.0 0 6.6 15 330 M M 10 1 19 330
8 47 27 37 -1 28 0 0.05 0.0 0 6.4 15 250 M M 3 18 20 280
9 56 25 41 3 24 0 0.00 0.0 0 4.3 14 150 M M 1 1 19 140
10 60 31 46 8 19 0 0.00 0.0 0 6.2 26 250 M M 1 32 250
11 66 28 47 9 18 0 0.00 0.0 0 7.9 21 190 M M 0 27 190
12 65 45 55 17 10 0 0.00 0.0 0 9.1 18 210 M M 1 26 210
13 46 29 38 0 27 0 0.01 0.1 0 10.6 17 40 M M 7 1 22 10
14 32 19 26 -12 39 0 T T 0 6.3 21 330 M M 2 26 330
15 38 16 27 -12 38 0 0.00 0.0 0 3.5 14 120 M M 0 17 120
16 58 22 40 1 25 0 0.00 0.0 0 8.2 18 190 M M 0 26 160
17 71 54 63 24 2 0 0.00 0.0 0 14.8 25 200 M M 4 37 200
18 67 29 48 9 17 0 0.19 0.0 0 16.8 33 310 M M 4 1 47 220
19 51 21 36 -3 29 0 0.00 0.0 0 11.8 30 310 M M 1 43 310
20 44 18 31 -9 34 0 0.00 0.0 0 5.5 16 140 M M 0 20 150
21 64 25 45 5 20 0 0.00 0.0 0 5.8 15 200 M M 0 19 230
22 68 45 57 17 8 0 T 0.0 0 13.7 29 200 M M 7 40 190
23 69 46 58 18 7 0 0.25 0.0 0 13.9 28 200 M M 4 1 37 220
24 46 36 41 1 24 0 0.05 0.0 0 10.6 18 60 M M 9 1 27 60
25 53 35 44 4 21 0 0.05 0.0 0 7.9 16 340 M M 7 1 21 340
26 41 31 36 -5 29 0 0.00 0.0 0 6.4 15 320 M M 0 19 320
27 52 31 42 1 23 0 0.00 0.0 0 5.1 16 230 M M 1 1 20 220
28 48 26 37 -4 28 0 0.00 0.0 0 4.7 15 320 M M 1 20 320
================================================================================
SM 1479 834 656 0 1.74 0.1 232.2 M 99
================================================================================
AV 52.8 29.8 8.3 FASTST M M 4 MAX(MPH)
MISC ----> 33 310 47 220
================================================================================
NOTES:
# LAST OF SEVERAL OCCURRENCES
COLUMN 17 PEAK WIND IN M.P.H.
PRELIMINARY LOCAL CLIMATOLOGICAL DATA (WS FORM: F-6) , PAGE 2
STATION: SALISBURY MD
MONTH: FEBRUARY
YEAR: 2022
LATITUDE: 38 20 N
LONGITUDE: 75 30 W
[TEMPERATURE DATA] [PRECIPITATION DATA] SYMBOLS USED IN COLUMN 16
AVERAGE MONTHLY: 41.3 TOTAL FOR MONTH: 1.74 1 = FOG OR MIST
DPTR FM NORMAL: 2.6 DPTR FM NORMAL: -1.51 2 = FOG REDUCING VISIBILITY
HIGHEST: 71 ON 17 GRTST 24HR 0.59 ON 7- 8 TO 1/4 MILE OR LESS
LOWEST: 16 ON 15 3 = THUNDER
SNOW, ICE PELLETS, HAIL 4 = ICE PELLETS
TOTAL MONTH: 0.1 INCH 5 = HAIL
GRTST 24HR 0.1 ON 13-13 6 = FREEZING RAIN OR DRIZZLE
GRTST DEPTH: 5 ON M 7 = DUSTSTORM OR SANDSTORM:
VSBY 1/2 MILE OR LESS
8 = SMOKE OR HAZE
[NO. OF DAYS WITH] [WEATHER - DAYS WITH] 9 = BLOWING SNOW
X = TORNADO
MAX 32 OR BELOW: 1 0.01 INCH OR MORE: 9
MAX 90 OR ABOVE: 0 0.10 INCH OR MORE: 5
MIN 32 OR BELOW: 19 0.50 INCH OR MORE: 2
MIN 0 OR BELOW: 0 1.00 INCH OR MORE: 0
[HDD (BASE 65) ]
TOTAL THIS MO. 656 CLEAR (SCALE 0-3) 14
DPTR FM NORMAL -80 PTCLDY (SCALE 4-7) 11
TOTAL FM JUL 1 2820 CLOUDY (SCALE 8-10) 3
DPTR FM NORMAL -319
[CDD (BASE 65) ]
TOTAL THIS MO. 0
DPTR FM NORMAL 0 [PRESSURE DATA]
TOTAL FM JAN 1 0 HIGHEST SLP 30.74 ON 16
DPTR FM NORMAL 0 LOWEST SLP 29.52 ON 18
[REMARKS]
#FINAL-02-22#