000
CXUS56 KSTO 080534
CF6SCK
PRELIMINARY LOCAL CLIMATOLOGICAL DATA (WS FORM: F-6)
STATION: STOCKTON AIRPORT CA
MONTH: NOVEMBER
YEAR: 2022
LATITUDE: 37 54 N
LONGITUDE: 121 15 W
TEMPERATURE IN F: :PCPN: SNOW: WIND :SUNSHINE: SKY :PK WND
================================================================================
1 2 3 4 5 6A 6B 7 8 9 10 11 12 13 14 15 16 17 18
12Z AVG MX 2MIN
DY MAX MIN AVG DEP HDD CDD WTR SNW DPTH SPD SPD DIR MIN PSBL S-S WX SPD DR
================================================================================
1 67 47 57 -3 8 0 0.22 M M 9.2 29 300 M M 2 1 34 300
2 61 44 53 -6 12 0 0.05 M M 4.8 18 310 M M 5 18 23 300
3 62 38 50 -9 15 0 0.00 M M 9.6 20 320 M M 1 25 320
4 66 37 52 -7 13 0 0.00 M M 3.3 8 140 M M 0 10 120
5 64 45 55 -3 10 0 0.00 M M 5.1 10 140 M M 9 8 12 150
6 67 50 59 1 6 0 0.00 M M 8.2 18 250 M M 7 21 260
7 62 47 55 -3 10 0 0.52 M M 7.6 24 290 M M 4 18 31 290
8 57 47 52 -5 13 0 0.44 M M 11.7 24 160 M M 7 1 32 150
9 59 41 50 -7 15 0 0.01 M M 4.5 10 140 M M 4 14 200
10 61 37 49 -7 16 0 0.00 M M 5.1 13 300 M M 0 1 18 300
11 60 36 48 -8 17 0 0.00 M M 1.1 7 260 M M 0 1 8 80
12 60 36 48 -8 17 0 T M M 5.8 15 290 M M 4 18 18 290
13 64 37 51 -4 14 0 0.00 M M 8.3 18 330 M M 0 1 23 330
14 61 35 48 -7 17 0 0.00 M M 3.9 9 340 M M 0 18 12 360
15 68 35 52 -3 13 0 0.00 M M 5.9 12 290 M M 0 18 14 340
16 65 32 49 -5 16 0 0.00 M M 1.3 7 130 M M 0 8 190
17 64 32 48 -6 17 0 0.00 M M 2.9 9 250 M M 0 18 10 250
18 66 35 51 -3 14 0 0.00 M M 6.0 13 320 M M 0 18 17 350
19 64 35 50 -3 15 0 0.00 M M 3.0 9 250 M M 0 8 11 250
20 64 31 48 -5 17 0 0.00 M M 1.6 6 250 M M 0 18 8 270
21 63 30 47 -6 18 0 0.00 M M 1.2 6 230 M M 0 18 7 250
22 64 30 47 -5 18 0 0.00 0.0 M 1.7 8 310 M M 0 18 10 300
23 67 34 51 -1 14 0 0.00 0.0 M 3.0 9 290 M M 0 18 12 280
24 69 34 52 0 13 0 0.00 0.0 M 3.0 8 150 M M 0 18 11 80
25 68 35 52 0 13 0 0.00 M M 2.2 12 80 M M 0 18 13 80
26 67 40 54 3 11 0 0.00 M M 3.6 13 290 M M 0 8 17 290
27 66 34 50 -1 15 0 0.00 M M 2.8 8 320 M M 0 18 10 330
28 65 36 51 0 14 0 0.00 M M 8.3 23 300 M M 0 27 300
29 59 34 47 -3 18 0 0.00 M M 4.7 12 320 M M 0 15 320
30 60 33 47 -3 18 0 0.00 M M 3.2 8 270 M M 1 1 11 130
================================================================================
SM 1910 1117 427 0 1.24 0.0 142.6 M 44
================================================================================
AV 63.7 37.2 4.8 FASTST M M 1 MAX(MPH)
MISC ----> 29 300 34 300
================================================================================
NOTES:
# LAST OF SEVERAL OCCURRENCES
COLUMN 17 PEAK WIND IN M.P.H.
PRELIMINARY LOCAL CLIMATOLOGICAL DATA (WS FORM: F-6) , PAGE 2
STATION: STOCKTON AIRPORT CA
MONTH: NOVEMBER
YEAR: 2022
LATITUDE: 37 54 N
LONGITUDE: 121 15 W
[TEMPERATURE DATA] [PRECIPITATION DATA] SYMBOLS USED IN COLUMN 16
AVERAGE MONTHLY: 50.5 TOTAL FOR MONTH: 1.24 1 = FOG OR MIST
DPTR FM NORMAL: -4.2 DPTR FM NORMAL: -0.16 2 = FOG REDUCING VISIBILITY
HIGHEST: 69 ON 24 GRTST 24HR 0.70 ON 7- 8 TO 1/4 MILE OR LESS
LOWEST: 30 ON 21,22 3 = THUNDER
SNOW, ICE PELLETS, HAIL 4 = ICE PELLETS
TOTAL MONTH: 0.0 INCH 5 = HAIL
GRTST 24HR 0.0 6 = FREEZING RAIN OR DRIZZLE
GRTST DEPTH: M ON M 7 = DUSTSTORM OR SANDSTORM:
VSBY 1/2 MILE OR LESS
8 = SMOKE OR HAZE
[NO. OF DAYS WITH] [WEATHER - DAYS WITH] 9 = BLOWING SNOW
X = TORNADO
MAX 32 OR BELOW: 0 0.01 INCH OR MORE: 5
MAX 90 OR ABOVE: 0 0.10 INCH OR MORE: 3
MIN 32 OR BELOW: 5 0.50 INCH OR MORE: 1
MIN 0 OR BELOW: 0 1.00 INCH OR MORE: 0
[HDD (BASE 65) ]
TOTAL THIS MO. 427 CLEAR (SCALE 0-3) 23
DPTR FM NORMAL 116 PTCLDY (SCALE 4-7) 6
TOTAL FM JUL 1 478 CLOUDY (SCALE 8-10) 1
DPTR FM NORMAL 99
[CDD (BASE 65) ]
TOTAL THIS MO. 0
DPTR FM NORMAL -2 [PRESSURE DATA]
TOTAL FM JAN 1 1935 HIGHEST SLP 30.39 ON 16
DPTR FM NORMAL 369 LOWEST SLP 29.55 ON 8
[REMARKS]
#FINAL-11-22#