000
CXUS56 KSTO 020020
CLMSCK
CLIMATE REPORT
NATIONAL WEATHER SERVICE SACRAMENTO
420 PM PST FRI MAR 01 2024
...................................
...THE STOCKTON AIRPORT CA CLIMATE SUMMARY FOR THE MONTH OF FEBRUARY 2024...
CLIMATE NORMAL PERIOD: 1991 TO 2020
CLIMATE RECORD PERIOD: 1948 TO 2024
WEATHER OBSERVED NORMAL DEPART LAST YEAR`S
VALUE DATE(S) VALUE FROM VALUE
NORMAL
..............................................................
TEMPERATURE (F)
RECORD
HIGH 79 02/28/2020
02/26/2020
02/18/1899
LOW 22 02/07/1989
02/06/1989
HIGHEST 72 02/24 MM MM
LOWEST 35 02/11 MM MM
AVG. MAXIMUM 63.2
AVG. MINIMUM 43.1
MEAN 53.2
DAYS MAX >= 90 0 0.0 0.0
DAYS MAX <= 32 0 0.0 0.0
DAYS MIN <= 32 0 2.4 -2.4
DAYS MIN <= 0 0 0.0 0.0
PRECIPITATION (INCHES)
RECORD
MAXIMUM 8.22 1998
MINIMUM 0.00 2020
TOTALS 2.71 2.50 0.21 2.00
DAILY AVG. 0.09 NAN NAN 0.07
DAYS >= .01 13 9.2 3.8 9
DAYS >= .10 11 5.8 5.2 6
DAYS >= .50 0 1.8 -1.8 0
DAYS >= 1.00 0 0
DAYS >= %-5.2F 0 0
DEGREE DAYS
HEATING TOTAL 335 361 -26
SINCE 7/1 1494 1822 -328
COOLING TOTAL 0 0 0
SINCE 1/1 0 0 0
..............................................................
WIND (MPH)
AVERAGE WIND SPEED 6.9
HIGHEST WIND SPEED/DIRECTION 47/140 DATE 02/04
HIGHEST GUST SPEED/DIRECTION 60/140 DATE 02/04
SKY COVER
POSSIBLE SUNSHINE (PERCENT) MM
AVERAGE SKY COVER 0.41
NUMBER OF DAYS FAIR 12
NUMBER OF DAYS PC 13
NUMBER OF DAYS CLOUDY 4
AVERAGE RH (PERCENT) 75
WEATHER CONDITIONS. NUMBER OF DAYS WITH
THUNDERSTORM 1 MIXED PRECIP 0
HEAVY RAIN 1 RAIN 9
LIGHT RAIN 16 FREEZING RAIN 0
LT FREEZING RAIN 0 HAIL 0
HEAVY SNOW 0 SNOW 0
LIGHT SNOW 0 SLEET 0
FOG 25 FOG W/VIS <= 1/4 MILE 6
HAZE 3
- INDICATES NEGATIVE NUMBERS.
R INDICATES RECORD WAS SET OR TIED.
MM INDICATES DATA IS MISSING.
T INDICATES TRACE AMOUNT.
$$