832
CXUS53 KLMK 021724
CF6SDF
PRELIMINARY LOCAL CLIMATOLOGICAL DATA (WS FORM: F-6)
STATION: LOUISVILLE KY
MONTH: MAY
YEAR: 2020
LATITUDE: 38 10 N
LONGITUDE: 85 44 W
TEMPERATURE IN F: :PCPN: SNOW: WIND :SUNSHINE: SKY :PK WND
================================================================================
1 2 3 4 5 6A 6B 7 8 9 10 11 12 13 14 15 16 17 18
12Z AVG MX 2MIN
DY MAX MIN AVG DEP HDD CDD WTR SNW DPTH SPD SPD DIR MIN PSBL S-S WX SPD DR
================================================================================
1 74 45 60 -3 5 0 0.00 0.0 0 5.8 13 360 M M 3 17 310
2 85 55 70 7 0 5 0.00 0.0 0 9.6 23 220 M M 5 31 230
3 79 61 70 7 0 5 0.06 0.0 0 8.3 18 360 M M 7 18 24 360
4 77 50 64 0 1 0 T 0.0 0 5.2 16 100 M M 7 21 90
5 64 48 56 -8 9 0 0.28 0.0 0 7.6 14 360 M M 9 13 20 60
6 64 43 54 -10 11 0 T 0.0 0 10.5 21 290 M M 6 27 310
7 70 45 58 -6 7 0 0.00 0.0 0 8.7 23 260 M M 6 32 260
8 59 41 50 -15 15 0 0.91 0.0 0 11.5 24 340 M M 8 1 33 350
9 61 34 48 -17 17 0 0.00 0.0 0 4.1 14 280 M M 2 19 340
10 70 44 57 -8 8 0 T 0.0 0 13.4 37 260 M M 6 55 260
11 57 38 48 -18 17 0 0.00 0.0 0 7.9 18 270 M M 6 24 280
12 63 43 53 -13 12 0 0.00 0.0 0 4.6 15 220 M M 8 22 220
13 57 50 54 -12 11 0 0.16 0.0 0 5.8 15 110 M M 10 1 20 120
14 85 56 71 5 0 6 0.20 0.0 0 10.3 28 230 M M 9 13 36 220
15 80 68 74 7 0 9 0.62 0.0 0 8.6 23 240 M M 9 13 32 230
16 84 66 75 8 0 10 1.13 0.0 0 4.1 18 130 M M 8 13 23 140
17 80 67 74 7 0 9 T 0.0 0 8.4 21 170 M M 10 28 160
18 74 62 68 0 0 3 0.54 0.0 0 6.6 16 170 M M 10 13 23 180
19 74 59 67 -1 0 2 0.00 0.0 0 5.8 17 70 M M 8 8 22 70
20 65 56 61 -7 4 0 0.03 0.0 0 10.6 16 60 M M 10 1 22 50
21 72 55 64 -4 1 0 0.00 0.0 0 4.7 12 60 M M 8 16 50
22 81 58 70 1 0 5 0.00 0.0 0 3.9 10 240 M M 6 1 14 270
23 90 66 78 9 0 13 1.60 0.0 0 6.7 24 270 M M 8 13 45 160
24 87 65 76 7 0 11 T 0.0 0 7.3 22 20 M M 6 30 20
25 90 68 79 9 0 14 0.21 0.0 0 5.7 21 140 M M 5 13 28 300
26 86 70 78 8 0 13 0.02 0.0 0 4.9 15 100 M M 7 19 190
27 78 71 75 5 0 10 0.03 0.0 0 6.8 17 150 M M 9 1 22 160
28 84 66 75 5 0 10 0.05 0.0 0 8.1 17 190 M M 8 1 24 190
29 80 67 74 3 0 9 0.09 0.0 0 8.3 24 290 M M 6 1 34 280
30 77 59 68 -3 0 3 0.00 0.0 0 7.2 16 20 M M 4 23 360
31 76 56 66 -5 0 1 0.00 0.0 0 7.5 16 30 M M 2 22 40
================================================================================
SM 2323 1732 118 138 5.93 0.0 228.5 M 216
================================================================================
AV 74.9 55.9 7.4 FASTST M M 7 MAX(MPH)
MISC ----> # 37 260 # 55 260
================================================================================
NOTES:
# LAST OF SEVERAL OCCURRENCES
COLUMN 17 PEAK WIND IN M.P.H.
PRELIMINARY LOCAL CLIMATOLOGICAL DATA (WS FORM: F-6) , PAGE 2
STATION: LOUISVILLE KY
MONTH: MAY
YEAR: 2020
LATITUDE: 38 10 N
LONGITUDE: 85 44 W
[TEMPERATURE DATA] [PRECIPITATION DATA] SYMBOLS USED IN COLUMN 16
AVERAGE MONTHLY: 65.4 TOTAL FOR MONTH: 5.93 1 = FOG OR MIST
DPTR FM NORMAL: -1.7 DPTR FM NORMAL: 0.66 2 = FOG REDUCING VISIBILITY
HIGHEST: 90 ON 25,23 GRTST 24HR 1.60 ON 23-23 TO 1/4 MILE OR LESS
LOWEST: 34 ON 9 3 = THUNDER
SNOW, ICE PELLETS, HAIL 4 = ICE PELLETS
TOTAL MONTH: 0.0 INCH 5 = HAIL
GRTST 24HR 0.0 6 = FREEZING RAIN OR DRIZZLE
GRTST DEPTH: 0 7 = DUSTSTORM OR SANDSTORM:
VSBY 1/2 MILE OR LESS
8 = SMOKE OR HAZE
[NO. OF DAYS WITH] [WEATHER - DAYS WITH] 9 = BLOWING SNOW
X = TORNADO
MAX 32 OR BELOW: 0 0.01 INCH OR MORE: 15
MAX 90 OR ABOVE: 2 0.10 INCH OR MORE: 9
MIN 32 OR BELOW: 0 0.50 INCH OR MORE: 5
MIN 0 OR BELOW: 0 1.00 INCH OR MORE: 2
[HDD (BASE 65) ]
TOTAL THIS MO. 118 CLEAR (SCALE 0-3) 2
DPTR FM NORMAL 51 PTCLDY (SCALE 4-7) 19
TOTAL FM JUL 1 3656 CLOUDY (SCALE 8-10) 10
DPTR FM NORMAL -436
[CDD (BASE 65) ]
TOTAL THIS MO. 138
DPTR FM NORMAL 7 [PRESSURE DATA]
TOTAL FM JAN 1 171 HIGHEST SLP 30.30 ON 13
DPTR FM NORMAL -3 LOWEST SLP 29.71 ON 19
[REMARKS]
#FINAL-05-20#