000
CXUS56 KSGX 011245
CF6SDM
PRELIMINARY LOCAL CLIMATOLOGICAL DATA (WS FORM: F-6)
STATION: SAN DIEGO/BROWN
MONTH: MARCH
YEAR: 2020
LATITUDE: 32 34 N
LONGITUDE: 116 59 W
TEMPERATURE IN F: :PCPN: SNOW: WIND :SUNSHINE: SKY :PK WND
================================================================================
1 2 3 4 5 6A 6B 7 8 9 10 11 12 13 14 15 16 17 18
12Z AVG MX 2MIN
DY MAX MIN AVG DEP HDD CDD WTR SNW DPTH SPD SPD DIR MIN PSBL S-S WX SPD DR
================================================================================
1 59 49 54 -2 11 0 0.09 M 0 8.0 16 250 M M 9 18 20 260
2 61 45 53 -3 12 0 0.05 M 0 5.9 14 270 M M 5 138 20 290
3 74 42 58 2 7 0 0.00 0.0 0 5.7 15 260 M M 0 18 21 280
4 69 43 56 0 9 0 0.00 0.0 0 4.6 12 280 M M 1 18 16 270
5 75 49 62 6 3 0 0.00 0.0 0 3.2 15 260 M M 4 128 19 250
6 69 51 60 4 5 0 0.00 0.0 0 3.7 13 270 M M 6 128 17 280
7 66 53 60 3 5 0 0.02 0.0 0 5.1 15 250 M M 7 18 20 240
8 65 49 57 0 8 0 0.15 M 0 4.3 14 260 M M 6 18 17 260
9 71 46 59 2 6 0 0.15 M 0 5.7 23 190 M M 3 1 30 190
10 67 56 62 5 3 0 0.38 0.0 0 7.4 18 200 M M 9 1 23 200
11 70 54 62 5 3 0 0.00 0.0 0 2.4 13 280 M M 7 12 17 300
12 63 53 58 1 7 0 0.39 0.0 0 5.2 15 210 M M 8 1 19 220
13 60 52 56 -1 9 0 0.30 0.0 0 5.2 15 210 M M 8 1 19 210
14 63 49 56 -1 9 0 0.04 M 0 2.6 10 240 M M 8 1 13 270
15 63 49 56 -1 9 0 T M 0 4.1 12 280 M M 8 1 15 230
16 63 50 57 0 8 0 0.24 0.0 0 8.2 18 210 M M 9 18 24 210
17 62 45 54 -3 11 0 0.20 M 0 3.8 12 280 M M 7 1 17 270
18 57 45 51 -6 14 0 0.46 M 0 5.2 15 290 M M 8 18 28 290
19 61 46 54 -3 11 0 0.29 M 0 6.9 17 200 M M 7 1 21 200
20 63 48 56 -1 9 0 T M 0 4.9 10 270 M M 5 15 260
21 65 47 56 -1 9 0 0.00 0.0 0 4.0 13 260 M M 3 18 17 250
22 69 46 58 1 7 0 0.03 M 0 5.8 13 260 M M 4 18 17 270
23 65 49 57 0 8 0 0.21 M 0 6.1 14 280 M M 6 18 20 270
24 66 47 57 0 8 0 0.00 0.0 0 4.3 15 260 M M 5 20 270
25 63 50 57 0 8 0 0.02 0.0 0 4.3 15 270 M M 8 1 20 280
26 60 47 54 -3 11 0 0.06 M 0 6.2 17 280 M M 6 13 25 290
27 61 43 52 -5 13 0 0.53 M 0 6.1 14 270 M M 3 13 19 250
28 63 42 53 -4 12 0 0.00 0.0 0 5.6 13 250 M M 1 17 270
29 64 44 54 -3 11 0 0.00 0.0 0 4.8 14 260 M M 3 18 19 280
30 70 49 60 3 5 0 0.00 0.0 0 4.8 16 280 M M 2 18 20 280
31 70 49 60 3 5 0 0.00 0.0 0 3.1 9 250 M M 0 18 12 240
================================================================================
SM 2017 1487 256 0 3.61 0.0 157.2 M 166
================================================================================
AV 65.1 48.0 5.1 FASTST M M 5 MAX(MPH)
MISC ----> # 23 190 # 30 190
================================================================================
NOTES:
# LAST OF SEVERAL OCCURRENCES
COLUMN 17 PEAK WIND IN M.P.H.
PRELIMINARY LOCAL CLIMATOLOGICAL DATA (WS FORM: F-6) , PAGE 2
STATION: SAN DIEGO/BROWN
MONTH: MARCH
YEAR: 2020
LATITUDE: 32 34 N
LONGITUDE: 116 59 W
[TEMPERATURE DATA] [PRECIPITATION DATA] SYMBOLS USED IN COLUMN 16
AVERAGE MONTHLY: 56.5 TOTAL FOR MONTH: 3.61 1 = FOG OR MIST
DPTR FM NORMAL: -0.2 DPTR FM NORMAL: 1.16 2 = FOG REDUCING VISIBILITY
HIGHEST: 75 ON 5 GRTST 24HR 0.53 ON 27-27 TO 1/4 MILE OR LESS
LOWEST: 42 ON 28, 3 3 = THUNDER
SNOW, ICE PELLETS, HAIL 4 = ICE PELLETS
TOTAL MONTH: 0.0 INCH 5 = HAIL
GRTST 24HR 0.0 6 = FREEZING RAIN OR DRIZZLE
GRTST DEPTH: 0 7 = DUSTSTORM OR SANDSTORM:
VSBY 1/2 MILE OR LESS
8 = SMOKE OR HAZE
[NO. OF DAYS WITH] [WEATHER - DAYS WITH] 9 = BLOWING SNOW
X = TORNADO
MAX 32 OR BELOW: 0 0.01 INCH OR MORE: 18
MAX 90 OR ABOVE: 0 0.10 INCH OR MORE: 11
MIN 32 OR BELOW: 0 0.50 INCH OR MORE: 1
MIN 0 OR BELOW: 0 1.00 INCH OR MORE: 0
[HDD (BASE 65) ]
TOTAL THIS MO. 256 CLEAR (SCALE 0-3) 9
DPTR FM NORMAL -6 PTCLDY (SCALE 4-7) 16
TOTAL FM JUL 1 1251 CLOUDY (SCALE 8-10) 6
DPTR FM NORMAL -180
[CDD (BASE 65) ]
TOTAL THIS MO. 0
DPTR FM NORMAL -5 [PRESSURE DATA]
TOTAL FM JAN 1 3 HIGHEST SLP 30.23 ON 30
DPTR FM NORMAL -8 LOWEST SLP 29.72 ON 18
[REMARKS]
#FINAL-03-20#