000
CXUS56 KSGX 011045
CF6SDM
PRELIMINARY LOCAL CLIMATOLOGICAL DATA (WS FORM: F-6)
STATION: SAN DIEGO/BROWN
MONTH: JULY
YEAR: 2023
LATITUDE: 32 34 N
LONGITUDE: 116 59 W
TEMPERATURE IN F: :PCPN: SNOW: WIND :SUNSHINE: SKY :PK WND
================================================================================
1 2 3 4 5 6A 6B 7 8 9 10 11 12 13 14 15 16 17 18
12Z AVG MX 2MIN
DY MAX MIN AVG DEP HDD CDD WTR SNW DPTH SPD SPD DIR MIN PSBL S-S WX SPD DR
================================================================================
1 76 59 68 0 0 3 0.00 M M 3.7 12 270 M M 5 18 17 310
2 80 57 69 1 0 4 0.00 M M 4.7 14 260 M M 3 18 18 280
3 76 60 68 -1 0 3 0.00 M M 3.8 12 270 M M 5 18 17 280
4 76 59 68 -1 0 3 0.00 M M 4.6 13 270 M M 4 128 22 10
5 76 58 67 -2 0 2 0.00 M M 4.2 14 270 M M 4 18 18 270
6 74 58 66 -3 0 1 0.00 M M 4.9 13 270 M M 5 18 19 280
7 74 59 67 -2 0 2 0.00 M M 5.3 13 280 M M 4 19 270
8 74 59 67 -2 0 2 0.00 M M 4.9 15 260 M M 4 8 18 250
9 74 61 68 -1 0 3 0.00 M M 3.9 12 280 M M 5 8 18 320
10 78 61 70 0 0 5 0.00 M M 3.8 13 270 M M 5 18 17 280
11 81 59 70 0 0 5 0.00 M M 3.3 12 270 M M 1 18 17 270
12 87 64 76 6 0 11 0.00 M M 4.0 13 270 M M 0 18 17 270
13 89 62 76 6 0 11 0.00 M M 4.3 14 260 M M 0 8 23 250
14 82 62 72 2 0 7 0.00 M M 4.2 12 270 M M 1 12 16 250
15 78 63 71 1 0 6 0.00 M M 4.4 12 270 M M 4 18 17 260
16 81 62 72 2 0 7 0.00 M M 3.5 12 280 M M 1 18 17 270
17 84 64 74 4 0 9 0.00 M M 3.0 12 270 M M 1 18 16 320
18 82 64 73 3 0 8 0.00 M M 4.2 13 280 M M 2 128 27 210
19 84 65 75 5 0 10 0.00 M M 3.6 33 90 M M 2 18 39 90
20 82 62 72 2 0 7 0.00 M M 3.8 12 270 M M 0 18 16 260
21 80 61 71 1 0 6 0.00 M M 4.5 10 280 M M 3 128 15 270
22 77 63 70 0 0 5 0.00 M M 3.7 12 280 M M 4 18 15 280
23 77 64 71 1 0 6 T M M 3.5 12 280 M M 5 18 15 280
24 81 62 72 1 0 7 0.00 M M 3.6 14 280 M M 3 128 32 30
25 84 65 75 4 0 10 0.00 M M 2.9 10 270 M M 3 128 24 220
26 87 63 75 4 0 10 0.00 M M 3.6 14 270 M M 1 128 17 290
27 83 65 74 3 0 9 0.00 M M 3.7 14 260 M M 3 128 18 270
28 85 64 75 4 0 10 0.00 M M 3.5 14 210 M M 2 18 23 210
29 85 66 76 5 0 11 0.00 M M 4.2 13 280 M M 1 18 17 270
30 85 63 74 3 0 9 0.00 M M 3.4 12 270 M M 1 18 26 210
31 82 66 74 3 0 9 T M M 3.8 12 280 M M 2 18 14 310
================================================================================
SM 2494 1920 0 201 T M 122.5 M 84
================================================================================
AV 80.5 61.9 4.0 FASTST M M 3 MAX(MPH)
MISC ----> 33 90 39 90
================================================================================
NOTES:
# LAST OF SEVERAL OCCURRENCES
COLUMN 17 PEAK WIND IN M.P.H.
PRELIMINARY LOCAL CLIMATOLOGICAL DATA (WS FORM: F-6) , PAGE 2
STATION: SAN DIEGO/BROWN
MONTH: JULY
YEAR: 2023
LATITUDE: 32 34 N
LONGITUDE: 116 59 W
[TEMPERATURE DATA] [PRECIPITATION DATA] SYMBOLS USED IN COLUMN 16
AVERAGE MONTHLY: 71.2 TOTAL FOR MONTH: T 1 = FOG OR MIST
DPTR FM NORMAL: 1.3 DPTR FM NORMAL: -0.04 2 = FOG REDUCING VISIBILITY
HIGHEST: 89 ON 13 GRTST 24HR T ON 23-23 TO 1/4 MILE OR LESS
LOWEST: 57 ON 2 3 = THUNDER
SNOW, ICE PELLETS, HAIL 4 = ICE PELLETS
TOTAL MONTH: M 5 = HAIL
GRTST 24HR M ON M 6 = FREEZING RAIN OR DRIZZLE
GRTST DEPTH: M ON M 7 = DUSTSTORM OR SANDSTORM:
VSBY 1/2 MILE OR LESS
8 = SMOKE OR HAZE
[NO. OF DAYS WITH] [WEATHER - DAYS WITH] 9 = BLOWING SNOW
X = TORNADO
MAX 32 OR BELOW: 0 0.01 INCH OR MORE: 0
MAX 90 OR ABOVE: 0 0.10 INCH OR MORE: 0
MIN 32 OR BELOW: 0 0.50 INCH OR MORE: 0
MIN 0 OR BELOW: 0 1.00 INCH OR MORE: 0
[HDD (BASE 65) ]
TOTAL THIS MO. 0 CLEAR (SCALE 0-3) 17
DPTR FM NORMAL -1 PTCLDY (SCALE 4-7) 14
TOTAL FM JUL 1 0 CLOUDY (SCALE 8-10) 0
DPTR FM NORMAL 0
[CDD (BASE 65) ]
TOTAL THIS MO. 201
DPTR FM NORMAL 48 [PRESSURE DATA]
TOTAL FM JAN 1 226 HIGHEST SLP 29.99 ON 19
DPTR FM NORMAL -30 LOWEST SLP 29.80 ON 22
[REMARKS]
#FINAL-07-23#