000
CXUS55 KSEW 011522
CF6SEW
PRELIMINARY LOCAL CLIMATOLOGICAL DATA (WS FORM: F-6)
STATION: SEATTLE WA WFO
MONTH: JULY
YEAR: 2023
LATITUDE: 47 41 N
LONGITUDE: 122 15 W
TEMPERATURE IN F: :PCPN: SNOW: WIND :SUNSHINE: SKY :PK WND
================================================================================
1 2 3 4 5 6A 6B 7 8 9 10 11 12 13 14 15 16 17 18
12Z AVG MX 2MIN
DY MAX MIN AVG DEP HDD CDD WTR SNW DPTH SPD SPD DIR MIN PSBL S-S WX SPD DR
================================================================================
1 78 56 67 3 0 2 0.00 0.0 0 M M M M M M M M
2 77 56 67 3 0 2 0.00 0.0 0 M M M M M M M M
3 80 54 67 3 0 2 0.00 0.0 0 M M M M M M M M
4 85 58 72 7 0 7 0.00 0.0 0 M M M M M M M M
5 89 60 75 10 0 10 0.00 0.0 0 M M M M M M M M
6 86 61 74 9 0 9 0.00 0.0 0 M M M M M M M M
7 76 56 66 1 0 1 0.00 0.0 0 M M M M M M M M
8 74 56 65 0 0 0 0.00 0.0 0 M M M M M M M M
9 80 55 68 2 0 3 0.00 0.0 0 M M M M M M M M
10 71 56 64 -2 1 0 0.00 0.0 0 M M M M M M M M
11 78 56 67 1 0 2 0.00 0.0 0 M M M M M M M M
12 77 57 67 1 0 2 0.00 0.0 0 M M M M M M M M
13 81 55 68 2 0 3 0.00 0.0 0 M M M M M M M M
14 84 58 71 5 0 6 0.00 0.0 0 M M M M M M M M
15 87 62 75 8 0 10 0.00 0.0 0 M M M M M M M M
16 83 59 71 4 0 6 0.00 0.0 0 M M M M M M M M
17 79 60 70 3 0 5 0.02 0.0 0 M M M M M M M M
18 79 56 68 1 0 3 0.00 0.0 0 M M M M M M M M
19 86 58 72 5 0 7 0.00 0.0 0 M M M M M M M M
20 86 60 73 6 0 8 0.00 0.0 0 M M M M M M M M
21 78 60 69 2 0 4 0.00 0.0 0 M M M M M M M M
22 82 56 69 1 0 4 0.00 0.0 0 M M M M M M M M
23 86 58 72 4 0 7 0.00 0.0 0 M M M M M M M M
24 71 57 64 -4 1 0 0.15 0.0 0 M M M M M M 1 M M
25 76 57 67 -1 0 2 0.00 0.0 0 M M M M M M M M
26 74 57 66 -2 0 1 0.00 0.0 0 M M M M M M M M
27 80 56 68 0 0 3 0.00 0.0 0 M M M M M M M M
28 80 56 68 0 0 3 0.00 0.0 0 M M M M M M M M
29 76 56 66 -2 0 1 0.00 0.0 0 M M M M M M M M
30 76 58 67 -1 0 2 0.00 0.0 0 M M M M M M M M
31 77 56 67 -1 0 2 0.00 0.0 0 M M M M M M M M
================================================================================
SM 2472 1776 2 117 0.17 0.0 M M M
================================================================================
AV 79.7 57.3 M FASTST M M M MAX(MPH)
MISC ----> M M M M
================================================================================
NOTES:
# LAST OF SEVERAL OCCURRENCES
COLUMN 17 PEAK WIND IN M.P.H.
PRELIMINARY LOCAL CLIMATOLOGICAL DATA (WS FORM: F-6) , PAGE 2
STATION: SEATTLE WA WFO
MONTH: JULY
YEAR: 2023
LATITUDE: 47 41 N
LONGITUDE: 122 15 W
[TEMPERATURE DATA] [PRECIPITATION DATA] SYMBOLS USED IN COLUMN 16
AVERAGE MONTHLY: 68.5 TOTAL FOR MONTH: 0.17 1 = FOG OR MIST
DPTR FM NORMAL: 2.0 DPTR FM NORMAL: -0.61 2 = FOG REDUCING VISIBILITY
HIGHEST: 89 ON 5 GRTST 24HR 0.15 ON 24-24 TO 1/4 MILE OR LESS
LOWEST: 54 ON 3 3 = THUNDER
SNOW, ICE PELLETS, HAIL 4 = ICE PELLETS
TOTAL MONTH: 0.0 INCH 5 = HAIL
GRTST 24HR 0.0 6 = FREEZING RAIN OR DRIZZLE
GRTST DEPTH: 0 7 = DUSTSTORM OR SANDSTORM:
VSBY 1/2 MILE OR LESS
8 = SMOKE OR HAZE
[NO. OF DAYS WITH] [WEATHER - DAYS WITH] 9 = BLOWING SNOW
X = TORNADO
MAX 32 OR BELOW: 0 0.01 INCH OR MORE: 2
MAX 90 OR ABOVE: 0 0.10 INCH OR MORE: 1
MIN 32 OR BELOW: 0 0.50 INCH OR MORE: 0
MIN 0 OR BELOW: 0 1.00 INCH OR MORE: 0
[HDD (BASE 65) ]
TOTAL THIS MO. 2 CLEAR (SCALE 0-3) 0
DPTR FM NORMAL -29 PTCLDY (SCALE 4-7) 0
TOTAL FM JUL 1 2 CLOUDY (SCALE 8-10) 31
DPTR FM NORMAL -31
[CDD (BASE 65) ]
TOTAL THIS MO. 117
DPTR FM NORMAL 39 [PRESSURE DATA]
TOTAL FM JAN 1 162 HIGHEST SLP M ON M
DPTR FM NORMAL 62 LOWEST SLP M ON M
[REMARKS]
#FINAL-07-23#
CORRECTED