000
CXUS56 KMTR 010900
CF6SFD
PRELIMINARY LOCAL CLIMATOLOGICAL DATA (WS FORM: F-6)
STATION: SAN FRANCISCO DWTN CA
MONTH: MAY
YEAR: 2023
LATITUDE: 37 46 N
LONGITUDE: 122 26 W
TEMPERATURE IN F: :PCPN: SNOW: WIND :SUNSHINE: SKY :PK WND
================================================================================
1 2 3 4 5 6A 6B 7 8 9 10 11 12 13 14 15 16 17 18
12Z AVG MX 2MIN
DY MAX MIN AVG DEP HDD CDD WTR SNW DPTH SPD SPD DIR MIN PSBL S-S WX SPD DR
================================================================================
1 56 50 53 -4 12 0 0.00 M 0 M M M M M M M M
2 55 48 52 -5 13 0 0.55 M 0 M M M M M M M M
3 61 49 55 -2 10 0 0.54 M 0 M M M M M M M M
4 59 49 54 -3 11 0 0.00 M 0 M M M M M M M M
5 59 51 55 -2 10 0 0.00 M 0 M M M M M M M M
6 61 52 57 0 8 0 0.08 M 0 M M M M M M M M
7 60 49 55 -2 10 0 0.00 M 0 M M M M M M M M
8 61 51 56 -1 9 0 0.02 M 0 M M M M M M M M
9 61 52 57 0 8 0 0.00 M 0 M M M M M M M M
10 59 51 55 -2 10 0 0.00 M 0 M M M M M M M M
11 61 51 56 -1 9 0 0.00 M 0 M M M M M M M M
12 63 51 57 0 8 0 0.00 M 0 M M M M M M M M
13 74 51 63 5 2 0 0.00 M 0 M M M M M M M M
14 67 51 59 1 6 0 0.00 M 0 M M M M M M M M
15 63 53 58 0 7 0 0.00 M 0 M M M M M M M M
16 67 52 60 2 5 0 0.00 M 0 M M M M M M M M
17 60 51 56 -2 9 0 0.00 M 0 M M M M M M M M
18 59 51 55 -3 10 0 0.00 M 0 M M M M M M M M
19 59 51 55 -3 10 0 0.00 M 0 M M M M M M M M
20 59 51 55 -3 10 0 0.02 M 0 M M M M M M M M
21 65 50 58 0 7 0 0.00 M 0 M M M M M M M M
22 66 52 59 1 6 0 0.00 M 0 M M M M M M M M
23 64 52 58 0 7 0 0.00 M 0 M M M M M M M M
24 62 51 57 -1 8 0 0.00 M 0 M M M M M M M M
25 61 52 57 -1 8 0 0.00 M 0 M M M M M M M M
26 62 52 57 -1 8 0 0.00 M 0 M M M M M M M M
27 60 51 56 -2 9 0 0.00 M 0 M M M M M M M M
28 58 53 56 -3 9 0 0.00 M 0 M M M M M M M M
29 63 52 58 -1 7 0 0.00 M 0 M M M M M M M M
30 62 54 58 -1 7 0 0.00 M 0 M M M M M M M M
31 60 52 56 -3 9 0 0.00 M 0 M M M M M M M M
================================================================================
SM 1907 1586 262 0 1.21 M M M M
================================================================================
AV 61.5 51.2 M FASTST M M M MAX(MPH)
MISC ----> M M M M
================================================================================
NOTES:
# LAST OF SEVERAL OCCURRENCES
COLUMN 17 PEAK WIND IN M.P.H.
PRELIMINARY LOCAL CLIMATOLOGICAL DATA (WS FORM: F-6) , PAGE 2
STATION: SAN FRANCISCO DWTN CA
MONTH: MAY
YEAR: 2023
LATITUDE: 37 46 N
LONGITUDE: 122 26 W
[TEMPERATURE DATA] [PRECIPITATION DATA] SYMBOLS USED IN COLUMN 16
AVERAGE MONTHLY: 56.3 TOTAL FOR MONTH: 1.21 1 = FOG OR MIST
DPTR FM NORMAL: -1.5 DPTR FM NORMAL: 0.51 2 = FOG REDUCING VISIBILITY
HIGHEST: 74 ON 13 GRTST 24HR 0.90 ON 2- 3 TO 1/4 MILE OR LESS
LOWEST: 48 ON 2 3 = THUNDER
SNOW, ICE PELLETS, HAIL 4 = ICE PELLETS
TOTAL MONTH: M 5 = HAIL
GRTST 24HR M ON M 6 = FREEZING RAIN OR DRIZZLE
GRTST DEPTH: 0 7 = DUSTSTORM OR SANDSTORM:
VSBY 1/2 MILE OR LESS
8 = SMOKE OR HAZE
[NO. OF DAYS WITH] [WEATHER - DAYS WITH] 9 = BLOWING SNOW
X = TORNADO
MAX 32 OR BELOW: 0 0.01 INCH OR MORE: 5
MAX 90 OR ABOVE: 0 0.10 INCH OR MORE: 2
MIN 32 OR BELOW: 0 0.50 INCH OR MORE: 2
MIN 0 OR BELOW: 0 1.00 INCH OR MORE: 0
[HDD (BASE 65) ]
TOTAL THIS MO. 262 CLEAR (SCALE 0-3) 0
DPTR FM NORMAL 30 PTCLDY (SCALE 4-7) 0
TOTAL FM JUL 1 2924 CLOUDY (SCALE 8-10) 31
DPTR FM NORMAL 313
[CDD (BASE 65) ]
TOTAL THIS MO. 0
DPTR FM NORMAL -8 [PRESSURE DATA]
TOTAL FM JAN 1 0 HIGHEST SLP M ON M
DPTR FM NORMAL -15 LOWEST SLP 9999.00 ON 1
[REMARKS]
#FINAL-05-23#