000
CXUS56 KOTX 011010
CF6SFF
PRELIMINARY LOCAL CLIMATOLOGICAL DATA (WS FORM: F-6)
STATION: SPOKANE WA FELTS AIRPORT
MONTH: JANUARY
YEAR: 2023
LATITUDE: 47 40 N
LONGITUDE: 117 20 W
TEMPERATURE IN F: :PCPN: SNOW: WIND :SUNSHINE: SKY :PK WND
================================================================================
1 2 3 4 5 6A 6B 7 8 9 10 11 12 13 14 15 16 17 18
12Z AVG MX 2MIN
DY MAX MIN AVG DEP HDD CDD WTR SNW DPTH SPD SPD DIR MIN PSBL S-S WX SPD DR
================================================================================
1 38 31 35 4 30 0 0.00 M M 1.7 9 350 M M 10 18 13 350
2 38 25 32 1 33 0 0.00 M M 1.3 8 240 M M 7 1 9 260
3 32 28 30 -1 35 0 0.00 M M 1.6 8 230 M M 10 1 10 220
4 39 28 34 3 31 0 0.00 M M 2.5 13 90 M M 6 16 90
5 41 33 37 6 28 0 0.00 M M 3.8 16 100 M M 9 21 100
6 46 30 38 7 27 0 T M M 1.8 10 80 M M 5 13 80
7 44 32 38 7 27 0 0.00 M M 2.0 10 110 M M 8 12 100
8 43 35 39 8 26 0 0.10 M M 3.9 15 200 M M 9 1 20 190
9 40 29 35 4 30 0 M M M 2.2 6 240 M M 5 18 M M
10 42 29 36 5 29 0 0.00 M M 0.7 8 70 M M 4 128 10 70
11 40 28 34 2 31 0 0.03 M M 0.9 8 100 M M 5 18 11 120
12 42 33 38 6 27 0 0.22 M M 1.5 6 240 M M 10 1 7 90
13 46 35 41 9 24 0 0.10 M M 1.4 9 70 M M 7 1 12 60
14 51 36 44 12 21 0 0.06 M M 1.7 10 100 M M 7 1 13 90
15 43 37 40 8 25 0 0.01 M M 2.1 8 270 M M 9 1 12 260
16 43 36 40 8 25 0 0.03 M M 1.2 13 200 M M 10 1 17 190
17 38 35 37 5 28 0 0.00 M M 3.0 10 210 M M 10 13 230
18 44 36 40 8 25 0 0.06 M M 4.6 16 200 M M 10 1 22 190
19 37 28 33 1 32 0 0.00 M M 5.9 17 230 M M 10 1 21 230
20 34 25 30 -2 35 0 0.00 M M 1.2 7 330 M M 7 12 10 340
21 41 27 34 2 31 0 0.08 M M 2.8 12 220 M M 7 1 17 230
22 32 23 28 -4 37 0 0.02 M M 1.9 9 230 M M 9 1 12 290
23 35 26 31 -1 34 0 0.00 M M 2.4 10 140 M M 10 13 140
24 34 31 33 1 32 0 0.00 M M 2.0 9 210 M M 10 11 250
25 37 31 34 2 31 0 0.00 M M 0.8 7 120 M M 10 18 9 250
26 43 33 38 6 27 0 T M M 3.0 13 200 M M 10 1 17 220
27 41 30 36 4 29 0 0.23 M M 2.1 13 240 M M 8 12 16 240
28 34 17 26 -7 39 0 0.04 M M 9.9 25 70 M M 4 1 36 80
29 24 11 18 -15 47 0 0.00 M M 3.8 14 100 M M 0 17 80
30 26 7 17 -16 48 0 0.00 M M 2.6 12 200 M M 3 14 200
31 31 20 26 -7 39 0 0.01 M M 0.3 7 180 M M 9 1 11 190
================================================================================
SM 1199 885 963 0 0.99 M 76.6 M 238
================================================================================
AV 38.7 28.5 2.5 FASTST M M 8 MAX(MPH)
MISC ----> 25 70 36 80
================================================================================
NOTES:
# LAST OF SEVERAL OCCURRENCES
COLUMN 17 PEAK WIND IN M.P.H.
PRELIMINARY LOCAL CLIMATOLOGICAL DATA (WS FORM: F-6) , PAGE 2
STATION: SPOKANE WA FELTS AIRPORT
MONTH: JANUARY
YEAR: 2023
LATITUDE: 47 40 N
LONGITUDE: 117 20 W
[TEMPERATURE DATA] [PRECIPITATION DATA] SYMBOLS USED IN COLUMN 16
AVERAGE MONTHLY: 33.6 TOTAL FOR MONTH: 0.99 1 = FOG OR MIST
DPTR FM NORMAL: 1.8 DPTR FM NORMAL: -1.01 2 = FOG REDUCING VISIBILITY
HIGHEST: 51 ON 14 GRTST 24HR 0.33 ON 7- 8 TO 1/4 MILE OR LESS
LOWEST: 7 ON 30 3 = THUNDER
SNOW, ICE PELLETS, HAIL 4 = ICE PELLETS
TOTAL MONTH: M 5 = HAIL
GRTST 24HR M ON M 6 = FREEZING RAIN OR DRIZZLE
GRTST DEPTH: M ON M 7 = DUSTSTORM OR SANDSTORM:
VSBY 1/2 MILE OR LESS
8 = SMOKE OR HAZE
[NO. OF DAYS WITH] [WEATHER - DAYS WITH] 9 = BLOWING SNOW
X = TORNADO
MAX 32 OR BELOW: 5 0.01 INCH OR MORE: 13
MAX 90 OR ABOVE: 0 0.10 INCH OR MORE: 4
MIN 32 OR BELOW: 21 0.50 INCH OR MORE: 0
MIN 0 OR BELOW: 0 1.00 INCH OR MORE: 0
[HDD (BASE 65) ]
TOTAL THIS MO. 963 CLEAR (SCALE 0-3) 2
DPTR FM NORMAL -66 PTCLDY (SCALE 4-7) 13
TOTAL FM JUL 1 3526 CLOUDY (SCALE 8-10) 16
DPTR FM NORMAL -30
[CDD (BASE 65) ]
TOTAL THIS MO. 0
DPTR FM NORMAL 0 [PRESSURE DATA]
TOTAL FM JAN 1 0 HIGHEST SLP M ON M
DPTR FM NORMAL 0 LOWEST SLP 29.44 ON 15
[REMARKS]
#FINAL-01-23#