000
CXUS56 KOTX 011010
CF6SFF
PRELIMINARY LOCAL CLIMATOLOGICAL DATA (WS FORM: F-6)
STATION: SPOKANE WA FELTS AIRPORT
MONTH: NOVEMBER
YEAR: 2020
LATITUDE: 47 40 N
LONGITUDE: 117 20 W
TEMPERATURE IN F: :PCPN: SNOW: WIND :SUNSHINE: SKY :PK WND
================================================================================
1 2 3 4 5 6A 6B 7 8 9 10 11 12 13 14 15 16 17 18
12Z AVG MX 2MIN
DY MAX MIN AVG DEP HDD CDD WTR SNW DPTH SPD SPD DIR MIN PSBL S-S WX SPD DR
================================================================================
1 58 30 44 2 21 0 0.00 M M 0.8 8 80 M M 0 1 10 90
2 60 31 46 4 19 0 0.00 M M 1.3 7 90 M M 0 1 9 90
3 51 32 42 1 23 0 0.08 M M 2.1 7 60 M M 6 12 9 230
4 64 49 57 16 8 0 0.02 M M 7.6 22 210 M M 5 27 210
5 59 45 52 11 13 0 0.39 M M 9.6 22 230 M M 7 1 30 230
6 46 39 43 3 22 0 0.02 M M 1.5 8 340 M M 9 12 340
7 44 36 40 0 25 0 T M M 3.3 13 330 M M 8 20 340
8 40 30 35 -5 30 0 0.02 M M 7.6 22 80 M M 10 18 28 90
9 36 23 30 -9 35 0 0.01 M M 5.0 16 190 M M 5 18 19 190
10 38 26 32 -7 33 0 0.10 M M 4.5 16 230 M M 8 12 20 230
11 32 26 29 -10 36 0 0.00 M M 2.8 9 220 M M 9 12 12 220
12 42 30 36 -2 29 0 0.00 M M 4.6 13 200 M M 7 17 200
13 46 35 41 3 24 0 0.25 M M 11.1 28 230 M M 8 1 35 220
14 43 31 37 -1 28 0 0.04 M M 7.5 18 220 M M 5 22 220
15 50 36 43 6 22 0 T M M 10.7 28 230 M M 6 1 34 230
16 46 37 42 5 23 0 0.15 M M 2.2 9 100 M M 7 1 12 100
17 52 36 44 7 21 0 T M M 3.9 17 210 M M 6 1 25 210
18 52 38 45 9 20 0 0.13 M M 6.4 20 220 M M 4 1 23 220
19 48 34 41 5 24 0 0.00 M M 5.2 21 220 M M 7 25 230
20 47 32 40 4 25 0 0.00 M M 3.5 13 190 M M 3 17 200
21 46 28 37 2 28 0 0.00 M M 1.9 9 220 M M 0 1 12 200
22 44 25 35 0 30 0 0.00 M M 1.8 12 70 M M 3 12 13 120
23 37 33 35 0 30 0 0.09 M M 2.3 10 240 M M 10 1 12 210
24 45 33 39 5 26 0 0.01 M M 5.3 17 210 M M 10 1 24 230
25 41 32 37 3 28 0 T M M 5.2 15 250 M M 9 1 21 250
26 41 33 37 3 28 0 0.00 M M 4.7 12 220 M M 9 13 220
27 47 30 39 6 26 0 0.00 M M 3.0 14 220 M M 0 1 19 200
28 47 30 39 6 26 0 0.00 M M 2.8 18 210 M M 1 1 26 210
29 45 26 36 3 29 0 0.00 M M 1.7 9 120 M M 2 1 11 130
30 40 28 34 2 31 0 0.06 M M 2.9 18 230 M M 8 1 25 240
================================================================================
SM 1387 974 763 0 1.37 M 132.8 M 172
================================================================================
AV 46.2 32.5 4.4 FASTST M M 6 MAX(MPH)
MISC ----> # 28 230 35 220
================================================================================
NOTES:
# LAST OF SEVERAL OCCURRENCES
COLUMN 17 PEAK WIND IN M.P.H.
PRELIMINARY LOCAL CLIMATOLOGICAL DATA (WS FORM: F-6) , PAGE 2
STATION: SPOKANE WA FELTS AIRPORT
MONTH: NOVEMBER
YEAR: 2020
LATITUDE: 47 40 N
LONGITUDE: 117 20 W
[TEMPERATURE DATA] [PRECIPITATION DATA] SYMBOLS USED IN COLUMN 16
AVERAGE MONTHLY: 39.4 TOTAL FOR MONTH: 1.37 1 = FOG OR MIST
DPTR FM NORMAL: 2.3 DPTR FM NORMAL: -0.90 2 = FOG REDUCING VISIBILITY
HIGHEST: 64 ON 4 GRTST 24HR 0.41 ON 5- 6 TO 1/4 MILE OR LESS
LOWEST: 23 ON 9 3 = THUNDER
SNOW, ICE PELLETS, HAIL 4 = ICE PELLETS
TOTAL MONTH: M 5 = HAIL
GRTST 24HR M ON M 6 = FREEZING RAIN OR DRIZZLE
GRTST DEPTH: M ON M 7 = DUSTSTORM OR SANDSTORM:
VSBY 1/2 MILE OR LESS
8 = SMOKE OR HAZE
[NO. OF DAYS WITH] [WEATHER - DAYS WITH] 9 = BLOWING SNOW
X = TORNADO
MAX 32 OR BELOW: 1 0.01 INCH OR MORE: 14
MAX 90 OR ABOVE: 0 0.10 INCH OR MORE: 5
MIN 32 OR BELOW: 17 0.50 INCH OR MORE: 0
MIN 0 OR BELOW: 0 1.00 INCH OR MORE: 0
[HDD (BASE 65) ]
TOTAL THIS MO. 763 CLEAR (SCALE 0-3) 8
DPTR FM NORMAL -74 PTCLDY (SCALE 4-7) 14
TOTAL FM JUL 1 1348 CLOUDY (SCALE 8-10) 8
DPTR FM NORMAL -224
[CDD (BASE 65) ]
TOTAL THIS MO. 0
DPTR FM NORMAL 0 [PRESSURE DATA]
TOTAL FM JAN 1 553 HIGHEST SLP M ON M
DPTR FM NORMAL 147 LOWEST SLP 29.28 ON 13
[REMARKS]
#FINAL-11-20#