000
CXUS56 KOTX 010900
CF6SFF
PRELIMINARY LOCAL CLIMATOLOGICAL DATA (WS FORM: F-6)
STATION: SPOKANE WA FELTS AIRPORT
MONTH: JUNE
YEAR: 2020
LATITUDE: 47 40 N
LONGITUDE: 117 20 W
TEMPERATURE IN F: :PCPN: SNOW: WIND :SUNSHINE: SKY :PK WND
================================================================================
1 2 3 4 5 6A 6B 7 8 9 10 11 12 13 14 15 16 17 18
12Z AVG MX 2MIN
DY MAX MIN AVG DEP HDD CDD WTR SNW DPTH SPD SPD DIR MIN PSBL S-S WX SPD DR
================================================================================
1 71 46 59 0 6 0 0.00 M M 4.2 18 220 M M 2 23 210
2 75 47 61 2 4 0 0.00 M M 7.1 18 190 M M 1 23 200
3 74 49 62 2 3 0 0.00 M M 3.7 14 240 M M 0 19 260
4 73 53 63 3 2 0 0.00 M M 8.6 21 230 M M 3 35 220
5 70 52 61 1 4 0 0.09 M M 4.0 14 340 M M 5 1 24 350
6 66 52 59 -1 6 0 0.00 M M 7.9 15 200 M M 6 22 230
7 62 46 54 -6 11 0 0.12 M M 7.4 18 230 M M 8 1 25 200
8 66 45 56 -5 9 0 0.11 M M 8.4 28 230 M M 8 18 33 220
9 58 44 51 -10 14 0 0.04 M M 5.0 14 210 M M 8 19 210
10 76 52 64 3 1 0 T M M 2.3 10 170 M M 6 17 180
11 82 52 67 6 0 2 0.21 M M 3.0 15 240 M M 2 138 19 220
12 76 55 66 4 0 1 0.06 M M 1.3 14 60 M M 1 19 260
13 62 50 56 -6 9 0 0.37 M M 7.7 21 230 M M 9 13 26 220
14 63 47 55 -7 10 0 T M M 8.8 22 220 M M 8 28 260
15 58 48 53 -9 12 0 0.04 M M 5.2 13 180 M M 8 17 190
16 63 47 55 -7 10 0 0.21 M M 4.0 14 190 M M 8 1 18 200
17 75 45 60 -3 5 0 0.01 M M 4.1 28 230 M M 4 13 36 220
18 78 50 64 1 1 0 0.00 M M 3.2 10 210 M M 2 14 210
19 83 54 69 6 0 4 0.00 M M 4.8 14 180 M M 1 20 230
20 76 59 68 5 0 3 0.08 M M 4.0 15 220 M M 7 21 260
21 77 59 68 4 0 3 0.00 M M 6.3 16 220 M M 5 20 220
22 82 53 68 4 0 3 0.00 M M 3.5 12 200 M M 0 16 220
23 89 55 72 8 0 7 0.00 M M 2.7 12 220 M M 0 16 220
24 90 60 75 11 0 10 T M M 4.8 22 220 M M 2 28 230
25 87 57 72 7 0 7 0.00 M M 2.6 12 220 M M 0 14 280
26 90 60 75 10 0 10 0.00 M M 8.3 20 220 M M 1 26 210
27 79 59 69 4 0 4 0.00 M M 9.5 21 230 M M 3 28 240
28 69 50 60 -6 5 0 0.14 M M 5.1 18 310 M M 5 36 310
29 78 48 63 -3 2 0 0.03 M M 4.6 16 150 M M 4 1 19 140
30 74 54 64 -2 1 0 0.03 M M 7.2 26 220 M M 9 3 31 220
================================================================================
SM 2222 1548 115 54 1.54 M 159.3 M 126
================================================================================
AV 74.1 51.6 5.3 FASTST M M 4 MAX(MPH)
MISC ----> # 28 230 # 36 220
================================================================================
NOTES:
# LAST OF SEVERAL OCCURRENCES
COLUMN 17 PEAK WIND IN M.P.H.
PRELIMINARY LOCAL CLIMATOLOGICAL DATA (WS FORM: F-6) , PAGE 2
STATION: SPOKANE WA FELTS AIRPORT
MONTH: JUNE
YEAR: 2020
LATITUDE: 47 40 N
LONGITUDE: 117 20 W
[TEMPERATURE DATA] [PRECIPITATION DATA] SYMBOLS USED IN COLUMN 16
AVERAGE MONTHLY: 62.8 TOTAL FOR MONTH: 1.54 1 = FOG OR MIST
DPTR FM NORMAL: 0.4 DPTR FM NORMAL: 0.17 2 = FOG REDUCING VISIBILITY
HIGHEST: 90 ON 26,24 GRTST 24HR 0.86 ON 31- 1 TO 1/4 MILE OR LESS
LOWEST: 44 ON 9 3 = THUNDER
SNOW, ICE PELLETS, HAIL 4 = ICE PELLETS
TOTAL MONTH: M 5 = HAIL
GRTST 24HR M ON M 6 = FREEZING RAIN OR DRIZZLE
GRTST DEPTH: M ON M 7 = DUSTSTORM OR SANDSTORM:
VSBY 1/2 MILE OR LESS
8 = SMOKE OR HAZE
[NO. OF DAYS WITH] [WEATHER - DAYS WITH] 9 = BLOWING SNOW
X = TORNADO
MAX 32 OR BELOW: 0 0.01 INCH OR MORE: 14
MAX 90 OR ABOVE: 2 0.10 INCH OR MORE: 6
MIN 32 OR BELOW: 0 0.50 INCH OR MORE: 0
MIN 0 OR BELOW: 0 1.00 INCH OR MORE: 0
[HDD (BASE 65) ]
TOTAL THIS MO. 115 CLEAR (SCALE 0-3) 14
DPTR FM NORMAL -3 PTCLDY (SCALE 4-7) 13
TOTAL FM JUL 1 5853 CLOUDY (SCALE 8-10) 3
DPTR FM NORMAL -440
[CDD (BASE 65) ]
TOTAL THIS MO. 54
DPTR FM NORMAL 14 [PRESSURE DATA]
TOTAL FM JAN 1 68 HIGHEST SLP M ON M
DPTR FM NORMAL 21 LOWEST SLP 29.54 ON 5
[REMARKS]
#FINAL-06-20#