000
CXUS55 KBYZ 011100
CF6SHR
PRELIMINARY LOCAL CLIMATOLOGICAL DATA (WS FORM: F-6)
STATION: SHERIDAN WY
MONTH: DECEMBER
YEAR: 2022
LATITUDE: 44 46 N
LONGITUDE: 106 58 W
TEMPERATURE IN F: :PCPN: SNOW: WIND :SUNSHINE: SKY :PK WND
================================================================================
1 2 3 4 5 6A 6B 7 8 9 10 11 12 13 14 15 16 17 18
12Z AVG MX 2MIN
DY MAX MIN AVG DEP HDD CDD WTR SNW DPTH SPD SPD DIR MIN PSBL S-S WX SPD DR
================================================================================
1 51 18 35 7 30 0 0.00 M M 6.4 35 300 M M 0 18 41 290
2 18 0 9 -18 56 0 0.21 M M 7.5 30 310 M M 5 18 36 320
3 25 -3 11 -16 54 0 0.00 M M 2.7 12 200 M M 0 12 200
4 34 3 19 -8 46 0 0.00 M M 4.2 15 290 M M 3 18 280
5 32 10 21 -5 44 0 0.03 M M 4.3 13 250 M M 5 18 17 240
6 35 12 24 -2 41 0 0.00 M M 6.3 17 250 M M 5 21 240
7 24 5 15 -11 50 0 0.00 M M 2.5 10 350 M M 5 128 11 350
8 38 4 21 -5 44 0 0.00 M M 2.3 10 300 M M 0 11 290
9 29 5 17 -8 48 0 0.00 M M 3.9 12 320 M M 1 14 210
10 26 9 18 -7 47 0 0.00 M M 3.8 10 190 M M 0 14 150
11 42 10 26 1 39 0 0.00 M M 2.1 10 190 M M 0 11 190
12 30 14 22 -2 43 0 0.06 M M 15.0 22 290 M M 7 18 25 290
13 19 13 16 -8 49 0 0.60 M M 13.4 24 340 M M 10 18 30 310
14 27 19 23 -1 42 0 0.01 M M 20.5 37 320 M M 10 18 45 310
15 25 15 20 -4 45 0 0.01 M M 25.5 35 310 M M 6 18 41 310
16 32 12 22 -2 43 0 0.00 M M 12.3 29 310 M M 5 35 310
17 36 6 21 -3 44 0 0.00 M M 5.4 18 280 M M 5 8 23 280
18 16 6 11 -13 54 0 T M M 7.1 18 290 M M 9 18 22 280
19 9 -2 4 -20 61 0 T M M 4.9 10 350 M M 9 8 13 250
20 4 -8 -2 -25 67 0 0.00 M M 3.5 12 320 M M 5 8 12 320
21 -6 -22 -14 -37 79 0 0.09 M M 15.3 28 320 M M 7 8 32 320
22 -5 -23 -14 -37 79 0 0.00 M M 6.2 18 310 M M 2 21 300
23 4 -23 -9 -32 74 0 0.00 M M 2.2 7 290 M M 5 8 290
24 36 3 20 -3 45 0 T M M 2.7 10 180 M M 6 11 180
25 50 22 36 13 29 0 T M M 14.8 47 290 M M 6 63 290
26 47 23 35 12 30 0 0.00 M M 3.1 9 340 M M 1 10 360
27 58 31 45 22 20 0 0.02 M M 7.7 29 240 M M 0 40 250
28 54 27 41 18 24 0 0.00 M M 6.0 21 220 M M 2 24 220
29 42 15 29 6 36 0 0.00 M M 3.7 9 330 M M 3 11 300
30 33 10 22 -1 43 0 0.00 M M 4.2 10 210 M M 1 12 210
31 42 20 31 8 34 0 T M M 3.8 12 190 M M 4 12 180
================================================================================
SM 907 231 1440 0 1.03 M 223.3 M 127
================================================================================
AV 29.3 7.5 7.2 FASTST M M 4 MAX(MPH)
MISC ----> 47 290 63 290
================================================================================
NOTES:
# LAST OF SEVERAL OCCURRENCES
COLUMN 17 PEAK WIND IN M.P.H.
PRELIMINARY LOCAL CLIMATOLOGICAL DATA (WS FORM: F-6) , PAGE 2
STATION: SHERIDAN WY
MONTH: DECEMBER
YEAR: 2022
LATITUDE: 44 46 N
LONGITUDE: 106 58 W
[TEMPERATURE DATA] [PRECIPITATION DATA] SYMBOLS USED IN COLUMN 16
AVERAGE MONTHLY: 18.4 TOTAL FOR MONTH: 1.03 1 = FOG OR MIST
DPTR FM NORMAL: -6.1 DPTR FM NORMAL: 0.49 2 = FOG REDUCING VISIBILITY
HIGHEST: 58 ON 27 GRTST 24HR 0.63 ON 12-13 TO 1/4 MILE OR LESS
LOWEST: -23 ON 23,22 3 = THUNDER
SNOW, ICE PELLETS, HAIL 4 = ICE PELLETS
TOTAL MONTH: M 5 = HAIL
GRTST 24HR M ON M 6 = FREEZING RAIN OR DRIZZLE
GRTST DEPTH: M ON M 7 = DUSTSTORM OR SANDSTORM:
VSBY 1/2 MILE OR LESS
8 = SMOKE OR HAZE
[NO. OF DAYS WITH] [WEATHER - DAYS WITH] 9 = BLOWING SNOW
X = TORNADO
MAX 32 OR BELOW: 17 0.01 INCH OR MORE: 8
MAX 90 OR ABOVE: 0 0.10 INCH OR MORE: 2
MIN 32 OR BELOW: 31 0.50 INCH OR MORE: 1
MIN 0 OR BELOW: 7 1.00 INCH OR MORE: 0
[HDD (BASE 65) ]
TOTAL THIS MO. 1440 CLEAR (SCALE 0-3) 11
DPTR FM NORMAL 183 PTCLDY (SCALE 4-7) 16
TOTAL FM JUL 1 3208 CLOUDY (SCALE 8-10) 4
DPTR FM NORMAL 118
[CDD (BASE 65) ]
TOTAL THIS MO. 0
DPTR FM NORMAL 0 [PRESSURE DATA]
TOTAL FM JAN 1 702 HIGHEST SLP 30.92 ON 22
DPTR FM NORMAL 260 LOWEST SLP 29.20 ON 27
[REMARKS]
#FINAL-12-22#