000
CXUS55 KBYZ 011100
CF6SHR
PRELIMINARY LOCAL CLIMATOLOGICAL DATA (WS FORM: F-6)
STATION: SHERIDAN WY
MONTH: NOVEMBER
YEAR: 2021
LATITUDE: 44 46 N
LONGITUDE: 106 58 W
TEMPERATURE IN F: :PCPN: SNOW: WIND :SUNSHINE: SKY :PK WND
================================================================================
1 2 3 4 5 6A 6B 7 8 9 10 11 12 13 14 15 16 17 18
12Z AVG MX 2MIN
DY MAX MIN AVG DEP HDD CDD WTR SNW DPTH SPD SPD DIR MIN PSBL S-S WX SPD DR
================================================================================
1 44 21 33 -6 32 0 0.00 M M 2.9 9 40 M M 4 11 50
2 55 17 36 -2 29 0 0.00 M M 1.1 6 200 M M 0 7 310
3 62 30 46 8 19 0 0.00 M M 2.2 12 290 M M 0 14 280
4 72 32 52 14 13 0 0.00 M M 6.3 17 280 M M 0 22 140
5 66 36 51 14 14 0 0.00 M M 10.8 29 270 M M 0 37 280
6 68 29 49 12 16 0 0.00 M M 4.7 14 200 M M 0 16 200
7 48 30 39 3 26 0 0.00 M M 5.5 21 310 M M 6 25 310
8 53 24 39 3 26 0 0.00 M M 2.3 8 310 M M 2 9 310
9 52 21 37 1 28 0 0.00 M M 5.0 20 340 M M 2 25 340
10 51 32 42 7 23 0 0.14 M M 16.4 33 290 M M 7 43 290
11 43 30 37 2 28 0 0.00 M M 18.7 33 310 M M 6 41 310
12 49 28 39 4 26 0 0.00 M M 4.3 15 280 M M 8 17 280
13 62 40 51 17 14 0 0.00 M M 15.4 43 320 M M 7 52 330
14 68 39 54 20 11 0 T M M 12.5 35 250 M M 4 46 260
15 74 49 62 28 3 0 0.00 M M 12.3 29 250 M M 0 37 230
16 68 26 47 14 18 0 0.00 M M 17.9 46 250 M M 5 58 240
17 38 15 27 -6 38 0 0.00 M M 16.3 31 320 M M 1 36 310
18 42 10 26 -6 39 0 0.00 M M 2.2 8 260 M M 0 10 350
19 52 23 38 6 27 0 0.00 M M 2.6 21 310 M M 6 32 310
20 45 28 37 5 28 0 0.01 M M 4.7 21 320 M M 6 24 320
21 49 22 36 5 29 0 0.00 M M 4.6 14 330 M M 1 16 330
22 67 25 46 15 19 0 0.00 M M 2.8 13 140 M M 0 17 130
23 57 25 41 11 24 0 T M M 5.9 25 290 M M 2 30 300
24 37 17 27 -3 38 0 T M M 9.3 30 300 M M 8 1 37 300
25 58 14 36 6 29 0 0.00 M M 2.8 10 200 M M 2 12 50
26 64 34 49 20 16 0 0.00 M M 6.7 20 290 M M 3 24 280
27 50 26 38 9 27 0 0.00 M M 5.1 14 280 M M 3 15 280
28 66 25 46 17 19 0 0.00 M M 4.3 21 230 M M 1 29 220
29 64 37 51 23 14 0 T M M 6.8 26 320 M M 3 31 320
30 54 27 41 13 24 0 0.00 M M 5.4 20 150 M M 2 27 150
================================================================================
SM 1678 812 697 0 0.15 M 217.8 M 89
================================================================================
AV 55.9 27.1 7.3 FASTST M M 3 MAX(MPH)
MISC ----> 46 250 58 240
================================================================================
NOTES:
# LAST OF SEVERAL OCCURRENCES
COLUMN 17 PEAK WIND IN M.P.H.
PRELIMINARY LOCAL CLIMATOLOGICAL DATA (WS FORM: F-6) , PAGE 2
STATION: SHERIDAN WY
MONTH: NOVEMBER
YEAR: 2021
LATITUDE: 44 46 N
LONGITUDE: 106 58 W
[TEMPERATURE DATA] [PRECIPITATION DATA] SYMBOLS USED IN COLUMN 16
AVERAGE MONTHLY: 41.5 TOTAL FOR MONTH: 0.15 1 = FOG OR MIST
DPTR FM NORMAL: 8.2 DPTR FM NORMAL: -0.61 2 = FOG REDUCING VISIBILITY
HIGHEST: 74 ON 15 GRTST 24HR 0.14 ON 10-10 TO 1/4 MILE OR LESS
LOWEST: 10 ON 18 3 = THUNDER
SNOW, ICE PELLETS, HAIL 4 = ICE PELLETS
TOTAL MONTH: M 5 = HAIL
GRTST 24HR M ON M 6 = FREEZING RAIN OR DRIZZLE
GRTST DEPTH: M ON M 7 = DUSTSTORM OR SANDSTORM:
VSBY 1/2 MILE OR LESS
8 = SMOKE OR HAZE
[NO. OF DAYS WITH] [WEATHER - DAYS WITH] 9 = BLOWING SNOW
X = TORNADO
MAX 32 OR BELOW: 0 0.01 INCH OR MORE: 2
MAX 90 OR ABOVE: 0 0.10 INCH OR MORE: 1
MIN 32 OR BELOW: 24 0.50 INCH OR MORE: 0
MIN 0 OR BELOW: 0 1.00 INCH OR MORE: 0
[HDD (BASE 65) ]
TOTAL THIS MO. 697 CLEAR (SCALE 0-3) 19
DPTR FM NORMAL -254 PTCLDY (SCALE 4-7) 11
TOTAL FM JUL 1 1333 CLOUDY (SCALE 8-10) 0
DPTR FM NORMAL -497
[CDD (BASE 65) ]
TOTAL THIS MO. 0
DPTR FM NORMAL 0 [PRESSURE DATA]
TOTAL FM JAN 1 693 HIGHEST SLP 30.50 ON 24
DPTR FM NORMAL 251 LOWEST SLP 29.36 ON 16
[REMARKS]
#FINAL-11-21#