000
CXUS54 KSHV 011400
CF6SHV
PRELIMINARY LOCAL CLIMATOLOGICAL DATA (WS FORM: F-6)
STATION: SHREVEPORT
MONTH: NOVEMBER
YEAR: 2020
LATITUDE: 32 28 N
LONGITUDE: 93 49 W
TEMPERATURE IN F: :PCPN: SNOW: WIND :SUNSHINE: SKY :PK WND
================================================================================
1 2 3 4 5 6A 6B 7 8 9 10 11 12 13 14 15 16 17 18
12Z AVG MX 2MIN
DY MAX MIN AVG DEP HDD CDD WTR SNW DPTH SPD SPD DIR MIN PSBL S-S WX SPD DR
================================================================================
1 76 46 61 0 4 0 0.00 0.0 0 6.6 20 10 M M 2 18 27 10
2 68 43 56 -5 9 0 0.00 0.0 0 4.2 13 80 M M 1 16 80
3 76 38 57 -4 8 0 0.00 0.0 0 2.4 8 180 M M 1 12 220
4 77 42 60 0 5 0 0.00 0.0 0 3.5 14 170 M M 4 17 160
5 79 46 63 3 2 0 0.00 0.0 0 3.4 12 160 M M 5 15 140
6 78 48 63 3 2 0 0.00 0.0 0 2.5 10 80 M M 0 18 14 120
7 80 52 66 7 0 1 0.00 0.0 0 3.6 12 100 M M 3 18 14 110
8 75 57 66 7 0 1 0.07 0.0 0 4.5 12 150 M M 6 128 23 340
9 80 68 74 15 0 9 0.05 0.0 0 7.5 15 140 M M 8 1 20 170
10 81 67 74 16 0 9 T 0.0 0 6.4 15 250 M M 7 12 18 250
11 78 54 66 8 0 1 0.00 0.0 0 6.9 13 340 M M 3 16 360
12 79 47 63 5 2 0 0.00 0.0 0 3.2 8 140 M M 0 11 140
13 78 53 66 9 0 1 0.00 0.0 0 5.2 12 110 M M 3 16 110
14 81 63 72 15 0 7 0.00 0.0 0 10.8 22 160 M M 8 28 160
15 75 43 59 3 6 0 0.02 0.0 0 9.2 30 340 M M 3 43 330
16 71 37 54 -2 11 0 0.00 0.0 0 1.8 10 120 M M 0 8 13 140
17 75 41 58 2 7 0 0.00 0.0 0 3.7 15 100 M M 0 19 90
18 73 40 57 1 8 0 0.00 0.0 0 4.9 17 140 M M 1 21 150
19 76 42 59 4 6 0 0.00 0.0 0 7.8 17 160 M M 0 22 160
20 76 56 66 11 0 1 0.00 0.0 0 4.2 10 140 M M 6 18 13 140
21 79 54 67 13 0 2 0.00 0.0 0 2.4 10 150 M M 5 18 16 140
22 77 52 65 11 0 0 0.01 0.0 0 7.5 20 10 M M 7 18 25 10
23 65 47 56 2 9 0 0.00 0.0 0 7.2 14 90 M M 5 19 60
24 72 46 59 6 6 0 0.05 0.0 0 9.7 20 170 M M 7 8 27 180
25 72 42 57 4 8 0 0.57 0.0 0 7.2 40 260 M M 3 138 60 280
26 71 39 55 2 10 0 0.00 0.0 0 4.5 13 110 M M 3 1 16 110
27 65 58 62 10 3 0 T 0.0 0 6.1 14 30 M M 10 18 18 30
28 59 52 56 4 9 0 0.00 0.0 0 9.2 15 40 M M 10 19 50
29 52 44 48 -4 17 0 0.31 0.0 0 10.4 21 310 M M 9 1 28 310
30 54 31 43 -8 22 0 0.00 0.0 0 13.0 23 330 M M 0 32 330
================================================================================
SM 2198 1448 154 32 1.08 0.0 179.5 M 120
================================================================================
AV 73.3 48.3 6.0 FASTST M M 4 MAX(MPH)
MISC ----> 40 260 60 280
================================================================================
NOTES:
# LAST OF SEVERAL OCCURRENCES
COLUMN 17 PEAK WIND IN M.P.H.
PRELIMINARY LOCAL CLIMATOLOGICAL DATA (WS FORM: F-6) , PAGE 2
STATION: SHREVEPORT
MONTH: NOVEMBER
YEAR: 2020
LATITUDE: 32 28 N
LONGITUDE: 93 49 W
[TEMPERATURE DATA] [PRECIPITATION DATA] SYMBOLS USED IN COLUMN 16
AVERAGE MONTHLY: 60.8 TOTAL FOR MONTH: 1.08 1 = FOG OR MIST
DPTR FM NORMAL: 4.4 DPTR FM NORMAL: -3.45 2 = FOG REDUCING VISIBILITY
HIGHEST: 81 ON 14,10 GRTST 24HR 0.62 ON 24-25 TO 1/4 MILE OR LESS
LOWEST: 31 ON 30 3 = THUNDER
SNOW, ICE PELLETS, HAIL 4 = ICE PELLETS
TOTAL MONTH: 0.0 INCH 5 = HAIL
GRTST 24HR 0.0 6 = FREEZING RAIN OR DRIZZLE
GRTST DEPTH: 0 7 = DUSTSTORM OR SANDSTORM:
VSBY 1/2 MILE OR LESS
8 = SMOKE OR HAZE
[NO. OF DAYS WITH] [WEATHER - DAYS WITH] 9 = BLOWING SNOW
X = TORNADO
MAX 32 OR BELOW: 0 0.01 INCH OR MORE: 7
MAX 90 OR ABOVE: 0 0.10 INCH OR MORE: 2
MIN 32 OR BELOW: 1 0.50 INCH OR MORE: 1
MIN 0 OR BELOW: 0 1.00 INCH OR MORE: 0
[HDD (BASE 65) ]
TOTAL THIS MO. 154 CLEAR (SCALE 0-3) 13
DPTR FM NORMAL -131 PTCLDY (SCALE 4-7) 14
TOTAL FM JUL 1 236 CLOUDY (SCALE 8-10) 3
DPTR FM NORMAL -135
[CDD (BASE 65) ]
TOTAL THIS MO. 32
DPTR FM NORMAL 7 [PRESSURE DATA]
TOTAL FM JAN 1 2641 HIGHEST SLP 30.55 ON 2
DPTR FM NORMAL 167 LOWEST SLP 29.77 ON 14
[REMARKS]
#FINAL-11-20#