000
CXUS56 KMFR 010930
CF6SIY
PRELIMINARY LOCAL CLIMATOLOGICAL DATA (WS FORM: F-6)
STATION: MONTAGUE CA
MONTH: MAY
YEAR: 2022
LATITUDE: 41 46 N
LONGITUDE: 122 28 W
TEMPERATURE IN F: :PCPN: SNOW: WIND :SUNSHINE: SKY :PK WND
================================================================================
1 2 3 4 5 6A 6B 7 8 9 10 11 12 13 14 15 16 17 18
12Z AVG MX 2MIN
DY MAX MIN AVG DEP HDD CDD WTR SNW DPTH SPD SPD DIR MIN PSBL S-S WX SPD DR
================================================================================
1 73 29 51 -2 14 0 0.00 M M 3.5 12 10 M M 0 12 330
2 57 38 48 -6 17 0 0.01 M M 12.0 32 290 M M 6 42 290
3 72 27 50 -4 15 0 0.00 M M 5.2 15 360 M M 0 19 360
4 85 35 60 6 5 0 0.00 M M 4.6 16 300 M M 0 22 300
5 65 50 58 4 7 0 0.02 M M 11.0 25 250 M M 8 33 250
6 72 42 57 2 8 0 T M M 17.2 38 240 M M 5 50 250
7 59 37 48 -7 17 0 T M M 9.2 26 260 M M 5 35 270
8 48 24 36 -19 29 0 0.02 M M 7.0 24 270 M M 6 1 33 270
9 49 30 40 -16 25 0 T M M 5.3 23 280 M M 8 28 280
10 54 32 43 -13 22 0 T M M 5.9 22 10 M M 6 29 10
11 62 24 43 -13 22 0 0.00 M M 5.2 15 260 M M 4 20 250
12 62 42 52 -4 13 0 0.00 M M 10.2 22 240 M M 7 29 240
13 69 32 51 -6 14 0 0.00 M M 4.9 21 260 M M 6 27 250
14 78 46 62 5 3 0 0.00 M M 4.4 15 220 M M 2 22 230
15 82 40 61 4 4 0 0.00 M M 7.7 25 250 M M 0 34 250
16 76 39 58 1 7 0 0.00 M M 9.7 21 10 M M 0 27 360
17 80 42 61 3 4 0 0.00 M M 7.7 18 10 M M 0 28 30
18 80 38 59 1 6 0 0.00 M M 8.8 25 280 M M 0 33 260
19 66 39 53 -5 12 0 0.00 M M 16.8 31 360 M M 0 41 360
20 70 34 52 -6 13 0 0.00 M M 10.5 22 360 M M 0 31 350
21 77 34 56 -2 9 0 0.00 M M 7.3 20 350 M M 0 25 10
22 77 40 59 0 6 0 0.00 M M 7.9 21 10 M M 0 27 20
23 81 38 60 1 5 0 0.00 M M 7.9 23 360 M M 0 30 360
24 85 40 63 4 2 0 0.00 M M 5.8 18 20 M M 0 25 360
25 91 46 69 10 0 4 0.00 M M 7.0 20 360 M M 0 26 10
26 85 50 68 8 0 3 0.00 M M 6.7 23 310 M M 1 32 280
27 72 49 61 1 4 0 0.00 M M 7.1 22 280 M M 5 28 290
28 68 41 55 -5 10 0 0.01 M M 11.0 30 230 M M 7 39 240
29 65 44 55 -5 10 0 0.00 M M 13.0 26 360 M M 7 35 20
30 65 34 50 -10 15 0 0.00 M M 10.4 21 360 M M 0 30 10
31 79 35 57 -3 8 0 0.00 M M 5.0 15 10 M M 0 21 10
================================================================================
SM 2204 1171 326 7 0.06 M 255.9 M 83
================================================================================
AV 71.1 37.8 8.3 FASTST M M 3 MAX(MPH)
MISC ----> 38 240 50 250
================================================================================
NOTES:
# LAST OF SEVERAL OCCURRENCES
COLUMN 17 PEAK WIND IN M.P.H.
PRELIMINARY LOCAL CLIMATOLOGICAL DATA (WS FORM: F-6) , PAGE 2
STATION: MONTAGUE CA
MONTH: MAY
YEAR: 2022
LATITUDE: 41 46 N
LONGITUDE: 122 28 W
[TEMPERATURE DATA] [PRECIPITATION DATA] SYMBOLS USED IN COLUMN 16
AVERAGE MONTHLY: 54.4 TOTAL FOR MONTH: 0.06 1 = FOG OR MIST
DPTR FM NORMAL: -2.8 DPTR FM NORMAL: -0.99 2 = FOG REDUCING VISIBILITY
HIGHEST: 91 ON 25 GRTST 24HR 0.02 ON 5- 5 TO 1/4 MILE OR LESS
LOWEST: 24 ON 11, 8 3 = THUNDER
SNOW, ICE PELLETS, HAIL 4 = ICE PELLETS
TOTAL MONTH: M 5 = HAIL
GRTST 24HR M ON M 6 = FREEZING RAIN OR DRIZZLE
GRTST DEPTH: M ON M 7 = DUSTSTORM OR SANDSTORM:
VSBY 1/2 MILE OR LESS
8 = SMOKE OR HAZE
[NO. OF DAYS WITH] [WEATHER - DAYS WITH] 9 = BLOWING SNOW
X = TORNADO
MAX 32 OR BELOW: 0 0.01 INCH OR MORE: 4
MAX 90 OR ABOVE: 1 0.10 INCH OR MORE: 0
MIN 32 OR BELOW: 7 0.50 INCH OR MORE: 0
MIN 0 OR BELOW: 0 1.00 INCH OR MORE: 0
[HDD (BASE 65) ]
TOTAL THIS MO. 326 CLEAR (SCALE 0-3) 18
DPTR FM NORMAL 68 PTCLDY (SCALE 4-7) 13
TOTAL FM JUL 1 5031 CLOUDY (SCALE 8-10) 0
DPTR FM NORMAL -8
[CDD (BASE 65) ]
TOTAL THIS MO. 7
DPTR FM NORMAL -9 [PRESSURE DATA]
TOTAL FM JAN 1 7 HIGHEST SLP M ON M
DPTR FM NORMAL -9 LOWEST SLP 29.75 ON 28
[REMARKS]
#FINAL-05-22#