000
CXUS56 KPQR 041454
CF6SLE
PRELIMINARY LOCAL CLIMATOLOGICAL DATA (WS FORM: F-6)
STATION: SALEM OR
MONTH: JANUARY
YEAR: 2023
LATITUDE: 44 55 N
LONGITUDE: 123 0 W
TEMPERATURE IN F: :PCPN: SNOW: WIND :SUNSHINE: SKY :PK WND
================================================================================
1 2 3 4 5 6A 6B 7 8 9 10 11 12 13 14 15 16 17 18
12Z AVG MX 2MIN
DY MAX MIN AVG DEP HDD CDD WTR SNW DPTH SPD SPD DIR MIN PSBL S-S WX SPD DR
================================================================================
1 47 32 40 -1 25 0 0.00 M M 2.3 10 270 M M 8 12 12 270
2 47 34 41 0 24 0 0.11 M M 6.5 25 180 M M 9 12 32 190
3 49 38 44 3 21 0 0.18 M M 5.9 14 180 M M 6 1 17 190
4 47 37 42 1 23 0 0.24 M M 4.8 13 20 M M 6 1 15 10
5 61 38 50 9 15 0 0.04 M M 9.9 30 190 M M 6 18 43 180
6 57 36 47 6 18 0 0.09 M M 3.3 17 200 M M 7 26 190
7 53 43 48 6 17 0 0.21 M M 3.0 15 200 M M 10 1 21 180
8 52 38 45 3 20 0 0.10 M M 8.9 28 190 M M 9 18 38 180
9 53 37 45 3 20 0 0.32 M M 9.5 25 180 M M 8 18 38 180
10 50 32 41 -1 24 0 0.06 M M 4.4 15 170 M M 5 1 19 180
11 51 37 44 2 21 0 0.50 M M 5.2 21 180 M M 8 1 28 180
12 53 45 49 7 16 0 0.12 M M 1.2 8 310 M M 10 1 9 320
13 54 47 51 9 14 0 0.21 M M 7.2 17 180 M M 10 1 22 170
14 55 41 48 6 17 0 0.09 M M 6.3 35 180 M M 7 1 47 180
15 54 44 49 7 16 0 0.73 M M 17.9 35 170 M M 9 18 48 160
16 51 39 45 3 20 0 0.01 M M 4.8 12 190 M M 8 8 15 190
17 49 40 45 3 20 0 0.01 M M 11.2 20 190 M M 10 23 190
18 50 39 45 3 20 0 0.24 M M 8.4 17 170 M M 10 12 25 170
19 48 34 41 -1 24 0 0.00 M M 2.6 9 200 M M 8 1 11 190
20 38 35 37 -5 28 0 0.00 M M 2.7 9 360 M M 10 1 11 360
21 46 34 40 -2 25 0 0.03 M M 8.1 18 190 M M 8 1 25 190
22 46 31 39 -4 26 0 0.00 M M 3.9 9 140 M M 7 12 140
23 49 32 41 -2 24 0 0.00 M M 2.5 9 360 M M 6 12 12 40
24 44 29 37 -6 28 0 0.00 M M 3.2 10 150 M M 7 12 12 150
25 44 32 38 -5 27 0 0.00 M M 1.6 9 20 M M 10 12 10 30
26 45 40 43 0 22 0 0.00 M M 3.2 10 200 M M 10 1 11 200
27 52 39 46 3 19 0 T M M 6.9 15 200 M M 10 1 20 170
28 48 36 42 -1 23 0 0.20 M M 6.0 16 10 M M 10 1 23 60
29 40 26 33 -10 32 0 0.00 M M 13.5 23 360 M M 0 31 10
30 41 21 31 -12 34 0 0.00 M M 5.9 13 340 M M 0 16 360
31 43 23 33 -10 32 0 0.00 M M 1.5 9 30 M M 0 12 350
================================================================================
SM 1517 1109 695 0 3.49 M 182.3 M 232
================================================================================
AV 48.9 35.8 5.9 FASTST M M 7 MAX(MPH)
MISC ----> # 35 180 48 160
================================================================================
NOTES:
# LAST OF SEVERAL OCCURRENCES
COLUMN 17 PEAK WIND IN M.P.H.
PRELIMINARY LOCAL CLIMATOLOGICAL DATA (WS FORM: F-6) , PAGE 2
STATION: SALEM OR
MONTH: JANUARY
YEAR: 2023
LATITUDE: 44 55 N
LONGITUDE: 123 0 W
[TEMPERATURE DATA] [PRECIPITATION DATA] SYMBOLS USED IN COLUMN 16
AVERAGE MONTHLY: 42.4 TOTAL FOR MONTH: 3.49 1 = FOG OR MIST
DPTR FM NORMAL: 0.3 DPTR FM NORMAL: -2.59 2 = FOG REDUCING VISIBILITY
HIGHEST: 61 ON 5 GRTST 24HR 0.73 ON 15-15 TO 1/4 MILE OR LESS
LOWEST: 21 ON 30 3 = THUNDER
SNOW, ICE PELLETS, HAIL 4 = ICE PELLETS
TOTAL MONTH: M 5 = HAIL
GRTST 24HR M ON M 6 = FREEZING RAIN OR DRIZZLE
GRTST DEPTH: M ON M 7 = DUSTSTORM OR SANDSTORM:
VSBY 1/2 MILE OR LESS
8 = SMOKE OR HAZE
[NO. OF DAYS WITH] [WEATHER - DAYS WITH] 9 = BLOWING SNOW
X = TORNADO
MAX 32 OR BELOW: 0 0.01 INCH OR MORE: 19
MAX 90 OR ABOVE: 0 0.10 INCH OR MORE: 12
MIN 32 OR BELOW: 9 0.50 INCH OR MORE: 2
MIN 0 OR BELOW: 0 1.00 INCH OR MORE: 0
[HDD (BASE 65) ]
TOTAL THIS MO. 695 CLEAR (SCALE 0-3) 3
DPTR FM NORMAL -15 PTCLDY (SCALE 4-7) 14
TOTAL FM JUL 1 2338 CLOUDY (SCALE 8-10) 14
DPTR FM NORMAL -114
[CDD (BASE 65) ]
TOTAL THIS MO. 0
DPTR FM NORMAL 0 [PRESSURE DATA]
TOTAL FM JAN 1 0 HIGHEST SLP 30.72 ON 25
DPTR FM NORMAL 0 LOWEST SLP 29.19 ON 14
[REMARKS]
#FINAL-01-23#