000
CXUS56 KPQR 011155
CF6SLE
PRELIMINARY LOCAL CLIMATOLOGICAL DATA (WS FORM: F-6)
STATION: SALEM OR
MONTH: AUGUST
YEAR: 2022
LATITUDE: 44 55 N
LONGITUDE: 123 0 W
TEMPERATURE IN F: :PCPN: SNOW: WIND :SUNSHINE: SKY :PK WND
================================================================================
1 2 3 4 5 6A 6B 7 8 9 10 11 12 13 14 15 16 17 18
12Z AVG MX 2MIN
DY MAX MIN AVG DEP HDD CDD WTR SNW DPTH SPD SPD DIR MIN PSBL S-S WX SPD DR
================================================================================
1 86 62 74 3 0 9 0.08 M M 5.4 13 290 M M 0 17 290
2 92 58 75 4 0 10 0.00 M M 3.0 9 270 M M 0 12 90
3 87 58 73 2 0 8 0.00 M M 5.6 16 270 M M 0 20 260
4 80 51 66 -4 0 1 0.00 M M 7.6 17 20 M M 2 22 10
5 85 54 70 0 0 5 0.00 M M 8.6 16 360 M M 0 21 340
6 93 53 73 3 0 8 0.00 M M 4.4 12 360 M M 0 15 350
7 100 57 79 9 0 14 0.00 M M 4.7 14 340 M M 0 18 350
8 83 56 70 0 0 5 0.00 M M 5.7 13 220 M M 0 17 210
9 87 57 72 2 0 7 0.06 M M 3.8 15 310 M M 2 3 18 310
10 79 60 70 0 0 5 T M M 6.6 16 270 M M 7 24 340
11 88 54 71 1 0 6 0.00 M M 4.2 16 270 M M 0 19 270
12 78 53 66 -4 0 1 0.00 M M 5.8 15 280 M M 0 21 210
13 82 55 69 -1 0 4 0.00 M M 5.9 13 10 M M 4 25 360
14 87 56 72 2 0 7 0.00 M M 5.7 13 310 M M 0 16 330
15 91 55 73 4 0 8 0.00 M M 5.0 15 310 M M 0 21 280
16 93 55 74 5 0 9 0.00 M M 6.7 17 350 M M 0 23 10
17 95 64 80 11 0 15 T M M 4.3 10 30 M M 0 14 20
18 89 64 77 8 0 12 0.00 M M 3.5 10 280 M M 0 8 13 270
19 85 62 74 5 0 9 0.00 M M 6.3 14 280 M M 1 8 17 280
20 82 61 72 3 0 7 0.00 M M 4.5 9 340 M M 5 18 13 60
21 91 55 73 4 0 8 0.00 M M 3.0 9 300 M M 1 18 14 290
22 89 59 74 6 0 9 0.00 M M 4.3 14 290 M M 3 17 270
23 89 59 74 6 0 9 0.00 M M 5.3 16 10 M M 1 22 330
24 92 56 74 6 0 9 0.00 M M 4.1 13 290 M M 0 16 270
25 94 60 77 9 0 12 0.00 M M 5.1 15 290 M M 0 21 280
26 83 59 71 3 0 6 0.00 M M 6.6 17 350 M M 4 21 10
27 74 58 66 -2 0 1 0.01 M M 6.1 15 10 M M 5 1 20 300
28 82 51 67 -1 0 2 0.00 M M 8.4 16 360 M M 0 21 360
29 92 57 75 7 0 10 0.00 M M 3.4 10 330 M M 0 15 10
30 97 59 78 10 0 13 0.00 M M 3.3 13 290 M M 0 16 270
31 93 60 77 10 0 12 0.00 M M 5.3 13 280 M M 0 8 15 280
================================================================================
SM 2718 1778 0 241 0.15 M 162.2 M 35
================================================================================
AV 87.7 57.4 5.2 FASTST M M 1 MAX(MPH)
MISC ----> # 17 20 25 360
================================================================================
NOTES:
# LAST OF SEVERAL OCCURRENCES
COLUMN 17 PEAK WIND IN M.P.H.
PRELIMINARY LOCAL CLIMATOLOGICAL DATA (WS FORM: F-6) , PAGE 2
STATION: SALEM OR
MONTH: AUGUST
YEAR: 2022
LATITUDE: 44 55 N
LONGITUDE: 123 0 W
[TEMPERATURE DATA] [PRECIPITATION DATA] SYMBOLS USED IN COLUMN 16
AVERAGE MONTHLY: 72.5 TOTAL FOR MONTH: 0.15 1 = FOG OR MIST
DPTR FM NORMAL: 3.3 DPTR FM NORMAL: -0.24 2 = FOG REDUCING VISIBILITY
HIGHEST: 100 ON 7 GRTST 24HR 0.08 ON 1- 1 TO 1/4 MILE OR LESS
LOWEST: 51 ON 28, 4 3 = THUNDER
SNOW, ICE PELLETS, HAIL 4 = ICE PELLETS
TOTAL MONTH: M 5 = HAIL
GRTST 24HR M ON M 6 = FREEZING RAIN OR DRIZZLE
GRTST DEPTH: M ON M 7 = DUSTSTORM OR SANDSTORM:
VSBY 1/2 MILE OR LESS
8 = SMOKE OR HAZE
[NO. OF DAYS WITH] [WEATHER - DAYS WITH] 9 = BLOWING SNOW
X = TORNADO
MAX 32 OR BELOW: 0 0.01 INCH OR MORE: 3
MAX 90 OR ABOVE: 12 0.10 INCH OR MORE: 0
MIN 32 OR BELOW: 0 0.50 INCH OR MORE: 0
MIN 0 OR BELOW: 0 1.00 INCH OR MORE: 0
[HDD (BASE 65) ]
TOTAL THIS MO. 0 CLEAR (SCALE 0-3) 26
DPTR FM NORMAL -16 PTCLDY (SCALE 4-7) 5
TOTAL FM JUL 1 1 CLOUDY (SCALE 8-10) 0
DPTR FM NORMAL -26
[CDD (BASE 65) ]
TOTAL THIS MO. 241
DPTR FM NORMAL 95 [PRESSURE DATA]
TOTAL FM JAN 1 552 HIGHEST SLP 30.19 ON 13
DPTR FM NORMAL 207 LOWEST SLP 29.79 ON 24
[REMARKS]
#FINAL-08-22#