000
CXUS53 KICT 032356
CF6SLN
PRELIMINARY LOCAL CLIMATOLOGICAL DATA (WS FORM: F-6)
STATION: SALINA KS
MONTH: NOVEMBER
YEAR: 2022
LATITUDE: 38 47 N
LONGITUDE: 97 39 W
TEMPERATURE IN F: :PCPN: SNOW: WIND :SUNSHINE: SKY :PK WND
================================================================================
1 2 3 4 5 6A 6B 7 8 9 10 11 12 13 14 15 16 17 18
12Z AVG MX 2MIN
DY MAX MIN AVG DEP HDD CDD WTR SNW DPTH SPD SPD DIR MIN PSBL S-S WX SPD DR
================================================================================
1 81 48 65 15 0 0 0.00 M M 13.9 25 170 M M 0 33 170
2 78 59 69 19 0 4 0.00 M M 21.6 36 170 M M 1 47 160
3 75 52 64 15 1 0 T M M 21.0 33 190 M M 2 44 190
4 52 37 45 -4 20 0 1.06 M M 17.7 30 350 M M 10 13 35 350
5 62 33 48 0 17 0 0.02 M M 14.0 28 200 M M 2 36 200
6 64 37 51 3 14 0 0.00 M M 9.0 22 20 M M 0 32 190
7 61 40 51 4 14 0 0.00 M M 11.2 25 110 M M 1 33 110
8 69 54 62 15 3 0 0.00 M M 16.9 28 170 M M 10 36 170
9 76 67 72 26 0 7 0.00 M M 21.6 33 190 M M 7 47 170
10 69 33 51 5 14 0 0.02 M M 19.7 38 310 M M 6 1 46 310
11 39 22 31 -15 34 0 0.00 M M 15.0 26 350 M M 0 33 350
12 35 16 26 -19 39 0 0.00 M M 5.9 13 330 M M 0 16 330
13 50 19 35 -10 30 0 0.00 M M 13.1 28 160 M M 0 35 170
14 39 25 32 -12 33 0 T M M 9.3 16 350 M M 8 18 19 330
15 43 16 30 -14 35 0 0.09 M M 7.0 20 290 M M 2 1 26 270
16 38 19 29 -14 36 0 0.00 M M 11.2 22 310 M M 1 27 310
17 44 22 33 -10 32 0 0.00 M M 10.3 24 340 M M 8 31 360
18 30 16 23 -19 42 0 0.00 M M 12.0 24 340 M M 1 29 340
19 40 16 28 -14 37 0 0.00 M M 12.1 30 330 M M 0 43 340
20 55 18 37 -5 28 0 0.00 M M 13.5 25 210 M M 0 33 200
21 57 22 40 -1 25 0 0.00 M M 4.6 14 200 M M 0 18 200
22 64 21 43 2 22 0 0.00 M M 6.8 16 200 M M 0 8 21 170
23 56 38 47 7 18 0 0.00 M M 10.2 21 160 M M 3 1 26 160
24 52 32 42 2 23 0 0.00 M M 10.9 22 360 M M 4 12 37 330
25 54 25 40 1 25 0 0.00 M M 5.6 12 300 M M 0 13 300
26 49 26 38 -1 27 0 0.05 M M 5.3 16 310 M M 4 20 310
27 49 28 39 0 26 0 0.01 M M 9.4 22 350 M M 3 30 360
28 56 24 40 2 25 0 0.00 M M 11.3 24 160 M M 0 30 170
29 51 20 36 -2 29 0 T M M 17.7 35 330 M M 5 18 43 350
30 36 15 26 -11 39 0 0.00 M M 5.6 13 170 M M 0 17 170
================================================================================
SM 1624 900 688 11 1.25 M 363.4 M 78
================================================================================
AV 54.1 30.0 12.1 FASTST M M 3 MAX(MPH)
MISC ----> 38 310 # 47 160
================================================================================
NOTES:
# LAST OF SEVERAL OCCURRENCES
COLUMN 17 PEAK WIND IN M.P.H.
PRELIMINARY LOCAL CLIMATOLOGICAL DATA (WS FORM: F-6) , PAGE 2
STATION: SALINA KS
MONTH: NOVEMBER
YEAR: 2022
LATITUDE: 38 47 N
LONGITUDE: 97 39 W
[TEMPERATURE DATA] [PRECIPITATION DATA] SYMBOLS USED IN COLUMN 16
AVERAGE MONTHLY: 42.1 TOTAL FOR MONTH: 1.25 1 = FOG OR MIST
DPTR FM NORMAL: -1.5 DPTR FM NORMAL: 0.03 2 = FOG REDUCING VISIBILITY
HIGHEST: 81 ON 1 GRTST 24HR 1.07 ON 4- 5 TO 1/4 MILE OR LESS
LOWEST: 15 ON 30 3 = THUNDER
SNOW, ICE PELLETS, HAIL 4 = ICE PELLETS
TOTAL MONTH: M 5 = HAIL
GRTST 24HR M ON M 6 = FREEZING RAIN OR DRIZZLE
GRTST DEPTH: M ON M 7 = DUSTSTORM OR SANDSTORM:
VSBY 1/2 MILE OR LESS
8 = SMOKE OR HAZE
[NO. OF DAYS WITH] [WEATHER - DAYS WITH] 9 = BLOWING SNOW
X = TORNADO
MAX 32 OR BELOW: 1 0.01 INCH OR MORE: 6
MAX 90 OR ABOVE: 0 0.10 INCH OR MORE: 1
MIN 32 OR BELOW: 19 0.50 INCH OR MORE: 1
MIN 0 OR BELOW: 0 1.00 INCH OR MORE: 1
[HDD (BASE 65) ]
TOTAL THIS MO. 688 CLEAR (SCALE 0-3) 20
DPTR FM NORMAL 45 PTCLDY (SCALE 4-7) 7
TOTAL FM JUL 1 935 CLOUDY (SCALE 8-10) 3
DPTR FM NORMAL -40
[CDD (BASE 65) ]
TOTAL THIS MO. 11
DPTR FM NORMAL 10 [PRESSURE DATA]
TOTAL FM JAN 1 1972 HIGHEST SLP 30.62 ON 18
DPTR FM NORMAL 349 LOWEST SLP 29.34 ON 29
[REMARKS]
#FINAL-11-22#