000
CXUS53 KICT 041519
CF6SLN
PRELIMINARY LOCAL CLIMATOLOGICAL DATA (WS FORM: F-6)
STATION: SALINA KS
MONTH: MARCH
YEAR: 2022
LATITUDE: 38 47 N
LONGITUDE: 97 39 W
TEMPERATURE IN F: :PCPN: SNOW: WIND :SUNSHINE: SKY :PK WND
================================================================================
1 2 3 4 5 6A 6B 7 8 9 10 11 12 13 14 15 16 17 18
12Z AVG MX 2MIN
DY MAX MIN AVG DEP HDD CDD WTR SNW DPTH SPD SPD DIR MIN PSBL S-S WX SPD DR
================================================================================
1 77 28 53 13 12 0 0.00 M M 4.1 17 320 M M 0 8 22 300
2 84 34 59 19 6 0 0.00 M M 5.5 14 330 M M 0 8 20 330
3 65 37 51 11 14 0 0.00 M M 9.3 16 30 M M 2 18 22 30
4 74 43 59 18 6 0 0.00 M M 17.1 32 160 M M 0 46 150
5 74 31 53 12 12 0 0.02 M M 24.1 37 200 M M 2 13 45 290
6 36 22 29 -13 36 0 0.35 M M 13.1 23 340 M M 4 128 28 330
7 39 15 27 -15 38 0 T M M 9.6 21 340 M M 1 1 31 310
8 44 14 29 -13 36 0 0.00 M M 7.7 18 320 M M 3 23 320
9 39 20 30 -13 35 0 T M M 12.7 24 10 M M 4 34 30
10 24 17 21 -22 44 0 0.30 M M 12.2 22 20 M M 9 12 29 50
11 34 12 23 -21 42 0 0.00 M M 6.8 15 320 M M 1 8 20 50
12 53 9 31 -13 34 0 0.00 M M 8.8 18 190 M M 0 27 170
13 70 30 50 6 15 0 0.00 M M 14.3 29 200 M M 0 39 190
14 64 38 51 6 14 0 0.00 M M 12.4 25 170 M M 1 34 160
15 63 29 46 1 19 0 0.00 M M 7.3 14 300 M M 0 19 330
16 75 36 56 11 9 0 0.00 M M 10.5 25 200 M M 0 32 200
17 60 37 49 3 16 0 0.12 M M 17.3 31 10 M M 4 1 45 20
18 54 34 44 -2 21 0 0.05 M M 17.9 32 360 M M 5 1 43 360
19 69 27 48 2 17 0 0.00 M M 4.9 15 320 M M 0 19 300
20 78 35 57 10 8 0 0.00 M M 17.3 30 190 M M 0 42 170
21 64 47 56 9 9 0 0.36 M M 14.5 26 180 M M 7 13 41 170
22 48 34 41 -7 24 0 0.58 M M 25.8 40 360 M M 9 1 55 350
23 42 35 39 -9 26 0 T M M 17.8 31 340 M M 7 40 340
24 49 30 40 -8 25 0 0.00 M M 8.5 16 310 M M 5 20 290
25 58 30 44 -5 21 0 T M M 11.5 24 360 M M 3 32 360
26 61 29 45 -4 20 0 0.00 M M 6.5 16 60 M M 1 22 70
27 56 35 46 -3 19 0 0.00 M M 11.4 17 70 M M 1 27 70
28 66 33 50 0 15 0 0.00 M M 11.1 21 120 M M 0 28 120
29 84 46 65 15 0 0 0.00 M M 16.0 38 170 M M 1 3 54 190
30 53 36 45 -5 20 0 0.00 M M 25.1 35 330 M M 9 42 330
31 53 30 42 -8 23 0 0.01 M M 11.8 23 320 M M 5 1 33 330
================================================================================
SM 1810 933 636 0 1.79 M 392.9 M 84
================================================================================
AV 58.4 30.1 12.7 FASTST M M 3 MAX(MPH)
MISC ----> 40 360 55 350
================================================================================
NOTES:
# LAST OF SEVERAL OCCURRENCES
COLUMN 17 PEAK WIND IN M.P.H.
PRELIMINARY LOCAL CLIMATOLOGICAL DATA (WS FORM: F-6) , PAGE 2
STATION: SALINA KS
MONTH: MARCH
YEAR: 2022
LATITUDE: 38 47 N
LONGITUDE: 97 39 W
[TEMPERATURE DATA] [PRECIPITATION DATA] SYMBOLS USED IN COLUMN 16
AVERAGE MONTHLY: 44.2 TOTAL FOR MONTH: 1.79 1 = FOG OR MIST
DPTR FM NORMAL: -1.1 DPTR FM NORMAL: -0.03 2 = FOG REDUCING VISIBILITY
HIGHEST: 84 ON 29, 2 GRTST 24HR 0.91 ON 21-22 TO 1/4 MILE OR LESS
LOWEST: 9 ON 12 3 = THUNDER
SNOW, ICE PELLETS, HAIL 4 = ICE PELLETS
TOTAL MONTH: M 5 = HAIL
GRTST 24HR M ON M 6 = FREEZING RAIN OR DRIZZLE
GRTST DEPTH: M ON M 7 = DUSTSTORM OR SANDSTORM:
VSBY 1/2 MILE OR LESS
8 = SMOKE OR HAZE
[NO. OF DAYS WITH] [WEATHER - DAYS WITH] 9 = BLOWING SNOW
X = TORNADO
MAX 32 OR BELOW: 1 0.01 INCH OR MORE: 8
MAX 90 OR ABOVE: 0 0.10 INCH OR MORE: 5
MIN 32 OR BELOW: 16 0.50 INCH OR MORE: 1
MIN 0 OR BELOW: 0 1.00 INCH OR MORE: 0
[HDD (BASE 65) ]
TOTAL THIS MO. 636 CLEAR (SCALE 0-3) 19
DPTR FM NORMAL 21 PTCLDY (SCALE 4-7) 9
TOTAL FM JUL 1 4042 CLOUDY (SCALE 8-10) 3
DPTR FM NORMAL -447
[CDD (BASE 65) ]
TOTAL THIS MO. 0
DPTR FM NORMAL -3 [PRESSURE DATA]
TOTAL FM JAN 1 0 HIGHEST SLP 30.45 ON 12
DPTR FM NORMAL -3 LOWEST SLP 29.22 ON 29
[REMARKS]
#FINAL-03-22#