000
CXUS56 KLOX 011155
CF6SMX
PRELIMINARY LOCAL CLIMATOLOGICAL DATA (WS FORM: F-6)
STATION: SANTA MARIA AIRPORT CA
MONTH: MAY
YEAR: 2021
LATITUDE: 34 54 N
LONGITUDE: 120 27 W
TEMPERATURE IN F: :PCPN: SNOW: WIND :SUNSHINE: SKY :PK WND
================================================================================
1 2 3 4 5 6A 6B 7 8 9 10 11 12 13 14 15 16 17 18
12Z AVG MX 2MIN
DY MAX MIN AVG DEP HDD CDD WTR SNW DPTH SPD SPD DIR MIN PSBL S-S WX SPD DR
================================================================================
1 64 49 57 -1 8 0 0.00 M M 11.2 28 300 M M 8 18 35 300
2 65 47 56 -2 9 0 0.00 M M 12.0 26 290 M M 3 18 32 290
3 71 43 57 -1 8 0 0.00 M M 5.8 16 310 M M 1 18 M M
4 76 46 61 3 4 0 0.00 M M 4.6 12 320 M M 0 18 M M
5 72 47 60 2 5 0 0.00 M M 4.6 14 290 M M 2 128 19 300
6 65 48 57 -1 8 0 0.00 M M 6.6 15 310 M M 7 12 19 310
7 63 46 55 -3 10 0 0.00 M M 11.7 30 290 M M 4 18 35 290
8 77 43 60 2 5 0 0.00 M M 6.9 23 310 M M 2 18 27 300
9 72 44 58 0 7 0 0.00 M M 6.6 16 330 M M 0 18 19 320
10 68 50 59 0 6 0 0.00 M M 5.8 16 320 M M 5 18 21 320
11 68 48 58 -1 7 0 0.00 M M 5.5 14 310 M M 6 18 17 310
12 70 51 61 2 4 0 0.00 M M 4.7 14 320 M M 8 1 M M
13 65 50 58 -1 7 0 0.00 M M 5.8 14 310 M M 8 1 17 280
14 64 49 57 -2 8 0 T M M 6.4 16 320 M M 9 1 22 320
15 62 50 56 -3 9 0 0.01 M M 8.8 14 300 M M 10 1 20 300
16 63 50 57 -2 8 0 0.00 M M 5.6 14 320 M M 10 M M
17 64 51 58 -1 7 0 0.00 M M 8.5 20 300 M M 7 20 300
18 67 51 59 0 6 0 0.00 M M 10.8 23 290 M M 4 18 31 300
19 65 47 56 -3 9 0 0.00 M M 15.2 31 300 M M 0 18 38 300
20 64 40 52 -7 13 0 0.00 M M 16.9 36 300 M M 0 178 45 290
21 60 43 52 -7 13 0 0.00 M M 12.1 23 290 M M 6 18 32 290
22 63 45 54 -6 11 0 0.00 M M 8.4 20 300 M M 4 18 24 320
23 63 47 55 -5 10 0 0.00 M M 9.7 23 290 M M 4 18 28 290
24 73 47 60 0 5 0 0.00 M M 7.1 22 300 M M 3 128 26 290
25 71 47 59 -1 6 0 0.00 M M 11.9 25 300 M M 2 18 35 310
26 66 49 58 -2 7 0 0.00 M M 6.9 15 330 M M 6 18 75 220
27 66 49 58 -2 7 0 0.00 M M 9.2 22 290 M M 5 18 27 300
28 63 49 56 -4 9 0 0.00 M M 11.3 24 300 M M 7 128 27 300
29 63 51 57 -3 8 0 0.00 M M 12.3 25 290 M M 8 1 31 290
30 67 50 59 -1 6 0 0.00 M M 5.7 15 290 M M 6 18 18 290
31 70 48 59 -1 6 0 0.00 M M 5.1 15 330 M M 4 128 18 320
================================================================================
SM 2070 1475 236 0 0.01 M 263.5 M 149
================================================================================
AV 66.8 47.6 8.5 FASTST M M 5 MAX(MPH)
MISC ----> 36 300 75 220
================================================================================
NOTES:
# LAST OF SEVERAL OCCURRENCES
COLUMN 17 PEAK WIND IN M.P.H.
PRELIMINARY LOCAL CLIMATOLOGICAL DATA (WS FORM: F-6) , PAGE 2
STATION: SANTA MARIA AIRPORT CA
MONTH: MAY
YEAR: 2021
LATITUDE: 34 54 N
LONGITUDE: 120 27 W
[TEMPERATURE DATA] [PRECIPITATION DATA] SYMBOLS USED IN COLUMN 16
AVERAGE MONTHLY: 57.2 TOTAL FOR MONTH: 0.01 1 = FOG OR MIST
DPTR FM NORMAL: -1.8 DPTR FM NORMAL: -0.35 2 = FOG REDUCING VISIBILITY
HIGHEST: 77 ON 8 GRTST 24HR 0.01 ON 14-15 TO 1/4 MILE OR LESS
LOWEST: 40 ON 20 3 = THUNDER
SNOW, ICE PELLETS, HAIL 4 = ICE PELLETS
TOTAL MONTH: M 5 = HAIL
GRTST 24HR M ON M 6 = FREEZING RAIN OR DRIZZLE
GRTST DEPTH: M ON M 7 = DUSTSTORM OR SANDSTORM:
VSBY 1/2 MILE OR LESS
8 = SMOKE OR HAZE
[NO. OF DAYS WITH] [WEATHER - DAYS WITH] 9 = BLOWING SNOW
X = TORNADO
MAX 32 OR BELOW: 0 0.01 INCH OR MORE: 1
MAX 90 OR ABOVE: 0 0.10 INCH OR MORE: 0
MIN 32 OR BELOW: 0 0.50 INCH OR MORE: 0
MIN 0 OR BELOW: 0 1.00 INCH OR MORE: 0
[HDD (BASE 65) ]
TOTAL THIS MO. 236 CLEAR (SCALE 0-3) 8
DPTR FM NORMAL 42 PTCLDY (SCALE 4-7) 20
TOTAL FM JUL 1 2380 CLOUDY (SCALE 8-10) 3
DPTR FM NORMAL 13
[CDD (BASE 65) ]
TOTAL THIS MO. 0
DPTR FM NORMAL -8 [PRESSURE DATA]
TOTAL FM JAN 1 8 HIGHEST SLP 30.20 ON 23
DPTR FM NORMAL -8 LOWEST SLP 29.86 ON 2
[REMARKS]
#FINAL-05-21#