000
CXUS56 KLOX 011725
CF6SMX
PRELIMINARY LOCAL CLIMATOLOGICAL DATA (WS FORM: F-6)
STATION: SANTA MARIA AIRPORT CA
MONTH: AUGUST
YEAR: 2020
LATITUDE: 34 54 N
LONGITUDE: 120 27 W
TEMPERATURE IN F: :PCPN: SNOW: WIND :SUNSHINE: SKY :PK WND
================================================================================
1 2 3 4 5 6A 6B 7 8 9 10 11 12 13 14 15 16 17 18
12Z AVG MX 2MIN
DY MAX MIN AVG DEP HDD CDD WTR SNW DPTH SPD SPD DIR MIN PSBL S-S WX SPD DR
================================================================================
1 75 52 64 0 1 0 0.00 0.0 0 6.0 15 310 M M 4 128 20 310
2 77 53 65 1 0 0 0.00 0.0 0 5.8 16 290 M M 4 128 22 290
3 76 52 64 0 1 0 0.00 0.0 0 6.7 16 310 M M 0 18 20 300
4 69 53 61 -3 4 0 0.00 0.0 0 8.6 23 290 M M 6 18 27 290
5 70 56 63 -1 2 0 T 0.0 0 11.5 25 300 M M 6 1 M M
6 67 55 61 -3 4 0 0.00 0.0 0 7.8 16 300 M M 10 12 28 320
7 71 54 63 -1 2 0 0.00 0.0 0 7.7 18 300 M M 7 128 23 300
8 73 57 65 1 0 0 0.00 0.0 0 5.6 14 290 M M 4 18 29 320
9 74 54 64 0 1 0 0.00 0.0 0 5.3 14 330 M M 3 18 31 330
10 71 55 63 -1 2 0 0.00 0.0 0 5.5 15 330 M M 6 12 20 340
11 72 55 64 0 1 0 0.00 0.0 0 6.0 14 300 M M 5 1 22 300
12 74 53 64 0 1 0 0.00 0.0 0 4.0 15 240 M M 5 128 26 220
13 93 56 75 11 0 10 T 0.0 0 4.7 25 330 M M 6 1238 31 330
14 89 64 77 13 0 12 0.00 0.0 0 5.4 M M M M 0 8 18 320
15 89 62 76 12 0 11 0.05 0.0 0 3.6 16 30 M M 3 38 19 290
16 88 61 75 11 0 10 0.00 0.0 0 4.9 M M M M 0 18 M M
17 89 61 75 11 0 10 0.00 0.0 0 5.4 16 290 M M 1 18 22 290
18 88 60 74 10 0 9 0.00 0.0 0 3.8 16 180 M M 2 8 20 160
19 84 61 73 9 0 8 0.00 0.0 0 4.0 12 330 M M 2 8 14 300
20 72 58 65 1 0 0 0.00 0.0 0 5.4 13 290 M M 5 8 17 300
21 80 55 68 4 0 3 0.00 0.0 0 4.1 M M M M 7 18 32 330
22 85 58 72 8 0 7 0.00 0.0 0 3.7 12 300 M M 6 18 22 310
23 81 60 71 7 0 6 0.00 0.0 0 4.2 12 290 M M 6 18 M M
24 78 59 69 5 0 4 0.00 0.0 0 5.4 18 310 M M 3 128 22 320
25 76 59 68 4 0 3 0.00 0.0 0 5.8 17 300 M M 8 12 21 320
26 71 56 64 0 1 0 0.00 0.0 0 8.1 18 300 M M 7 128 23 300
27 69 54 62 -2 3 0 0.00 0.0 0 8.3 18 300 M M 6 18 27 320
28 71 56 64 0 1 0 0.00 0.0 0 5.8 14 320 M M 7 18 M M
29 71 54 63 -1 2 0 0.00 0.0 0 5.7 14 340 M M 7 1 M M
30 72 56 64 0 1 0 0.00 0.0 0 4.4 14 310 M M 6 1 17 310
31 74 56 65 1 0 0 0.00 0.0 0 4.7 14 320 M M 7 1 M M
================================================================================
SM 2389 1755 27 93 0.05 0.0 177.9 M 149
================================================================================
AV 77.1 56.6 5.7 FASTST M M 5 MAX(MPH)
MISC ----> # 25 300 # 32 330
================================================================================
NOTES:
# LAST OF SEVERAL OCCURRENCES
COLUMN 17 PEAK WIND IN M.P.H.
PRELIMINARY LOCAL CLIMATOLOGICAL DATA (WS FORM: F-6) , PAGE 2
STATION: SANTA MARIA AIRPORT CA
MONTH: AUGUST
YEAR: 2020
LATITUDE: 34 54 N
LONGITUDE: 120 27 W
[TEMPERATURE DATA] [PRECIPITATION DATA] SYMBOLS USED IN COLUMN 16
AVERAGE MONTHLY: 66.8 TOTAL FOR MONTH: 0.05 1 = FOG OR MIST
DPTR FM NORMAL: 3.1 DPTR FM NORMAL: 0.03 2 = FOG REDUCING VISIBILITY
HIGHEST: 93 ON 13 GRTST 24HR 0.05 ON 15-15 TO 1/4 MILE OR LESS
LOWEST: 52 ON 3, 1 3 = THUNDER
SNOW, ICE PELLETS, HAIL 4 = ICE PELLETS
TOTAL MONTH: 0.0 INCH 5 = HAIL
GRTST 24HR 0.0 6 = FREEZING RAIN OR DRIZZLE
GRTST DEPTH: 0 7 = DUSTSTORM OR SANDSTORM:
VSBY 1/2 MILE OR LESS
8 = SMOKE OR HAZE
[NO. OF DAYS WITH] [WEATHER - DAYS WITH] 9 = BLOWING SNOW
X = TORNADO
MAX 32 OR BELOW: 0 0.01 INCH OR MORE: 1
MAX 90 OR ABOVE: 1 0.10 INCH OR MORE: 0
MIN 32 OR BELOW: 0 0.50 INCH OR MORE: 0
MIN 0 OR BELOW: 0 1.00 INCH OR MORE: 0
[HDD (BASE 65) ]
TOTAL THIS MO. 27 CLEAR (SCALE 0-3) 9
DPTR FM NORMAL -34 PTCLDY (SCALE 4-7) 21
TOTAL FM JUL 1 60 CLOUDY (SCALE 8-10) 1
DPTR FM NORMAL -76
[CDD (BASE 65) ]
TOTAL THIS MO. 93
DPTR FM NORMAL 73 [PRESSURE DATA]
TOTAL FM JAN 1 154 HIGHEST SLP 30.04 ON 4
DPTR FM NORMAL 99 LOWEST SLP 29.76 ON 20
[REMARKS]
#FINAL-08-20#